('b79a44dde5b7d4dc2c426ac3f46d318f',0,1,1674914874,'joomla|s:4812:\"[encoded data, 4812 characters]\";',0,''),('bb7a8cc783c36bb9c7222e6395812b28',0,1,1674926603,'joomla|s:14100:\"[encoded data, 14100 characters]\";',0,''),('bba8b718fb124f0f7f8bda9f7c57ccc9',0,1,1674920996,'joomla|s:3352:\"TzoyNDoiSm9vbWxhXFJlZ2lzdHJ5XFJlZ2lzdHJ5IjozOntzOjc6IgAqAGRhdGEiO086ODoic3RkQ2xhc3MiOjE6e3M6OToiX19kZWZhdWx0IjtPOjg6InN0ZENsYXNzIjo0OntzOjc6InNlc3Npb24iO086ODoic3RkQ2xhc3MiOjI6e3M6NzoiY291bnRlciI7aToxO3M6NToidGltZXIiO086ODoic3RkQ2xhc3MiOjM6e3M6NToic3RhcnQiO2k6MTY3NDkyMDk5NjtzOjQ6Imxhc3QiO2k6MTY3NDkyMDk5NjtzOjM6Im5vdyI7aToxNjc0OTIwOTk2O319czo4OiJyZWdpc3RyeSI7TzoyNDoiSm9vbWxhXFJlZ2lzdHJ5XFJlZ2lzdHJ5IjozOntzOjc6IgAqAGRhdGEiO086ODoic3RkQ2xhc3MiOjA6e31zOjE0OiIAKgBpbml0aWFsaXplZCI7YjowO3M6OToic2VwYXJhdG9yIjtzOjE6Ii4iO31zOjQ6InVzZXIiO086MjA6Ikpvb21sYVxDTVNcVXNlclxVc2VyIjoxOntzOjI6ImlkIjtpOjA7fXM6NjoiZmFicmlrIjtPOjg6InN0ZENsYXNzIjoxOntzOjI6ImpzIjtPOjg6InN0ZENsYXNzIjo2OntzOjc6InNjcmlwdHMiO047czo4OiJjYWNoZWlkcyI7TjtzOjQ6ImhlYWQiO086ODoic3RkQ2xhc3MiOjI6e3M6Nzoic2NyaXB0cyI7TjtzOjU6ImNhY2hlIjtPOjg6InN0ZENsYXNzIjoxOntzOjMyOiJjMWM5ZjM5NWE2NDNjM2IxYzIzOTgwZDFlYzU1NWNhNiI7czoxNzUxOiJ7IlwvbWVkaWFcL2p1aVwvanNcL2pxdWVyeS5taW4uanMiOnsidHlwZSI6InRleHRcL2phdmFzY3JpcHQiLCJvcHRpb25zIjp7InZlcnNpb24iOiJhdXRvIiwicmVsYXRpdmUiOnRydWUsImRldGVjdERlYnVnIjpmYWxzZSwiZnJhbWV3b3JrIjpmYWxzZSwicGF0aE9ubHkiOmZhbHNlLCJkZXRlY3RCcm93c2VyIjp0cnVlfX0sIlwvbWVkaWFcL2p1aVwvanNcL2pxdWVyeS1ub2NvbmZsaWN0LmpzIjp7InR5cGUiOiJ0ZXh0XC9qYXZhc2NyaXB0Iiwib3B0aW9ucyI6eyJ2ZXJzaW9uIjoiYXV0byIsInJlbGF0aXZlIjp0cnVlLCJmcmFtZXdvcmsiOmZhbHNlLCJwYXRoT25seSI6ZmFsc2UsImRldGVjdEJyb3dzZXIiOnRydWUsImRldGVjdERlYnVnIjp0cnVlfX0sIlwvbWVkaWFcL2p1aVwvanNcL2pxdWVyeS1taWdyYXRlLm1pbi5qcyI6eyJ0eXBlIjoidGV4dFwvamF2YXNjcmlwdCIsIm9wdGlvbnMiOnsidmVyc2lvbiI6ImF1dG8iLCJyZWxhdGl2ZSI6dHJ1ZSwiZGV0ZWN0RGVidWciOmZhbHNlLCJmcmFtZXdvcmsiOmZhbHNlLCJwYXRoT25seSI6ZmFsc2UsImRldGVjdEJyb3dzZXIiOnRydWV9fSwiXC9tZWRpYVwvc3lzdGVtXC9qc1wvY2FwdGlvbi5qcyI6eyJ0eXBlIjoidGV4dFwvamF2YXNjcmlwdCIsIm9wdGlvbnMiOnsidmVyc2lvbiI6ImF1dG8iLCJyZWxhdGl2ZSI6dHJ1ZSwiZnJhbWV3b3JrIjpmYWxzZSwicGF0aE9ubHkiOmZhbHNlLCJkZXRlY3RCcm93c2VyIjp0cnVlLCJkZXRlY3REZWJ1ZyI6dHJ1ZX19LCJcL21lZGlhXC9qdWlcL2pzXC9ib290c3RyYXAuanMiOnsidHlwZSI6InRleHRcL2phdmFzY3JpcHQiLCJvcHRpb25zIjpbXX0sIlwvdGVtcGxhdGVzXC90aGVtZTE0ODBcL2pzXC9qcXVlcnkuZWFzaW5nLjEuMy5qcyI6eyJ0eXBlIjoidGV4dFwvamF2YXNjcmlwdCIsIm9wdGlvbnMiOltdfSwiXC90ZW1wbGF0ZXNcL3RoZW1lMTQ4MFwvanNcL2pxdWVyeS5pc290b3BlLm1pbi5qcyI6eyJ0eXBlIjoidGV4dFwvamF2YXNjcmlwdCIsIm9wdGlvbnMiOltdfSwiXC90ZW1wbGF0ZXNcL3RoZW1lMTQ4MFwvanNcL3RvdWNoLmdhbGxlcnkuanMiOnsidHlwZSI6InRleHRcL2phdmFzY3JpcHQiLCJvcHRpb25zIjpbXX0sIlwvdGVtcGxhdGVzXC90aGVtZTE0ODBcL2pzXC9zY3JpcHRzLmpzIjp7InR5cGUiOiJ0ZXh0XC9qYXZhc2NyaXB0Iiwib3B0aW9ucyI6W119LCJodHRwOlwvXC9lLWFub2Rvcy5nclwvbW9kdWxlc1wvbW9kX3N1cGVyZmlzaF9tZW51XC9qc1wvc3VwZXJmaXNoLmpzIjp7InR5cGUiOiJ0ZXh0XC9qYXZhc2NyaXB0Iiwib3B0aW9ucyI6W119LCJodHRwOlwvXC9lLWFub2Rvcy5nclwvbW9kdWxlc1wvbW9kX3N1cGVyZmlzaF9tZW51XC9qc1wvanF1ZXJ5Lm1vYmlsZW1lbnUuanMiOnsidHlwZSI6InRleHRcL2phdmFzY3JpcHQiLCJvcHRpb25zIjpbXX0sImh0dHA6XC9cL2UtYW5vZG9zLmdyXC9tb2R1bGVzXC9tb2Rfc3VwZXJmaXNoX21lbnVcL2pzXC9qcXVlcnkuaG92ZXJJbnRlbnQuanMiOnsidHlwZSI6InRleHRcL2phdmFzY3JpcHQiLCJvcHRpb25zIjpbXX0sImh0dHA6XC9cL2UtYW5vZG9zLmdyXC9tb2R1bGVzXC9tb2Rfc3VwZXJmaXNoX21lbnVcL2pzXC9zdXBlcnN1YnMuanMiOnsidHlwZSI6InRleHRcL2phdmFzY3JpcHQiLCJvcHRpb25zIjpbXX0sImh0dHA6XC9cL2UtYW5vZG9zLmdyXC9tb2R1bGVzXC9tb2Rfc3VwZXJmaXNoX21lbnVcL2pzXC9zZnRvdWNoc2NyZWVuLmpzIjp7InR5cGUiOiJ0ZXh0XC9qYXZhc2NyaXB0Iiwib3B0aW9ucyI6W119fSI7fX1zOjY6ImNvbmZpZyI7TjtzOjQ6InNoaW0iO047czo4OiJqbGF5b3V0cyI7Tjt9fX19czoxNDoiACoAaW5pdGlhbGl6ZWQiO2I6MDtzOjk6InNlcGFyYXRvciI7czoxOiIuIjt9\";',0,''),('bdb99e32acfa5f1f71f4f739d3c7fe75',0,1,1674922859,'joomla|s:3388:\"TzoyNDoiSm9vbWxhXFJlZ2lzdHJ5XFJlZ2lzdHJ5IjozOntzOjc6IgAqAGRhdGEiO086ODoic3RkQ2xhc3MiOjE6e3M6OToiX19kZWZhdWx0IjtPOjg6InN0ZENsYXNzIjo0OntzOjc6InNlc3Npb24iO086ODoic3RkQ2xhc3MiOjI6e3M6NzoiY291bnRlciI7aToxO3M6NToidGltZXIiO086ODoic3RkQ2xhc3MiOjM6e3M6NToic3RhcnQiO2k6MTY3NDkyMjg1ODtzOjQ6Imxhc3QiO2k6MTY3NDkyMjg1ODtzOjM6Im5vdyI7aToxNjc0OTIyODU4O319czo4OiJyZWdpc3RyeSI7TzoyNDoiSm9vbWxhXFJlZ2lzdHJ5XFJlZ2lzdHJ5IjozOntzOjc6IgAqAGRhdGEiO086ODoic3RkQ2xhc3MiOjA6e31zOjE0OiIAKgBpbml0aWFsaXplZCI7YjowO3M6OToic2VwYXJhdG9yIjtzOjE6Ii4iO31zOjQ6InVzZXIiO086MjA6Ikpvb21sYVxDTVNcVXNlclxVc2VyIjoxOntzOjI6ImlkIjtpOjA7fXM6NjoiZmFicmlrIjtPOjg6InN0ZENsYXNzIjoxOntzOjI6ImpzIjtPOjg6InN0ZENsYXNzIjo2OntzOjc6InNjcmlwdHMiO047czo4OiJjYWNoZWlkcyI7TjtzOjQ6ImhlYWQiO086ODoic3RkQ2xhc3MiOjI6e3M6Nzoic2NyaXB0cyI7TjtzOjU6ImNhY2hlIjtPOjg6InN0ZENsYXNzIjoxOntzOjMyOiJjOWVlYjIyNGViZjNlMTc1MDU2YjUzMWU5MGY2ZGVhMyI7czoxNzc2OiJ7IlwvbWVkaWFcL2p1aVwvanNcL2pxdWVyeS5taW4uanMiOnsidHlwZSI6InRleHRcL2phdmFzY3JpcHQiLCJvcHRpb25zIjp7InZlcnNpb24iOiJhdXRvIiwicmVsYXRpdmUiOnRydWUsImRldGVjdERlYnVnIjpmYWxzZSwiZnJhbWV3b3JrIjpmYWxzZSwicGF0aE9ubHkiOmZhbHNlLCJkZXRlY3RCcm93c2VyIjp0cnVlfX0sIlwvbWVkaWFcL2p1aVwvanNcL2pxdWVyeS1ub2NvbmZsaWN0LmpzIjp7InR5cGUiOiJ0ZXh0XC9qYXZhc2NyaXB0Iiwib3B0aW9ucyI6eyJ2ZXJzaW9uIjoiYXV0byIsInJlbGF0aXZlIjp0cnVlLCJmcmFtZXdvcmsiOmZhbHNlLCJwYXRoT25seSI6ZmFsc2UsImRldGVjdEJyb3dzZXIiOnRydWUsImRldGVjdERlYnVnIjp0cnVlfX0sIlwvbWVkaWFcL2p1aVwvanNcL2pxdWVyeS1taWdyYXRlLm1pbi5qcyI6eyJ0eXBlIjoidGV4dFwvamF2YXNjcmlwdCIsIm9wdGlvbnMiOnsidmVyc2lvbiI6ImF1dG8iLCJyZWxhdGl2ZSI6dHJ1ZSwiZGV0ZWN0RGVidWciOmZhbHNlLCJmcmFtZXdvcmsiOmZhbHNlLCJwYXRoT25seSI6ZmFsc2UsImRldGVjdEJyb3dzZXIiOnRydWV9fSwiXC9tZWRpYVwvc3lzdGVtXC9qc1wvY2FwdGlvbi5qcyI6eyJ0eXBlIjoidGV4dFwvamF2YXNjcmlwdCIsIm9wdGlvbnMiOnsidmVyc2lvbiI6ImF1dG8iLCJyZWxhdGl2ZSI6dHJ1ZSwiZnJhbWV3b3JrIjpmYWxzZSwicGF0aE9ubHkiOmZhbHNlLCJkZXRlY3RCcm93c2VyIjp0cnVlLCJkZXRlY3REZWJ1ZyI6dHJ1ZX19LCJcL21lZGlhXC9qdWlcL2pzXC9ib290c3RyYXAuanMiOnsidHlwZSI6InRleHRcL2phdmFzY3JpcHQiLCJvcHRpb25zIjpbXX0sIlwvdGVtcGxhdGVzXC90aGVtZTE0ODBcL2pzXC9qcXVlcnkuZWFzaW5nLjEuMy5qcyI6eyJ0eXBlIjoidGV4dFwvamF2YXNjcmlwdCIsIm9wdGlvbnMiOltdfSwiXC90ZW1wbGF0ZXNcL3RoZW1lMTQ4MFwvanNcL2pxdWVyeS5pc290b3BlLm1pbi5qcyI6eyJ0eXBlIjoidGV4dFwvamF2YXNjcmlwdCIsIm9wdGlvbnMiOltdfSwiXC90ZW1wbGF0ZXNcL3RoZW1lMTQ4MFwvanNcL3RvdWNoLmdhbGxlcnkuanMiOnsidHlwZSI6InRleHRcL2phdmFzY3JpcHQiLCJvcHRpb25zIjpbXX0sIlwvdGVtcGxhdGVzXC90aGVtZTE0ODBcL2pzXC9zY3JpcHRzLmpzIjp7InR5cGUiOiJ0ZXh0XC9qYXZhc2NyaXB0Iiwib3B0aW9ucyI6W119LCJodHRwczpcL1wvd3d3LmUtYW5vZG9zLmdyXC9tb2R1bGVzXC9tb2Rfc3VwZXJmaXNoX21lbnVcL2pzXC9zdXBlcmZpc2guanMiOnsidHlwZSI6InRleHRcL2phdmFzY3JpcHQiLCJvcHRpb25zIjpbXX0sImh0dHBzOlwvXC93d3cuZS1hbm9kb3MuZ3JcL21vZHVsZXNcL21vZF9zdXBlcmZpc2hfbWVudVwvanNcL2pxdWVyeS5tb2JpbGVtZW51LmpzIjp7InR5cGUiOiJ0ZXh0XC9qYXZhc2NyaXB0Iiwib3B0aW9ucyI6W119LCJodHRwczpcL1wvd3d3LmUtYW5vZG9zLmdyXC9tb2R1bGVzXC9tb2Rfc3VwZXJmaXNoX21lbnVcL2pzXC9qcXVlcnkuaG92ZXJJbnRlbnQuanMiOnsidHlwZSI6InRleHRcL2phdmFzY3JpcHQiLCJvcHRpb25zIjpbXX0sImh0dHBzOlwvXC93d3cuZS1hbm9kb3MuZ3JcL21vZHVsZXNcL21vZF9zdXBlcmZpc2hfbWVudVwvanNcL3N1cGVyc3Vicy5qcyI6eyJ0eXBlIjoidGV4dFwvamF2YXNjcmlwdCIsIm9wdGlvbnMiOltdfSwiaHR0cHM6XC9cL3d3dy5lLWFub2Rvcy5nclwvbW9kdWxlc1wvbW9kX3N1cGVyZmlzaF9tZW51XC9qc1wvc2Z0b3VjaHNjcmVlbi5qcyI6eyJ0eXBlIjoidGV4dFwvamF2YXNjcmlwdCIsIm9wdGlvbnMiOltdfX0iO319czo2OiJjb25maWciO047czo0OiJzaGltIjtOO3M6ODoiamxheW91dHMiO047fX19fXM6MTQ6IgAqAGluaXRpYWxpemVkIjtiOjA7czo5OiJzZXBhcmF0b3IiO3M6MToiLiI7fQ==\";',0,''),('be88794eb63ec7d243a6107a6795da1e',0,1,1674929164,'joomla|s:7016:\"[encoded data, 7016 characters]\";',0,''),('c14967467234789ea8fcec57f7cbfb5b',0,1,1674904161,'joomla|s:5072:\"[encoded data, 5072 characters]\";',0,''),('c378915834a07a27a70510796932fb69',0,1,1674911472,'joomla|s:5072:\"[encoded data, 5072 characters]\";',0,''),('c3dcc46ade9e828f90ec5c8a88db75f5',0,1,1674950498,'joomla|s:4936:\"[encoded data, 4936 characters]\";',0,''),('c7bf2ebf186806d0effc675223ebfed1',0,1,1674933404,'joomla|s:7228:\"[encoded data, 7228 characters]\";',0,''),('c9fb197b18bf4f98939d26145df73303',0,1,1674928325,'joomla|s:3352:\"TzoyNDoiSm9vbWxhXFJlZ2lzdHJ5XFJlZ2lzdHJ5IjozOntzOjc6IgAqAGRhdGEiO086ODoic3RkQ2xhc3MiOjE6e3M6OToiX19kZWZhdWx0IjtPOjg6InN0ZENsYXNzIjo0OntzOjc6InNlc3Npb24iO086ODoic3RkQ2xhc3MiOjI6e3M6NzoiY291bnRlciI7aToxO3M6NToidGltZXIiO086ODoic3RkQ2xhc3MiOjM6e3M6NToic3RhcnQiO2k6MTY3NDkyODMyNTtzOjQ6Imxhc3QiO2k6MTY3NDkyODMyNTtzOjM6Im5vdyI7aToxNjc0OTI4MzI1O319czo4OiJyZWdpc3RyeSI7TzoyNDoiSm9vbWxhXFJlZ2lzdHJ5XFJlZ2lzdHJ5IjozOntzOjc6IgAqAGRhdGEiO086ODoic3RkQ2xhc3MiOjA6e31zOjE0OiIAKgBpbml0aWFsaXplZCI7YjowO3M6OToic2VwYXJhdG9yIjtzOjE6Ii4iO31zOjQ6InVzZXIiO086MjA6Ikpvb21sYVxDTVNcVXNlclxVc2VyIjoxOntzOjI6ImlkIjtpOjA7fXM6NjoiZmFicmlrIjtPOjg6InN0ZENsYXNzIjoxOntzOjI6ImpzIjtPOjg6InN0ZENsYXNzIjo2OntzOjc6InNjcmlwdHMiO047czo4OiJjYWNoZWlkcyI7TjtzOjQ6ImhlYWQiO086ODoic3RkQ2xhc3MiOjI6e3M6Nzoic2NyaXB0cyI7TjtzOjU6ImNhY2hlIjtPOjg6InN0ZENsYXNzIjoxOntzOjMyOiJiYzI1MTQ1YjAwMDFjNjA5MWM1NGQzYWI0MzAzZWQwNyI7czoxNzUxOiJ7IlwvbWVkaWFcL2p1aVwvanNcL2pxdWVyeS5taW4uanMiOnsidHlwZSI6InRleHRcL2phdmFzY3JpcHQiLCJvcHRpb25zIjp7InZlcnNpb24iOiJhdXRvIiwicmVsYXRpdmUiOnRydWUsImRldGVjdERlYnVnIjpmYWxzZSwiZnJhbWV3b3JrIjpmYWxzZSwicGF0aE9ubHkiOmZhbHNlLCJkZXRlY3RCcm93c2VyIjp0cnVlfX0sIlwvbWVkaWFcL2p1aVwvanNcL2pxdWVyeS1ub2NvbmZsaWN0LmpzIjp7InR5cGUiOiJ0ZXh0XC9qYXZhc2NyaXB0Iiwib3B0aW9ucyI6eyJ2ZXJzaW9uIjoiYXV0byIsInJlbGF0aXZlIjp0cnVlLCJmcmFtZXdvcmsiOmZhbHNlLCJwYXRoT25seSI6ZmFsc2UsImRldGVjdEJyb3dzZXIiOnRydWUsImRldGVjdERlYnVnIjp0cnVlfX0sIlwvbWVkaWFcL2p1aVwvanNcL2pxdWVyeS1taWdyYXRlLm1pbi5qcyI6eyJ0eXBlIjoidGV4dFwvamF2YXNjcmlwdCIsIm9wdGlvbnMiOnsidmVyc2lvbiI6ImF1dG8iLCJyZWxhdGl2ZSI6dHJ1ZSwiZGV0ZWN0RGVidWciOmZhbHNlLCJmcmFtZXdvcmsiOmZhbHNlLCJwYXRoT25seSI6ZmFsc2UsImRldGVjdEJyb3dzZXIiOnRydWV9fSwiXC9tZWRpYVwvc3lzdGVtXC9qc1wvY2FwdGlvbi5qcyI6eyJ0eXBlIjoidGV4dFwvamF2YXNjcmlwdCIsIm9wdGlvbnMiOnsidmVyc2lvbiI6ImF1dG8iLCJyZWxhdGl2ZSI6dHJ1ZSwiZnJhbWV3b3JrIjpmYWxzZSwicGF0aE9ubHkiOmZhbHNlLCJkZXRlY3RCcm93c2VyIjp0cnVlLCJkZXRlY3REZWJ1ZyI6dHJ1ZX19LCJcL21lZGlhXC9qdWlcL2pzXC9ib290c3RyYXAuanMiOnsidHlwZSI6InRleHRcL2phdmFzY3JpcHQiLCJvcHRpb25zIjpbXX0sIlwvdGVtcGxhdGVzXC90aGVtZTE0ODBcL2pzXC9qcXVlcnkuZWFzaW5nLjEuMy5qcyI6eyJ0eXBlIjoidGV4dFwvamF2YXNjcmlwdCIsIm9wdGlvbnMiOltdfSwiXC90ZW1wbGF0ZXNcL3RoZW1lMTQ4MFwvanNcL2pxdWVyeS5pc290b3BlLm1pbi5qcyI6eyJ0eXBlIjoidGV4dFwvamF2YXNjcmlwdCIsIm9wdGlvbnMiOltdfSwiXC90ZW1wbGF0ZXNcL3RoZW1lMTQ4MFwvanNcL3RvdWNoLmdhbGxlcnkuanMiOnsidHlwZSI6InRleHRcL2phdmFzY3JpcHQiLCJvcHRpb25zIjpbXX0sIlwvdGVtcGxhdGVzXC90aGVtZTE0ODBcL2pzXC9zY3JpcHRzLmpzIjp7InR5cGUiOiJ0ZXh0XC9qYXZhc2NyaXB0Iiwib3B0aW9ucyI6W119LCJodHRwOlwvXC9lLWFub2Rvcy5nclwvbW9kdWxlc1wvbW9kX3N1cGVyZmlzaF9tZW51XC9qc1wvc3VwZXJmaXNoLmpzIjp7InR5cGUiOiJ0ZXh0XC9qYXZhc2NyaXB0Iiwib3B0aW9ucyI6W119LCJodHRwOlwvXC9lLWFub2Rvcy5nclwvbW9kdWxlc1wvbW9kX3N1cGVyZmlzaF9tZW51XC9qc1wvanF1ZXJ5Lm1vYmlsZW1lbnUuanMiOnsidHlwZSI6InRleHRcL2phdmFzY3JpcHQiLCJvcHRpb25zIjpbXX0sImh0dHA6XC9cL2UtYW5vZG9zLmdyXC9tb2R1bGVzXC9tb2Rfc3VwZXJmaXNoX21lbnVcL2pzXC9qcXVlcnkuaG92ZXJJbnRlbnQuanMiOnsidHlwZSI6InRleHRcL2phdmFzY3JpcHQiLCJvcHRpb25zIjpbXX0sImh0dHA6XC9cL2UtYW5vZG9zLmdyXC9tb2R1bGVzXC9tb2Rfc3VwZXJmaXNoX21lbnVcL2pzXC9zdXBlcnN1YnMuanMiOnsidHlwZSI6InRleHRcL2phdmFzY3JpcHQiLCJvcHRpb25zIjpbXX0sImh0dHA6XC9cL2UtYW5vZG9zLmdyXC9tb2R1bGVzXC9tb2Rfc3VwZXJmaXNoX21lbnVcL2pzXC9zZnRvdWNoc2NyZWVuLmpzIjp7InR5cGUiOiJ0ZXh0XC9qYXZhc2NyaXB0Iiwib3B0aW9ucyI6W119fSI7fX1zOjY6ImNvbmZpZyI7TjtzOjQ6InNoaW0iO047czo4OiJqbGF5b3V0cyI7Tjt9fX19czoxNDoiACoAaW5pdGlhbGl6ZWQiO2I6MDtzOjk6InNlcGFyYXRvciI7czoxOiIuIjt9\";',0,''),('cac0b45700bf72fcc8dcddae8049f3fc',0,1,1674948145,'joomla|s:3352:\"TzoyNDoiSm9vbWxhXFJlZ2lzdHJ5XFJlZ2lzdHJ5IjozOntzOjc6IgAqAGRhdGEiO086ODoic3RkQ2xhc3MiOjE6e3M6OToiX19kZWZhdWx0IjtPOjg6InN0ZENsYXNzIjo0OntzOjc6InNlc3Npb24iO086ODoic3RkQ2xhc3MiOjI6e3M6NzoiY291bnRlciI7aToxO3M6NToidGltZXIiO086ODoic3RkQ2xhc3MiOjM6e3M6NToic3RhcnQiO2k6MTY3NDk0ODE0NTtzOjQ6Imxhc3QiO2k6MTY3NDk0ODE0NTtzOjM6Im5vdyI7aToxNjc0OTQ4MTQ1O319czo4OiJyZWdpc3RyeSI7TzoyNDoiSm9vbWxhXFJlZ2lzdHJ5XFJlZ2lzdHJ5IjozOntzOjc6IgAqAGRhdGEiO086ODoic3RkQ2xhc3MiOjA6e31zOjE0OiIAKgBpbml0aWFsaXplZCI7YjowO3M6OToic2VwYXJhdG9yIjtzOjE6Ii4iO31zOjQ6InVzZXIiO086MjA6Ikpvb21sYVxDTVNcVXNlclxVc2VyIjoxOntzOjI6ImlkIjtpOjA7fXM6NjoiZmFicmlrIjtPOjg6InN0ZENsYXNzIjoxOntzOjI6ImpzIjtPOjg6InN0ZENsYXNzIjo2OntzOjc6InNjcmlwdHMiO047czo4OiJjYWNoZWlkcyI7TjtzOjQ6ImhlYWQiO086ODoic3RkQ2xhc3MiOjI6e3M6Nzoic2NyaXB0cyI7TjtzOjU6ImNhY2hlIjtPOjg6InN0ZENsYXNzIjoxOntzOjMyOiIyODFhYjMyNmU5OGE5NTkzN2EyYWE0NDQ0NjE5YTc0MiI7czoxNzUxOiJ7IlwvbWVkaWFcL2p1aVwvanNcL2pxdWVyeS5taW4uanMiOnsidHlwZSI6InRleHRcL2phdmFzY3JpcHQiLCJvcHRpb25zIjp7InZlcnNpb24iOiJhdXRvIiwicmVsYXRpdmUiOnRydWUsImRldGVjdERlYnVnIjpmYWxzZSwiZnJhbWV3b3JrIjpmYWxzZSwicGF0aE9ubHkiOmZhbHNlLCJkZXRlY3RCcm93c2VyIjp0cnVlfX0sIlwvbWVkaWFcL2p1aVwvanNcL2pxdWVyeS1ub2NvbmZsaWN0LmpzIjp7InR5cGUiOiJ0ZXh0XC9qYXZhc2NyaXB0Iiwib3B0aW9ucyI6eyJ2ZXJzaW9uIjoiYXV0byIsInJlbGF0aXZlIjp0cnVlLCJmcmFtZXdvcmsiOmZhbHNlLCJwYXRoT25seSI6ZmFsc2UsImRldGVjdEJyb3dzZXIiOnRydWUsImRldGVjdERlYnVnIjp0cnVlfX0sIlwvbWVkaWFcL2p1aVwvanNcL2pxdWVyeS1taWdyYXRlLm1pbi5qcyI6eyJ0eXBlIjoidGV4dFwvamF2YXNjcmlwdCIsIm9wdGlvbnMiOnsidmVyc2lvbiI6ImF1dG8iLCJyZWxhdGl2ZSI6dHJ1ZSwiZGV0ZWN0RGVidWciOmZhbHNlLCJmcmFtZXdvcmsiOmZhbHNlLCJwYXRoT25seSI6ZmFsc2UsImRldGVjdEJyb3dzZXIiOnRydWV9fSwiXC9tZWRpYVwvc3lzdGVtXC9qc1wvY2FwdGlvbi5qcyI6eyJ0eXBlIjoidGV4dFwvamF2YXNjcmlwdCIsIm9wdGlvbnMiOnsidmVyc2lvbiI6ImF1dG8iLCJyZWxhdGl2ZSI6dHJ1ZSwiZnJhbWV3b3JrIjpmYWxzZSwicGF0aE9ubHkiOmZhbHNlLCJkZXRlY3RCcm93c2VyIjp0cnVlLCJkZXRlY3REZWJ1ZyI6dHJ1ZX19LCJcL21lZGlhXC9qdWlcL2pzXC9ib290c3RyYXAuanMiOnsidHlwZSI6InRleHRcL2phdmFzY3JpcHQiLCJvcHRpb25zIjpbXX0sIlwvdGVtcGxhdGVzXC90aGVtZTE0ODBcL2pzXC9qcXVlcnkuZWFzaW5nLjEuMy5qcyI6eyJ0eXBlIjoidGV4dFwvamF2YXNjcmlwdCIsIm9wdGlvbnMiOltdfSwiXC90ZW1wbGF0ZXNcL3RoZW1lMTQ4MFwvanNcL2pxdWVyeS5pc290b3BlLm1pbi5qcyI6eyJ0eXBlIjoidGV4dFwvamF2YXNjcmlwdCIsIm9wdGlvbnMiOltdfSwiXC90ZW1wbGF0ZXNcL3RoZW1lMTQ4MFwvanNcL3RvdWNoLmdhbGxlcnkuanMiOnsidHlwZSI6InRleHRcL2phdmFzY3JpcHQiLCJvcHRpb25zIjpbXX0sIlwvdGVtcGxhdGVzXC90aGVtZTE0ODBcL2pzXC9zY3JpcHRzLmpzIjp7InR5cGUiOiJ0ZXh0XC9qYXZhc2NyaXB0Iiwib3B0aW9ucyI6W119LCJodHRwOlwvXC9lLWFub2Rvcy5nclwvbW9kdWxlc1wvbW9kX3N1cGVyZmlzaF9tZW51XC9qc1wvc3VwZXJmaXNoLmpzIjp7InR5cGUiOiJ0ZXh0XC9qYXZhc2NyaXB0Iiwib3B0aW9ucyI6W119LCJodHRwOlwvXC9lLWFub2Rvcy5nclwvbW9kdWxlc1wvbW9kX3N1cGVyZmlzaF9tZW51XC9qc1wvanF1ZXJ5Lm1vYmlsZW1lbnUuanMiOnsidHlwZSI6InRleHRcL2phdmFzY3JpcHQiLCJvcHRpb25zIjpbXX0sImh0dHA6XC9cL2UtYW5vZG9zLmdyXC9tb2R1bGVzXC9tb2Rfc3VwZXJmaXNoX21lbnVcL2pzXC9qcXVlcnkuaG92ZXJJbnRlbnQuanMiOnsidHlwZSI6InRleHRcL2phdmFzY3JpcHQiLCJvcHRpb25zIjpbXX0sImh0dHA6XC9cL2UtYW5vZG9zLmdyXC9tb2R1bGVzXC9tb2Rfc3VwZXJmaXNoX21lbnVcL2pzXC9zdXBlcnN1YnMuanMiOnsidHlwZSI6InRleHRcL2phdmFzY3JpcHQiLCJvcHRpb25zIjpbXX0sImh0dHA6XC9cL2UtYW5vZG9zLmdyXC9tb2R1bGVzXC9tb2Rfc3VwZXJmaXNoX21lbnVcL2pzXC9zZnRvdWNoc2NyZWVuLmpzIjp7InR5cGUiOiJ0ZXh0XC9qYXZhc2NyaXB0Iiwib3B0aW9ucyI6W119fSI7fX1zOjY6ImNvbmZpZyI7TjtzOjQ6InNoaW0iO047czo4OiJqbGF5b3V0cyI7Tjt9fX19czoxNDoiACoAaW5pdGlhbGl6ZWQiO2I6MDtzOjk6InNlcGFyYXRvciI7czoxOiIuIjt9\";',0,''),('cddab71d5b8e6f0e4c8e412789c6febd',0,1,1674899442,'joomla|s:6576:\"[encoded data, 6576 characters]\";',0,''),('ce77a2129cd166248d08fdb21ca16ee9',0,1,1674896968,'joomla|s:5044:\"[encoded data, 5044 characters]\";',0,''),('d15ab4ae6a85ebbee299dd51fefc216e',0,1,1674916674,'joomla|s:3388:\"TzoyNDoiSm9vbWxhXFJlZ2lzdHJ5XFJlZ2lzdHJ5IjozOntzOjc6IgAqAGRhdGEiO086ODoic3RkQ2xhc3MiOjE6e3M6OToiX19kZWZhdWx0IjtPOjg6InN0ZENsYXNzIjo0OntzOjc6InNlc3Npb24iO086ODoic3RkQ2xhc3MiOjI6e3M6NzoiY291bnRlciI7aToxO3M6NToidGltZXIiO086ODoic3RkQ2xhc3MiOjM6e3M6NToic3RhcnQiO2k6MTY3NDkxNjY3NDtzOjQ6Imxhc3QiO2k6MTY3NDkxNjY3NDtzOjM6Im5vdyI7aToxNjc0OTE2Njc0O319czo4OiJyZWdpc3RyeSI7TzoyNDoiSm9vbWxhXFJlZ2lzdHJ5XFJlZ2lzdHJ5IjozOntzOjc6IgAqAGRhdGEiO086ODoic3RkQ2xhc3MiOjA6e31zOjE0OiIAKgBpbml0aWFsaXplZCI7YjowO3M6OToic2VwYXJhdG9yIjtzOjE6Ii4iO31zOjQ6InVzZXIiO086MjA6Ikpvb21sYVxDTVNcVXNlclxVc2VyIjoxOntzOjI6ImlkIjtpOjA7fXM6NjoiZmFicmlrIjtPOjg6InN0ZENsYXNzIjoxOntzOjI6ImpzIjtPOjg6InN0ZENsYXNzIjo2OntzOjc6InNjcmlwdHMiO047czo4OiJjYWNoZWlkcyI7TjtzOjQ6ImhlYWQiO086ODoic3RkQ2xhc3MiOjI6e3M6Nzoic2NyaXB0cyI7TjtzOjU6ImNhY2hlIjtPOjg6InN0ZENsYXNzIjoxOntzOjMyOiI5YTFkYWU5ZWQ2NTAyM2QzNzUxNGE4ODVhYTE3NjliNiI7czoxNzc2OiJ7IlwvbWVkaWFcL2p1aVwvanNcL2pxdWVyeS5taW4uanMiOnsidHlwZSI6InRleHRcL2phdmFzY3JpcHQiLCJvcHRpb25zIjp7InZlcnNpb24iOiJhdXRvIiwicmVsYXRpdmUiOnRydWUsImRldGVjdERlYnVnIjpmYWxzZSwiZnJhbWV3b3JrIjpmYWxzZSwicGF0aE9ubHkiOmZhbHNlLCJkZXRlY3RCcm93c2VyIjp0cnVlfX0sIlwvbWVkaWFcL2p1aVwvanNcL2pxdWVyeS1ub2NvbmZsaWN0LmpzIjp7InR5cGUiOiJ0ZXh0XC9qYXZhc2NyaXB0Iiwib3B0aW9ucyI6eyJ2ZXJzaW9uIjoiYXV0byIsInJlbGF0aXZlIjp0cnVlLCJmcmFtZXdvcmsiOmZhbHNlLCJwYXRoT25seSI6ZmFsc2UsImRldGVjdEJyb3dzZXIiOnRydWUsImRldGVjdERlYnVnIjp0cnVlfX0sIlwvbWVkaWFcL2p1aVwvanNcL2pxdWVyeS1taWdyYXRlLm1pbi5qcyI6eyJ0eXBlIjoidGV4dFwvamF2YXNjcmlwdCIsIm9wdGlvbnMiOnsidmVyc2lvbiI6ImF1dG8iLCJyZWxhdGl2ZSI6dHJ1ZSwiZGV0ZWN0RGVidWciOmZhbHNlLCJmcmFtZXdvcmsiOmZhbHNlLCJwYXRoT25seSI6ZmFsc2UsImRldGVjdEJyb3dzZXIiOnRydWV9fSwiXC9tZWRpYVwvc3lzdGVtXC9qc1wvY2FwdGlvbi5qcyI6eyJ0eXBlIjoidGV4dFwvamF2YXNjcmlwdCIsIm9wdGlvbnMiOnsidmVyc2lvbiI6ImF1dG8iLCJyZWxhdGl2ZSI6dHJ1ZSwiZnJhbWV3b3JrIjpmYWxzZSwicGF0aE9ubHkiOmZhbHNlLCJkZXRlY3RCcm93c2VyIjp0cnVlLCJkZXRlY3REZWJ1ZyI6dHJ1ZX19LCJcL21lZGlhXC9qdWlcL2pzXC9ib290c3RyYXAuanMiOnsidHlwZSI6InRleHRcL2phdmFzY3JpcHQiLCJvcHRpb25zIjpbXX0sIlwvdGVtcGxhdGVzXC90aGVtZTE0ODBcL2pzXC9qcXVlcnkuZWFzaW5nLjEuMy5qcyI6eyJ0eXBlIjoidGV4dFwvamF2YXNjcmlwdCIsIm9wdGlvbnMiOltdfSwiXC90ZW1wbGF0ZXNcL3RoZW1lMTQ4MFwvanNcL2pxdWVyeS5pc290b3BlLm1pbi5qcyI6eyJ0eXBlIjoidGV4dFwvamF2YXNjcmlwdCIsIm9wdGlvbnMiOltdfSwiXC90ZW1wbGF0ZXNcL3RoZW1lMTQ4MFwvanNcL3RvdWNoLmdhbGxlcnkuanMiOnsidHlwZSI6InRleHRcL2phdmFzY3JpcHQiLCJvcHRpb25zIjpbXX0sIlwvdGVtcGxhdGVzXC90aGVtZTE0ODBcL2pzXC9zY3JpcHRzLmpzIjp7InR5cGUiOiJ0ZXh0XC9qYXZhc2NyaXB0Iiwib3B0aW9ucyI6W119LCJodHRwczpcL1wvd3d3LmUtYW5vZG9zLmdyXC9tb2R1bGVzXC9tb2Rfc3VwZXJmaXNoX21lbnVcL2pzXC9zdXBlcmZpc2guanMiOnsidHlwZSI6InRleHRcL2phdmFzY3JpcHQiLCJvcHRpb25zIjpbXX0sImh0dHBzOlwvXC93d3cuZS1hbm9kb3MuZ3JcL21vZHVsZXNcL21vZF9zdXBlcmZpc2hfbWVudVwvanNcL2pxdWVyeS5tb2JpbGVtZW51LmpzIjp7InR5cGUiOiJ0ZXh0XC9qYXZhc2NyaXB0Iiwib3B0aW9ucyI6W119LCJodHRwczpcL1wvd3d3LmUtYW5vZG9zLmdyXC9tb2R1bGVzXC9tb2Rfc3VwZXJmaXNoX21lbnVcL2pzXC9qcXVlcnkuaG92ZXJJbnRlbnQuanMiOnsidHlwZSI6InRleHRcL2phdmFzY3JpcHQiLCJvcHRpb25zIjpbXX0sImh0dHBzOlwvXC93d3cuZS1hbm9kb3MuZ3JcL21vZHVsZXNcL21vZF9zdXBlcmZpc2hfbWVudVwvanNcL3N1cGVyc3Vicy5qcyI6eyJ0eXBlIjoidGV4dFwvamF2YXNjcmlwdCIsIm9wdGlvbnMiOltdfSwiaHR0cHM6XC9cL3d3dy5lLWFub2Rvcy5nclwvbW9kdWxlc1wvbW9kX3N1cGVyZmlzaF9tZW51XC9qc1wvc2Z0b3VjaHNjcmVlbi5qcyI6eyJ0eXBlIjoidGV4dFwvamF2YXNjcmlwdCIsIm9wdGlvbnMiOltdfX0iO319czo2OiJjb25maWciO047czo0OiJzaGltIjtOO3M6ODoiamxheW91dHMiO047fX19fXM6MTQ6IgAqAGluaXRpYWxpemVkIjtiOjA7czo5OiJzZXBhcmF0b3IiO3M6MToiLiI7fQ==\";',0,''),('d2600ed198c0b0eec9ae10c0aa6bdb76',0,1,1674918789,'joomla|s:3388:\"TzoyNDoiSm9vbWxhXFJlZ2lzdHJ5XFJlZ2lzdHJ5IjozOntzOjc6IgAqAGRhdGEiO086ODoic3RkQ2xhc3MiOjE6e3M6OToiX19kZWZhdWx0IjtPOjg6InN0ZENsYXNzIjo0OntzOjc6InNlc3Npb24iO086ODoic3RkQ2xhc3MiOjI6e3M6NzoiY291bnRlciI7aToxO3M6NToidGltZXIiO086ODoic3RkQ2xhc3MiOjM6e3M6NToic3RhcnQiO2k6MTY3NDkxODc4OTtzOjQ6Imxhc3QiO2k6MTY3NDkxODc4OTtzOjM6Im5vdyI7aToxNjc0OTE4Nzg5O319czo4OiJyZWdpc3RyeSI7TzoyNDoiSm9vbWxhXFJlZ2lzdHJ5XFJlZ2lzdHJ5IjozOntzOjc6IgAqAGRhdGEiO086ODoic3RkQ2xhc3MiOjA6e31zOjE0OiIAKgBpbml0aWFsaXplZCI7YjowO3M6OToic2VwYXJhdG9yIjtzOjE6Ii4iO31zOjQ6InVzZXIiO086MjA6Ikpvb21sYVxDTVNcVXNlclxVc2VyIjoxOntzOjI6ImlkIjtpOjA7fXM6NjoiZmFicmlrIjtPOjg6InN0ZENsYXNzIjoxOntzOjI6ImpzIjtPOjg6InN0ZENsYXNzIjo2OntzOjc6InNjcmlwdHMiO047czo4OiJjYWNoZWlkcyI7TjtzOjQ6ImhlYWQiO086ODoic3RkQ2xhc3MiOjI6e3M6Nzoic2NyaXB0cyI7TjtzOjU6ImNhY2hlIjtPOjg6InN0ZENsYXNzIjoxOntzOjMyOiIzYTFmMmZiYWU1NTIxMzdiMzBlOWRhNTg3MjJlNjRlMyI7czoxNzc2OiJ7IlwvbWVkaWFcL2p1aVwvanNcL2pxdWVyeS5taW4uanMiOnsidHlwZSI6InRleHRcL2phdmFzY3JpcHQiLCJvcHRpb25zIjp7InZlcnNpb24iOiJhdXRvIiwicmVsYXRpdmUiOnRydWUsImRldGVjdERlYnVnIjpmYWxzZSwiZnJhbWV3b3JrIjpmYWxzZSwicGF0aE9ubHkiOmZhbHNlLCJkZXRlY3RCcm93c2VyIjp0cnVlfX0sIlwvbWVkaWFcL2p1aVwvanNcL2pxdWVyeS1ub2NvbmZsaWN0LmpzIjp7InR5cGUiOiJ0ZXh0XC9qYXZhc2NyaXB0Iiwib3B0aW9ucyI6eyJ2ZXJzaW9uIjoiYXV0byIsInJlbGF0aXZlIjp0cnVlLCJmcmFtZXdvcmsiOmZhbHNlLCJwYXRoT25seSI6ZmFsc2UsImRldGVjdEJyb3dzZXIiOnRydWUsImRldGVjdERlYnVnIjp0cnVlfX0sIlwvbWVkaWFcL2p1aVwvanNcL2pxdWVyeS1taWdyYXRlLm1pbi5qcyI6eyJ0eXBlIjoidGV4dFwvamF2YXNjcmlwdCIsIm9wdGlvbnMiOnsidmVyc2lvbiI6ImF1dG8iLCJyZWxhdGl2ZSI6dHJ1ZSwiZGV0ZWN0RGVidWciOmZhbHNlLCJmcmFtZXdvcmsiOmZhbHNlLCJwYXRoT25seSI6ZmFsc2UsImRldGVjdEJyb3dzZXIiOnRydWV9fSwiXC9tZWRpYVwvc3lzdGVtXC9qc1wvY2FwdGlvbi5qcyI6eyJ0eXBlIjoidGV4dFwvamF2YXNjcmlwdCIsIm9wdGlvbnMiOnsidmVyc2lvbiI6ImF1dG8iLCJyZWxhdGl2ZSI6dHJ1ZSwiZnJhbWV3b3JrIjpmYWxzZSwicGF0aE9ubHkiOmZhbHNlLCJkZXRlY3RCcm93c2VyIjp0cnVlLCJkZXRlY3REZWJ1ZyI6dHJ1ZX19LCJcL21lZGlhXC9qdWlcL2pzXC9ib290c3RyYXAuanMiOnsidHlwZSI6InRleHRcL2phdmFzY3JpcHQiLCJvcHRpb25zIjpbXX0sIlwvdGVtcGxhdGVzXC90aGVtZTE0ODBcL2pzXC9qcXVlcnkuZWFzaW5nLjEuMy5qcyI6eyJ0eXBlIjoidGV4dFwvamF2YXNjcmlwdCIsIm9wdGlvbnMiOltdfSwiXC90ZW1wbGF0ZXNcL3RoZW1lMTQ4MFwvanNcL2pxdWVyeS5pc290b3BlLm1pbi5qcyI6eyJ0eXBlIjoidGV4dFwvamF2YXNjcmlwdCIsIm9wdGlvbnMiOltdfSwiXC90ZW1wbGF0ZXNcL3RoZW1lMTQ4MFwvanNcL3RvdWNoLmdhbGxlcnkuanMiOnsidHlwZSI6InRleHRcL2phdmFzY3JpcHQiLCJvcHRpb25zIjpbXX0sIlwvdGVtcGxhdGVzXC90aGVtZTE0ODBcL2pzXC9zY3JpcHRzLmpzIjp7InR5cGUiOiJ0ZXh0XC9qYXZhc2NyaXB0Iiwib3B0aW9ucyI6W119LCJodHRwczpcL1wvd3d3LmUtYW5vZG9zLmdyXC9tb2R1bGVzXC9tb2Rfc3VwZXJmaXNoX21lbnVcL2pzXC9zdXBlcmZpc2guanMiOnsidHlwZSI6InRleHRcL2phdmFzY3JpcHQiLCJvcHRpb25zIjpbXX0sImh0dHBzOlwvXC93d3cuZS1hbm9kb3MuZ3JcL21vZHVsZXNcL21vZF9zdXBlcmZpc2hfbWVudVwvanNcL2pxdWVyeS5tb2JpbGVtZW51LmpzIjp7InR5cGUiOiJ0ZXh0XC9qYXZhc2NyaXB0Iiwib3B0aW9ucyI6W119LCJodHRwczpcL1wvd3d3LmUtYW5vZG9zLmdyXC9tb2R1bGVzXC9tb2Rfc3VwZXJmaXNoX21lbnVcL2pzXC9qcXVlcnkuaG92ZXJJbnRlbnQuanMiOnsidHlwZSI6InRleHRcL2phdmFzY3JpcHQiLCJvcHRpb25zIjpbXX0sImh0dHBzOlwvXC93d3cuZS1hbm9kb3MuZ3JcL21vZHVsZXNcL21vZF9zdXBlcmZpc2hfbWVudVwvanNcL3N1cGVyc3Vicy5qcyI6eyJ0eXBlIjoidGV4dFwvamF2YXNjcmlwdCIsIm9wdGlvbnMiOltdfSwiaHR0cHM6XC9cL3d3dy5lLWFub2Rvcy5nclwvbW9kdWxlc1wvbW9kX3N1cGVyZmlzaF9tZW51XC9qc1wvc2Z0b3VjaHNjcmVlbi5qcyI6eyJ0eXBlIjoidGV4dFwvamF2YXNjcmlwdCIsIm9wdGlvbnMiOltdfX0iO319czo2OiJjb25maWciO047czo0OiJzaGltIjtOO3M6ODoiamxheW91dHMiO047fX19fXM6MTQ6IgAqAGluaXRpYWxpemVkIjtiOjA7czo5OiJzZXBhcmF0b3IiO3M6MToiLiI7fQ==\";',0,''),('d64fb666bd9a1e5cea6bbc4be677eca7',1,1,1674919793,'joomla|s:3372:\"TzoyNDoiSm9vbWxhXFJlZ2lzdHJ5XFJlZ2lzdHJ5IjozOntzOjc6IgAqAGRhdGEiO086ODoic3RkQ2xhc3MiOjE6e3M6OToiX19kZWZhdWx0IjtPOjg6InN0ZENsYXNzIjo0OntzOjc6InNlc3Npb24iO086ODoic3RkQ2xhc3MiOjM6e3M6NzoiY291bnRlciI7aToyO3M6NToidGltZXIiO086ODoic3RkQ2xhc3MiOjM6e3M6NToic3RhcnQiO2k6MTY3NDkxOTc5MjtzOjQ6Imxhc3QiO2k6MTY3NDkxOTc5MjtzOjM6Im5vdyI7aToxNjc0OTE5NzkzO31zOjU6InRva2VuIjtzOjMyOiJyREJieUdGcDkzTFN4a1psR2tSazNMSHFsb1dXMXJGaSI7fXM6ODoicmVnaXN0cnkiO086MjQ6Ikpvb21sYVxSZWdpc3RyeVxSZWdpc3RyeSI6Mzp7czo3OiIAKgBkYXRhIjtPOjg6InN0ZENsYXNzIjowOnt9czoxNDoiACoAaW5pdGlhbGl6ZWQiO2I6MDtzOjk6InNlcGFyYXRvciI7czoxOiIuIjt9czo0OiJ1c2VyIjtPOjIwOiJKb29tbGFcQ01TXFVzZXJcVXNlciI6MTp7czoyOiJpZCI7aTowO31zOjY6ImZhYnJpayI7Tzo4OiJzdGRDbGFzcyI6MTp7czoyOiJqcyI7Tzo4OiJzdGRDbGFzcyI6Njp7czo3OiJzY3JpcHRzIjtOO3M6ODoiY2FjaGVpZHMiO047czo0OiJoZWFkIjtPOjg6InN0ZENsYXNzIjoyOntzOjc6InNjcmlwdHMiO047czo1OiJjYWNoZSI7Tzo4OiJzdGRDbGFzcyI6MTp7czozMjoiNzEzNDQwNzAyZmMxZGY2NTNmZTE0MzYxNWJlMDYwNWMiO3M6MTcxMzoieyJcL21lZGlhXC9zeXN0ZW1cL2pzXC9jb3JlLmpzIjp7InR5cGUiOiJ0ZXh0XC9qYXZhc2NyaXB0Iiwib3B0aW9ucyI6eyJ2ZXJzaW9uIjoiYXV0byIsInJlbGF0aXZlIjp0cnVlLCJmcmFtZXdvcmsiOmZhbHNlLCJwYXRoT25seSI6ZmFsc2UsImRldGVjdEJyb3dzZXIiOnRydWUsImRldGVjdERlYnVnIjp0cnVlfX0sIlwvbWVkaWFcL3N5c3RlbVwvanNcL3BvbHlmaWxsLmV2ZW50LmpzIjp7InR5cGUiOiJ0ZXh0XC9qYXZhc2NyaXB0Iiwib3B0aW9ucyI6eyJ2ZXJzaW9uIjoiYXV0byIsInJlbGF0aXZlIjp0cnVlLCJjb25kaXRpb25hbCI6Imx0IElFIDkiLCJmcmFtZXdvcmsiOmZhbHNlLCJwYXRoT25seSI6ZmFsc2UsImRldGVjdEJyb3dzZXIiOnRydWUsImRldGVjdERlYnVnIjp0cnVlfX0sIlwvbWVkaWFcL3N5c3RlbVwvanNcL2tlZXBhbGl2ZS5qcyI6eyJ0eXBlIjoidGV4dFwvamF2YXNjcmlwdCIsIm9wdGlvbnMiOnsidmVyc2lvbiI6ImF1dG8iLCJyZWxhdGl2ZSI6dHJ1ZSwiZnJhbWV3b3JrIjpmYWxzZSwicGF0aE9ubHkiOmZhbHNlLCJkZXRlY3RCcm93c2VyIjp0cnVlLCJkZXRlY3REZWJ1ZyI6dHJ1ZX19LCJcL21lZGlhXC9qdWlcL2pzXC9qcXVlcnkubWluLmpzIjp7InR5cGUiOiJ0ZXh0XC9qYXZhc2NyaXB0Iiwib3B0aW9ucyI6eyJ2ZXJzaW9uIjoiYXV0byIsInJlbGF0aXZlIjp0cnVlLCJkZXRlY3REZWJ1ZyI6ZmFsc2UsImZyYW1ld29yayI6ZmFsc2UsInBhdGhPbmx5IjpmYWxzZSwiZGV0ZWN0QnJvd3NlciI6dHJ1ZX19LCJcL21lZGlhXC9qdWlcL2pzXC9qcXVlcnktbm9jb25mbGljdC5qcyI6eyJ0eXBlIjoidGV4dFwvamF2YXNjcmlwdCIsIm9wdGlvbnMiOnsidmVyc2lvbiI6ImF1dG8iLCJyZWxhdGl2ZSI6dHJ1ZSwiZnJhbWV3b3JrIjpmYWxzZSwicGF0aE9ubHkiOmZhbHNlLCJkZXRlY3RCcm93c2VyIjp0cnVlLCJkZXRlY3REZWJ1ZyI6dHJ1ZX19LCJcL21lZGlhXC9qdWlcL2pzXC9qcXVlcnktbWlncmF0ZS5taW4uanMiOnsidHlwZSI6InRleHRcL2phdmFzY3JpcHQiLCJvcHRpb25zIjp7InZlcnNpb24iOiJhdXRvIiwicmVsYXRpdmUiOnRydWUsImRldGVjdERlYnVnIjpmYWxzZSwiZnJhbWV3b3JrIjpmYWxzZSwicGF0aE9ubHkiOmZhbHNlLCJkZXRlY3RCcm93c2VyIjp0cnVlfX0sIlwvbWVkaWFcL2p1aVwvanNcL2Jvb3RzdHJhcC5taW4uanMiOnsidHlwZSI6InRleHRcL2phdmFzY3JpcHQiLCJvcHRpb25zIjp7InZlcnNpb24iOiJhdXRvIiwicmVsYXRpdmUiOnRydWUsImRldGVjdERlYnVnIjoiMCIsImZyYW1ld29yayI6ZmFsc2UsInBhdGhPbmx5IjpmYWxzZSwiZGV0ZWN0QnJvd3NlciI6dHJ1ZX19LCJcL21lZGlhXC9qdWlcL2pzXC9jaG9zZW4uanF1ZXJ5Lm1pbi5qcyI6eyJ0eXBlIjoidGV4dFwvamF2YXNjcmlwdCIsIm9wdGlvbnMiOnsidmVyc2lvbiI6ImF1dG8iLCJyZWxhdGl2ZSI6dHJ1ZSwiZGV0ZWN0RGVidWciOiIwIiwiZnJhbWV3b3JrIjpmYWxzZSwicGF0aE9ubHkiOmZhbHNlLCJkZXRlY3RCcm93c2VyIjp0cnVlfX0sIlwvbWVkaWFcL2p1aVwvanNcL2h0bWw1LmpzIjp7InR5cGUiOiJ0ZXh0XC9qYXZhc2NyaXB0Iiwib3B0aW9ucyI6eyJ2ZXJzaW9uIjoiYXV0byIsInJlbGF0aXZlIjp0cnVlLCJjb25kaXRpb25hbCI6Imx0IElFIDkiLCJmcmFtZXdvcmsiOmZhbHNlLCJwYXRoT25seSI6ZmFsc2UsImRldGVjdEJyb3dzZXIiOnRydWUsImRldGVjdERlYnVnIjp0cnVlfX19Ijt9fXM6NjoiY29uZmlnIjtOO3M6NDoic2hpbSI7TjtzOjg6ImpsYXlvdXRzIjtOO319fX1zOjE0OiIAKgBpbml0aWFsaXplZCI7YjowO3M6OToic2VwYXJhdG9yIjtzOjE6Ii4iO30=\";',0,''),('d6d2a1e3a041a0f750dfd3b19f69b2ed',0,1,1674934329,'joomla|s:5072:\"[encoded data, 5072 characters]\";',0,''),('d9530f331d251b5049875996bf013352',0,1,1674948527,'joomla|s:5072:\"[encoded data, 5072 characters]\";',0,''),('d98572854a51e7851c0a1d8c295441bc',0,1,1674934437,'joomla|s:5440:\"[encoded data, 5440 characters]\";',0,''),('d991021e961ae2a06cb2022599c43b75',0,1,1674944897,'joomla|s:5052:\"[encoded data, 5052 characters]\";',0,''),('dbafad7d989d845515e3f74831e9dec1',0,1,1674942151,'joomla|s:7288:\"[encoded data, 7288 characters]\";',0,''),('dd11df027ea581dde7ae2fa765ce3075',0,1,1674921554,'joomla|s:5052:\"[encoded data, 5052 characters]\";',0,''),('e1c943989da612d39028b67b24c10d90',0,1,1674927378,'joomla|s:3380:\"TzoyNDoiSm9vbWxhXFJlZ2lzdHJ5XFJlZ2lzdHJ5IjozOntzOjc6IgAqAGRhdGEiO086ODoic3RkQ2xhc3MiOjE6e3M6OToiX19kZWZhdWx0IjtPOjg6InN0ZENsYXNzIjo0OntzOjc6InNlc3Npb24iO086ODoic3RkQ2xhc3MiOjI6e3M6NzoiY291bnRlciI7aToxO3M6NToidGltZXIiO086ODoic3RkQ2xhc3MiOjM6e3M6NToic3RhcnQiO2k6MTY3NDkyNzM3ODtzOjQ6Imxhc3QiO2k6MTY3NDkyNzM3ODtzOjM6Im5vdyI7aToxNjc0OTI3Mzc4O319czo4OiJyZWdpc3RyeSI7TzoyNDoiSm9vbWxhXFJlZ2lzdHJ5XFJlZ2lzdHJ5IjozOntzOjc6IgAqAGRhdGEiO086ODoic3RkQ2xhc3MiOjA6e31zOjE0OiIAKgBpbml0aWFsaXplZCI7YjowO3M6OToic2VwYXJhdG9yIjtzOjE6Ii4iO31zOjQ6InVzZXIiO086MjA6Ikpvb21sYVxDTVNcVXNlclxVc2VyIjoxOntzOjI6ImlkIjtpOjA7fXM6NjoiZmFicmlrIjtPOjg6InN0ZENsYXNzIjoxOntzOjI6ImpzIjtPOjg6InN0ZENsYXNzIjo2OntzOjc6InNjcmlwdHMiO047czo4OiJjYWNoZWlkcyI7TjtzOjQ6ImhlYWQiO086ODoic3RkQ2xhc3MiOjI6e3M6Nzoic2NyaXB0cyI7TjtzOjU6ImNhY2hlIjtPOjg6InN0ZENsYXNzIjoxOntzOjMyOiI1Yzk0ZDBkZTQ2MTU4ZjU3NDcxZGEyODc3MjVlY2M2NiI7czoxNzcxOiJ7IlwvbWVkaWFcL2p1aVwvanNcL2pxdWVyeS5taW4uanMiOnsidHlwZSI6InRleHRcL2phdmFzY3JpcHQiLCJvcHRpb25zIjp7InZlcnNpb24iOiJhdXRvIiwicmVsYXRpdmUiOnRydWUsImRldGVjdERlYnVnIjpmYWxzZSwiZnJhbWV3b3JrIjpmYWxzZSwicGF0aE9ubHkiOmZhbHNlLCJkZXRlY3RCcm93c2VyIjp0cnVlfX0sIlwvbWVkaWFcL2p1aVwvanNcL2pxdWVyeS1ub2NvbmZsaWN0LmpzIjp7InR5cGUiOiJ0ZXh0XC9qYXZhc2NyaXB0Iiwib3B0aW9ucyI6eyJ2ZXJzaW9uIjoiYXV0byIsInJlbGF0aXZlIjp0cnVlLCJmcmFtZXdvcmsiOmZhbHNlLCJwYXRoT25seSI6ZmFsc2UsImRldGVjdEJyb3dzZXIiOnRydWUsImRldGVjdERlYnVnIjp0cnVlfX0sIlwvbWVkaWFcL2p1aVwvanNcL2pxdWVyeS1taWdyYXRlLm1pbi5qcyI6eyJ0eXBlIjoidGV4dFwvamF2YXNjcmlwdCIsIm9wdGlvbnMiOnsidmVyc2lvbiI6ImF1dG8iLCJyZWxhdGl2ZSI6dHJ1ZSwiZGV0ZWN0RGVidWciOmZhbHNlLCJmcmFtZXdvcmsiOmZhbHNlLCJwYXRoT25seSI6ZmFsc2UsImRldGVjdEJyb3dzZXIiOnRydWV9fSwiXC9tZWRpYVwvc3lzdGVtXC9qc1wvY2FwdGlvbi5qcyI6eyJ0eXBlIjoidGV4dFwvamF2YXNjcmlwdCIsIm9wdGlvbnMiOnsidmVyc2lvbiI6ImF1dG8iLCJyZWxhdGl2ZSI6dHJ1ZSwiZnJhbWV3b3JrIjpmYWxzZSwicGF0aE9ubHkiOmZhbHNlLCJkZXRlY3RCcm93c2VyIjp0cnVlLCJkZXRlY3REZWJ1ZyI6dHJ1ZX19LCJcL21lZGlhXC9qdWlcL2pzXC9ib290c3RyYXAuanMiOnsidHlwZSI6InRleHRcL2phdmFzY3JpcHQiLCJvcHRpb25zIjpbXX0sIlwvdGVtcGxhdGVzXC90aGVtZTE0ODBcL2pzXC9qcXVlcnkuZWFzaW5nLjEuMy5qcyI6eyJ0eXBlIjoidGV4dFwvamF2YXNjcmlwdCIsIm9wdGlvbnMiOltdfSwiXC90ZW1wbGF0ZXNcL3RoZW1lMTQ4MFwvanNcL2pxdWVyeS5pc290b3BlLm1pbi5qcyI6eyJ0eXBlIjoidGV4dFwvamF2YXNjcmlwdCIsIm9wdGlvbnMiOltdfSwiXC90ZW1wbGF0ZXNcL3RoZW1lMTQ4MFwvanNcL3RvdWNoLmdhbGxlcnkuanMiOnsidHlwZSI6InRleHRcL2phdmFzY3JpcHQiLCJvcHRpb25zIjpbXX0sIlwvdGVtcGxhdGVzXC90aGVtZTE0ODBcL2pzXC9zY3JpcHRzLmpzIjp7InR5cGUiOiJ0ZXh0XC9qYXZhc2NyaXB0Iiwib3B0aW9ucyI6W119LCJodHRwOlwvXC93d3cuZS1hbm9kb3MuZ3JcL21vZHVsZXNcL21vZF9zdXBlcmZpc2hfbWVudVwvanNcL3N1cGVyZmlzaC5qcyI6eyJ0eXBlIjoidGV4dFwvamF2YXNjcmlwdCIsIm9wdGlvbnMiOltdfSwiaHR0cDpcL1wvd3d3LmUtYW5vZG9zLmdyXC9tb2R1bGVzXC9tb2Rfc3VwZXJmaXNoX21lbnVcL2pzXC9qcXVlcnkubW9iaWxlbWVudS5qcyI6eyJ0eXBlIjoidGV4dFwvamF2YXNjcmlwdCIsIm9wdGlvbnMiOltdfSwiaHR0cDpcL1wvd3d3LmUtYW5vZG9zLmdyXC9tb2R1bGVzXC9tb2Rfc3VwZXJmaXNoX21lbnVcL2pzXC9qcXVlcnkuaG92ZXJJbnRlbnQuanMiOnsidHlwZSI6InRleHRcL2phdmFzY3JpcHQiLCJvcHRpb25zIjpbXX0sImh0dHA6XC9cL3d3dy5lLWFub2Rvcy5nclwvbW9kdWxlc1wvbW9kX3N1cGVyZmlzaF9tZW51XC9qc1wvc3VwZXJzdWJzLmpzIjp7InR5cGUiOiJ0ZXh0XC9qYXZhc2NyaXB0Iiwib3B0aW9ucyI6W119LCJodHRwOlwvXC93d3cuZS1hbm9kb3MuZ3JcL21vZHVsZXNcL21vZF9zdXBlcmZpc2hfbWVudVwvanNcL3NmdG91Y2hzY3JlZW4uanMiOnsidHlwZSI6InRleHRcL2phdmFzY3JpcHQiLCJvcHRpb25zIjpbXX19Ijt9fXM6NjoiY29uZmlnIjtOO3M6NDoic2hpbSI7TjtzOjg6ImpsYXlvdXRzIjtOO319fX1zOjE0OiIAKgBpbml0aWFsaXplZCI7YjowO3M6OToic2VwYXJhdG9yIjtzOjE6Ii4iO30=\";',0,''),('e42da6b2af38975ae60406d91e96128d',0,1,1674943286,'joomla|s:4840:\"[encoded data, 4840 characters]\";',0,''),('e8a296d53a10205f6f0eac978b73cdc5',0,1,1674933011,'joomla|s:3380:\"TzoyNDoiSm9vbWxhXFJlZ2lzdHJ5XFJlZ2lzdHJ5IjozOntzOjc6IgAqAGRhdGEiO086ODoic3RkQ2xhc3MiOjE6e3M6OToiX19kZWZhdWx0IjtPOjg6InN0ZENsYXNzIjo0OntzOjc6InNlc3Npb24iO086ODoic3RkQ2xhc3MiOjI6e3M6NzoiY291bnRlciI7aToxO3M6NToidGltZXIiO086ODoic3RkQ2xhc3MiOjM6e3M6NToic3RhcnQiO2k6MTY3NDkzMzAxMTtzOjQ6Imxhc3QiO2k6MTY3NDkzMzAxMTtzOjM6Im5vdyI7aToxNjc0OTMzMDExO319czo4OiJyZWdpc3RyeSI7TzoyNDoiSm9vbWxhXFJlZ2lzdHJ5XFJlZ2lzdHJ5IjozOntzOjc6IgAqAGRhdGEiO086ODoic3RkQ2xhc3MiOjA6e31zOjE0OiIAKgBpbml0aWFsaXplZCI7YjowO3M6OToic2VwYXJhdG9yIjtzOjE6Ii4iO31zOjQ6InVzZXIiO086MjA6Ikpvb21sYVxDTVNcVXNlclxVc2VyIjoxOntzOjI6ImlkIjtpOjA7fXM6NjoiZmFicmlrIjtPOjg6InN0ZENsYXNzIjoxOntzOjI6ImpzIjtPOjg6InN0ZENsYXNzIjo2OntzOjc6InNjcmlwdHMiO047czo4OiJjYWNoZWlkcyI7TjtzOjQ6ImhlYWQiO086ODoic3RkQ2xhc3MiOjI6e3M6Nzoic2NyaXB0cyI7TjtzOjU6ImNhY2hlIjtPOjg6InN0ZENsYXNzIjoxOntzOjMyOiJlYjgwZWIyY2MyOTEzMTIwYzEyOGNlMWMxYTNhYmVmNyI7czoxNzcxOiJ7IlwvbWVkaWFcL2p1aVwvanNcL2pxdWVyeS5taW4uanMiOnsidHlwZSI6InRleHRcL2phdmFzY3JpcHQiLCJvcHRpb25zIjp7InZlcnNpb24iOiJhdXRvIiwicmVsYXRpdmUiOnRydWUsImRldGVjdERlYnVnIjpmYWxzZSwiZnJhbWV3b3JrIjpmYWxzZSwicGF0aE9ubHkiOmZhbHNlLCJkZXRlY3RCcm93c2VyIjp0cnVlfX0sIlwvbWVkaWFcL2p1aVwvanNcL2pxdWVyeS1ub2NvbmZsaWN0LmpzIjp7InR5cGUiOiJ0ZXh0XC9qYXZhc2NyaXB0Iiwib3B0aW9ucyI6eyJ2ZXJzaW9uIjoiYXV0byIsInJlbGF0aXZlIjp0cnVlLCJmcmFtZXdvcmsiOmZhbHNlLCJwYXRoT25seSI6ZmFsc2UsImRldGVjdEJyb3dzZXIiOnRydWUsImRldGVjdERlYnVnIjp0cnVlfX0sIlwvbWVkaWFcL2p1aVwvanNcL2pxdWVyeS1taWdyYXRlLm1pbi5qcyI6eyJ0eXBlIjoidGV4dFwvamF2YXNjcmlwdCIsIm9wdGlvbnMiOnsidmVyc2lvbiI6ImF1dG8iLCJyZWxhdGl2ZSI6dHJ1ZSwiZGV0ZWN0RGVidWciOmZhbHNlLCJmcmFtZXdvcmsiOmZhbHNlLCJwYXRoT25seSI6ZmFsc2UsImRldGVjdEJyb3dzZXIiOnRydWV9fSwiXC9tZWRpYVwvc3lzdGVtXC9qc1wvY2FwdGlvbi5qcyI6eyJ0eXBlIjoidGV4dFwvamF2YXNjcmlwdCIsIm9wdGlvbnMiOnsidmVyc2lvbiI6ImF1dG8iLCJyZWxhdGl2ZSI6dHJ1ZSwiZnJhbWV3b3JrIjpmYWxzZSwicGF0aE9ubHkiOmZhbHNlLCJkZXRlY3RCcm93c2VyIjp0cnVlLCJkZXRlY3REZWJ1ZyI6dHJ1ZX19LCJcL21lZGlhXC9qdWlcL2pzXC9ib290c3RyYXAuanMiOnsidHlwZSI6InRleHRcL2phdmFzY3JpcHQiLCJvcHRpb25zIjpbXX0sIlwvdGVtcGxhdGVzXC90aGVtZTE0ODBcL2pzXC9qcXVlcnkuZWFzaW5nLjEuMy5qcyI6eyJ0eXBlIjoidGV4dFwvamF2YXNjcmlwdCIsIm9wdGlvbnMiOltdfSwiXC90ZW1wbGF0ZXNcL3RoZW1lMTQ4MFwvanNcL2pxdWVyeS5pc290b3BlLm1pbi5qcyI6eyJ0eXBlIjoidGV4dFwvamF2YXNjcmlwdCIsIm9wdGlvbnMiOltdfSwiXC90ZW1wbGF0ZXNcL3RoZW1lMTQ4MFwvanNcL3RvdWNoLmdhbGxlcnkuanMiOnsidHlwZSI6InRleHRcL2phdmFzY3JpcHQiLCJvcHRpb25zIjpbXX0sIlwvdGVtcGxhdGVzXC90aGVtZTE0ODBcL2pzXC9zY3JpcHRzLmpzIjp7InR5cGUiOiJ0ZXh0XC9qYXZhc2NyaXB0Iiwib3B0aW9ucyI6W119LCJodHRwOlwvXC93d3cuZS1hbm9kb3MuZ3JcL21vZHVsZXNcL21vZF9zdXBlcmZpc2hfbWVudVwvanNcL3N1cGVyZmlzaC5qcyI6eyJ0eXBlIjoidGV4dFwvamF2YXNjcmlwdCIsIm9wdGlvbnMiOltdfSwiaHR0cDpcL1wvd3d3LmUtYW5vZG9zLmdyXC9tb2R1bGVzXC9tb2Rfc3VwZXJmaXNoX21lbnVcL2pzXC9qcXVlcnkubW9iaWxlbWVudS5qcyI6eyJ0eXBlIjoidGV4dFwvamF2YXNjcmlwdCIsIm9wdGlvbnMiOltdfSwiaHR0cDpcL1wvd3d3LmUtYW5vZG9zLmdyXC9tb2R1bGVzXC9tb2Rfc3VwZXJmaXNoX21lbnVcL2pzXC9qcXVlcnkuaG92ZXJJbnRlbnQuanMiOnsidHlwZSI6InRleHRcL2phdmFzY3JpcHQiLCJvcHRpb25zIjpbXX0sImh0dHA6XC9cL3d3dy5lLWFub2Rvcy5nclwvbW9kdWxlc1wvbW9kX3N1cGVyZmlzaF9tZW51XC9qc1wvc3VwZXJzdWJzLmpzIjp7InR5cGUiOiJ0ZXh0XC9qYXZhc2NyaXB0Iiwib3B0aW9ucyI6W119LCJodHRwOlwvXC93d3cuZS1hbm9kb3MuZ3JcL21vZHVsZXNcL21vZF9zdXBlcmZpc2hfbWVudVwvanNcL3NmdG91Y2hzY3JlZW4uanMiOnsidHlwZSI6InRleHRcL2phdmFzY3JpcHQiLCJvcHRpb25zIjpbXX19Ijt9fXM6NjoiY29uZmlnIjtOO3M6NDoic2hpbSI7TjtzOjg6ImpsYXlvdXRzIjtOO319fX1zOjE0OiIAKgBpbml0aWFsaXplZCI7YjowO3M6OToic2VwYXJhdG9yIjtzOjE6Ii4iO30=\";',0,''),('eab0538279f842036519580e6cb748a8',0,1,1674904638,'joomla|s:1016:\"TzoyNDoiSm9vbWxhXFJlZ2lzdHJ5XFJlZ2lzdHJ5IjozOntzOjc6IgAqAGRhdGEiO086ODoic3RkQ2xhc3MiOjE6e3M6OToiX19kZWZhdWx0IjtPOjg6InN0ZENsYXNzIjo0OntzOjc6InNlc3Npb24iO086ODoic3RkQ2xhc3MiOjI6e3M6NzoiY291bnRlciI7aToxO3M6NToidGltZXIiO086ODoic3RkQ2xhc3MiOjM6e3M6NToic3RhcnQiO2k6MTY3NDkwNDYzODtzOjQ6Imxhc3QiO2k6MTY3NDkwNDYzODtzOjM6Im5vdyI7aToxNjc0OTA0NjM4O319czo4OiJyZWdpc3RyeSI7TzoyNDoiSm9vbWxhXFJlZ2lzdHJ5XFJlZ2lzdHJ5IjozOntzOjc6IgAqAGRhdGEiO086ODoic3RkQ2xhc3MiOjA6e31zOjE0OiIAKgBpbml0aWFsaXplZCI7YjowO3M6OToic2VwYXJhdG9yIjtzOjE6Ii4iO31zOjQ6InVzZXIiO086MjA6Ikpvb21sYVxDTVNcVXNlclxVc2VyIjoxOntzOjI6ImlkIjtpOjA7fXM6NjoiZmFicmlrIjtPOjg6InN0ZENsYXNzIjoxOntzOjI6ImpzIjtPOjg6InN0ZENsYXNzIjo2OntzOjc6InNjcmlwdHMiO047czo4OiJjYWNoZWlkcyI7TjtzOjQ6ImhlYWQiO086ODoic3RkQ2xhc3MiOjI6e3M6Nzoic2NyaXB0cyI7TjtzOjU6ImNhY2hlIjtPOjg6InN0ZENsYXNzIjoxOntzOjMyOiJlYjE4NGUwYTNlOTYxOGU2NWU5MTNhMDRiZGVkODJlZSI7czoyOiJbXSI7fX1zOjY6ImNvbmZpZyI7TjtzOjQ6InNoaW0iO047czo4OiJqbGF5b3V0cyI7Tjt9fX19czoxNDoiACoAaW5pdGlhbGl6ZWQiO2I6MDtzOjk6InNlcGFyYXRvciI7czoxOiIuIjt9\";',0,''),('ebddcdad50edf03e09496a7b11de6c17',0,1,1674909339,'joomla|s:664:\"TzoyNDoiSm9vbWxhXFJlZ2lzdHJ5XFJlZ2lzdHJ5IjozOntzOjc6IgAqAGRhdGEiO086ODoic3RkQ2xhc3MiOjE6e3M6OToiX19kZWZhdWx0IjtPOjg6InN0ZENsYXNzIjozOntzOjc6InNlc3Npb24iO086ODoic3RkQ2xhc3MiOjI6e3M6NzoiY291bnRlciI7aToxO3M6NToidGltZXIiO086ODoic3RkQ2xhc3MiOjM6e3M6NToic3RhcnQiO2k6MTY3NDkwOTMzOTtzOjQ6Imxhc3QiO2k6MTY3NDkwOTMzOTtzOjM6Im5vdyI7aToxNjc0OTA5MzM5O319czo4OiJyZWdpc3RyeSI7TzoyNDoiSm9vbWxhXFJlZ2lzdHJ5XFJlZ2lzdHJ5IjozOntzOjc6IgAqAGRhdGEiO086ODoic3RkQ2xhc3MiOjA6e31zOjE0OiIAKgBpbml0aWFsaXplZCI7YjowO3M6OToic2VwYXJhdG9yIjtzOjE6Ii4iO31zOjQ6InVzZXIiO086MjA6Ikpvb21sYVxDTVNcVXNlclxVc2VyIjoxOntzOjI6ImlkIjtpOjA7fX19czoxNDoiACoAaW5pdGlhbGl6ZWQiO2I6MDtzOjk6InNlcGFyYXRvciI7czoxOiIuIjt9\";',0,''),('ed33a38729d883f248c4ffe5f7074e6f',0,1,1674951202,'joomla|s:3360:\"TzoyNDoiSm9vbWxhXFJlZ2lzdHJ5XFJlZ2lzdHJ5IjozOntzOjc6IgAqAGRhdGEiO086ODoic3RkQ2xhc3MiOjE6e3M6OToiX19kZWZhdWx0IjtPOjg6InN0ZENsYXNzIjo0OntzOjc6InNlc3Npb24iO086ODoic3RkQ2xhc3MiOjI6e3M6NzoiY291bnRlciI7aToxO3M6NToidGltZXIiO086ODoic3RkQ2xhc3MiOjM6e3M6NToic3RhcnQiO2k6MTY3NDk1MTIwMjtzOjQ6Imxhc3QiO2k6MTY3NDk1MTIwMjtzOjM6Im5vdyI7aToxNjc0OTUxMjAyO319czo4OiJyZWdpc3RyeSI7TzoyNDoiSm9vbWxhXFJlZ2lzdHJ5XFJlZ2lzdHJ5IjozOntzOjc6IgAqAGRhdGEiO086ODoic3RkQ2xhc3MiOjA6e31zOjE0OiIAKgBpbml0aWFsaXplZCI7YjowO3M6OToic2VwYXJhdG9yIjtzOjE6Ii4iO31zOjQ6InVzZXIiO086MjA6Ikpvb21sYVxDTVNcVXNlclxVc2VyIjoxOntzOjI6ImlkIjtpOjA7fXM6NjoiZmFicmlrIjtPOjg6InN0ZENsYXNzIjoxOntzOjI6ImpzIjtPOjg6InN0ZENsYXNzIjo2OntzOjc6InNjcmlwdHMiO047czo4OiJjYWNoZWlkcyI7TjtzOjQ6ImhlYWQiO086ODoic3RkQ2xhc3MiOjI6e3M6Nzoic2NyaXB0cyI7TjtzOjU6ImNhY2hlIjtPOjg6InN0ZENsYXNzIjoxOntzOjMyOiI3NDI0OTViMDc1YTc5NDZjMTViYzY0YjIzODgwNjlmYyI7czoxNzU2OiJ7IlwvbWVkaWFcL2p1aVwvanNcL2pxdWVyeS5taW4uanMiOnsidHlwZSI6InRleHRcL2phdmFzY3JpcHQiLCJvcHRpb25zIjp7InZlcnNpb24iOiJhdXRvIiwicmVsYXRpdmUiOnRydWUsImRldGVjdERlYnVnIjpmYWxzZSwiZnJhbWV3b3JrIjpmYWxzZSwicGF0aE9ubHkiOmZhbHNlLCJkZXRlY3RCcm93c2VyIjp0cnVlfX0sIlwvbWVkaWFcL2p1aVwvanNcL2pxdWVyeS1ub2NvbmZsaWN0LmpzIjp7InR5cGUiOiJ0ZXh0XC9qYXZhc2NyaXB0Iiwib3B0aW9ucyI6eyJ2ZXJzaW9uIjoiYXV0byIsInJlbGF0aXZlIjp0cnVlLCJmcmFtZXdvcmsiOmZhbHNlLCJwYXRoT25seSI6ZmFsc2UsImRldGVjdEJyb3dzZXIiOnRydWUsImRldGVjdERlYnVnIjp0cnVlfX0sIlwvbWVkaWFcL2p1aVwvanNcL2pxdWVyeS1taWdyYXRlLm1pbi5qcyI6eyJ0eXBlIjoidGV4dFwvamF2YXNjcmlwdCIsIm9wdGlvbnMiOnsidmVyc2lvbiI6ImF1dG8iLCJyZWxhdGl2ZSI6dHJ1ZSwiZGV0ZWN0RGVidWciOmZhbHNlLCJmcmFtZXdvcmsiOmZhbHNlLCJwYXRoT25seSI6ZmFsc2UsImRldGVjdEJyb3dzZXIiOnRydWV9fSwiXC9tZWRpYVwvc3lzdGVtXC9qc1wvY2FwdGlvbi5qcyI6eyJ0eXBlIjoidGV4dFwvamF2YXNjcmlwdCIsIm9wdGlvbnMiOnsidmVyc2lvbiI6ImF1dG8iLCJyZWxhdGl2ZSI6dHJ1ZSwiZnJhbWV3b3JrIjpmYWxzZSwicGF0aE9ubHkiOmZhbHNlLCJkZXRlY3RCcm93c2VyIjp0cnVlLCJkZXRlY3REZWJ1ZyI6dHJ1ZX19LCJcL21lZGlhXC9qdWlcL2pzXC9ib290c3RyYXAuanMiOnsidHlwZSI6InRleHRcL2phdmFzY3JpcHQiLCJvcHRpb25zIjpbXX0sIlwvdGVtcGxhdGVzXC90aGVtZTE0ODBcL2pzXC9qcXVlcnkuZWFzaW5nLjEuMy5qcyI6eyJ0eXBlIjoidGV4dFwvamF2YXNjcmlwdCIsIm9wdGlvbnMiOltdfSwiXC90ZW1wbGF0ZXNcL3RoZW1lMTQ4MFwvanNcL2pxdWVyeS5pc290b3BlLm1pbi5qcyI6eyJ0eXBlIjoidGV4dFwvamF2YXNjcmlwdCIsIm9wdGlvbnMiOltdfSwiXC90ZW1wbGF0ZXNcL3RoZW1lMTQ4MFwvanNcL3RvdWNoLmdhbGxlcnkuanMiOnsidHlwZSI6InRleHRcL2phdmFzY3JpcHQiLCJvcHRpb25zIjpbXX0sIlwvdGVtcGxhdGVzXC90aGVtZTE0ODBcL2pzXC9zY3JpcHRzLmpzIjp7InR5cGUiOiJ0ZXh0XC9qYXZhc2NyaXB0Iiwib3B0aW9ucyI6W119LCJodHRwczpcL1wvZS1hbm9kb3MuZ3JcL21vZHVsZXNcL21vZF9zdXBlcmZpc2hfbWVudVwvanNcL3N1cGVyZmlzaC5qcyI6eyJ0eXBlIjoidGV4dFwvamF2YXNjcmlwdCIsIm9wdGlvbnMiOltdfSwiaHR0cHM6XC9cL2UtYW5vZG9zLmdyXC9tb2R1bGVzXC9tb2Rfc3VwZXJmaXNoX21lbnVcL2pzXC9qcXVlcnkubW9iaWxlbWVudS5qcyI6eyJ0eXBlIjoidGV4dFwvamF2YXNjcmlwdCIsIm9wdGlvbnMiOltdfSwiaHR0cHM6XC9cL2UtYW5vZG9zLmdyXC9tb2R1bGVzXC9tb2Rfc3VwZXJmaXNoX21lbnVcL2pzXC9qcXVlcnkuaG92ZXJJbnRlbnQuanMiOnsidHlwZSI6InRleHRcL2phdmFzY3JpcHQiLCJvcHRpb25zIjpbXX0sImh0dHBzOlwvXC9lLWFub2Rvcy5nclwvbW9kdWxlc1wvbW9kX3N1cGVyZmlzaF9tZW51XC9qc1wvc3VwZXJzdWJzLmpzIjp7InR5cGUiOiJ0ZXh0XC9qYXZhc2NyaXB0Iiwib3B0aW9ucyI6W119LCJodHRwczpcL1wvZS1hbm9kb3MuZ3JcL21vZHVsZXNcL21vZF9zdXBlcmZpc2hfbWVudVwvanNcL3NmdG91Y2hzY3JlZW4uanMiOnsidHlwZSI6InRleHRcL2phdmFzY3JpcHQiLCJvcHRpb25zIjpbXX19Ijt9fXM6NjoiY29uZmlnIjtOO3M6NDoic2hpbSI7TjtzOjg6ImpsYXlvdXRzIjtOO319fX1zOjE0OiIAKgBpbml0aWFsaXplZCI7YjowO3M6OToic2VwYXJhdG9yIjtzOjE6Ii4iO30=\";',0,''),('edb5cbacd1507c81b0e07dd86863e398',0,1,1674908839,'joomla|s:3360:\"TzoyNDoiSm9vbWxhXFJlZ2lzdHJ5XFJlZ2lzdHJ5IjozOntzOjc6IgAqAGRhdGEiO086ODoic3RkQ2xhc3MiOjE6e3M6OToiX19kZWZhdWx0IjtPOjg6InN0ZENsYXNzIjo0OntzOjc6InNlc3Npb24iO086ODoic3RkQ2xhc3MiOjI6e3M6NzoiY291bnRlciI7aToxO3M6NToidGltZXIiO086ODoic3RkQ2xhc3MiOjM6e3M6NToic3RhcnQiO2k6MTY3NDkwODgzOTtzOjQ6Imxhc3QiO2k6MTY3NDkwODgzOTtzOjM6Im5vdyI7aToxNjc0OTA4ODM5O319czo4OiJyZWdpc3RyeSI7TzoyNDoiSm9vbWxhXFJlZ2lzdHJ5XFJlZ2lzdHJ5IjozOntzOjc6IgAqAGRhdGEiO086ODoic3RkQ2xhc3MiOjA6e31zOjE0OiIAKgBpbml0aWFsaXplZCI7YjowO3M6OToic2VwYXJhdG9yIjtzOjE6Ii4iO31zOjQ6InVzZXIiO086MjA6Ikpvb21sYVxDTVNcVXNlclxVc2VyIjoxOntzOjI6ImlkIjtpOjA7fXM6NjoiZmFicmlrIjtPOjg6InN0ZENsYXNzIjoxOntzOjI6ImpzIjtPOjg6InN0ZENsYXNzIjo2OntzOjc6InNjcmlwdHMiO047czo4OiJjYWNoZWlkcyI7TjtzOjQ6ImhlYWQiO086ODoic3RkQ2xhc3MiOjI6e3M6Nzoic2NyaXB0cyI7TjtzOjU6ImNhY2hlIjtPOjg6InN0ZENsYXNzIjoxOntzOjMyOiIzM2JmODVmMzNmMGVjOGJlZWY4OGRiODFkNjcxYWVhMCI7czoxNzU2OiJ7IlwvbWVkaWFcL2p1aVwvanNcL2pxdWVyeS5taW4uanMiOnsidHlwZSI6InRleHRcL2phdmFzY3JpcHQiLCJvcHRpb25zIjp7InZlcnNpb24iOiJhdXRvIiwicmVsYXRpdmUiOnRydWUsImRldGVjdERlYnVnIjpmYWxzZSwiZnJhbWV3b3JrIjpmYWxzZSwicGF0aE9ubHkiOmZhbHNlLCJkZXRlY3RCcm93c2VyIjp0cnVlfX0sIlwvbWVkaWFcL2p1aVwvanNcL2pxdWVyeS1ub2NvbmZsaWN0LmpzIjp7InR5cGUiOiJ0ZXh0XC9qYXZhc2NyaXB0Iiwib3B0aW9ucyI6eyJ2ZXJzaW9uIjoiYXV0byIsInJlbGF0aXZlIjp0cnVlLCJmcmFtZXdvcmsiOmZhbHNlLCJwYXRoT25seSI6ZmFsc2UsImRldGVjdEJyb3dzZXIiOnRydWUsImRldGVjdERlYnVnIjp0cnVlfX0sIlwvbWVkaWFcL2p1aVwvanNcL2pxdWVyeS1taWdyYXRlLm1pbi5qcyI6eyJ0eXBlIjoidGV4dFwvamF2YXNjcmlwdCIsIm9wdGlvbnMiOnsidmVyc2lvbiI6ImF1dG8iLCJyZWxhdGl2ZSI6dHJ1ZSwiZGV0ZWN0RGVidWciOmZhbHNlLCJmcmFtZXdvcmsiOmZhbHNlLCJwYXRoT25seSI6ZmFsc2UsImRldGVjdEJyb3dzZXIiOnRydWV9fSwiXC9tZWRpYVwvc3lzdGVtXC9qc1wvY2FwdGlvbi5qcyI6eyJ0eXBlIjoidGV4dFwvamF2YXNjcmlwdCIsIm9wdGlvbnMiOnsidmVyc2lvbiI6ImF1dG8iLCJyZWxhdGl2ZSI6dHJ1ZSwiZnJhbWV3b3JrIjpmYWxzZSwicGF0aE9ubHkiOmZhbHNlLCJkZXRlY3RCcm93c2VyIjp0cnVlLCJkZXRlY3REZWJ1ZyI6dHJ1ZX19LCJcL21lZGlhXC9qdWlcL2pzXC9ib290c3RyYXAuanMiOnsidHlwZSI6InRleHRcL2phdmFzY3JpcHQiLCJvcHRpb25zIjpbXX0sIlwvdGVtcGxhdGVzXC90aGVtZTE0ODBcL2pzXC9qcXVlcnkuZWFzaW5nLjEuMy5qcyI6eyJ0eXBlIjoidGV4dFwvamF2YXNjcmlwdCIsIm9wdGlvbnMiOltdfSwiXC90ZW1wbGF0ZXNcL3RoZW1lMTQ4MFwvanNcL2pxdWVyeS5pc290b3BlLm1pbi5qcyI6eyJ0eXBlIjoidGV4dFwvamF2YXNjcmlwdCIsIm9wdGlvbnMiOltdfSwiXC90ZW1wbGF0ZXNcL3RoZW1lMTQ4MFwvanNcL3RvdWNoLmdhbGxlcnkuanMiOnsidHlwZSI6InRleHRcL2phdmFzY3JpcHQiLCJvcHRpb25zIjpbXX0sIlwvdGVtcGxhdGVzXC90aGVtZTE0ODBcL2pzXC9zY3JpcHRzLmpzIjp7InR5cGUiOiJ0ZXh0XC9qYXZhc2NyaXB0Iiwib3B0aW9ucyI6W119LCJodHRwczpcL1wvZS1hbm9kb3MuZ3JcL21vZHVsZXNcL21vZF9zdXBlcmZpc2hfbWVudVwvanNcL3N1cGVyZmlzaC5qcyI6eyJ0eXBlIjoidGV4dFwvamF2YXNjcmlwdCIsIm9wdGlvbnMiOltdfSwiaHR0cHM6XC9cL2UtYW5vZG9zLmdyXC9tb2R1bGVzXC9tb2Rfc3VwZXJmaXNoX21lbnVcL2pzXC9qcXVlcnkubW9iaWxlbWVudS5qcyI6eyJ0eXBlIjoidGV4dFwvamF2YXNjcmlwdCIsIm9wdGlvbnMiOltdfSwiaHR0cHM6XC9cL2UtYW5vZG9zLmdyXC9tb2R1bGVzXC9tb2Rfc3VwZXJmaXNoX21lbnVcL2pzXC9qcXVlcnkuaG92ZXJJbnRlbnQuanMiOnsidHlwZSI6InRleHRcL2phdmFzY3JpcHQiLCJvcHRpb25zIjpbXX0sImh0dHBzOlwvXC9lLWFub2Rvcy5nclwvbW9kdWxlc1wvbW9kX3N1cGVyZmlzaF9tZW51XC9qc1wvc3VwZXJzdWJzLmpzIjp7InR5cGUiOiJ0ZXh0XC9qYXZhc2NyaXB0Iiwib3B0aW9ucyI6W119LCJodHRwczpcL1wvZS1hbm9kb3MuZ3JcL21vZHVsZXNcL21vZF9zdXBlcmZpc2hfbWVudVwvanNcL3NmdG91Y2hzY3JlZW4uanMiOnsidHlwZSI6InRleHRcL2phdmFzY3JpcHQiLCJvcHRpb25zIjpbXX19Ijt9fXM6NjoiY29uZmlnIjtOO3M6NDoic2hpbSI7TjtzOjg6ImpsYXlvdXRzIjtOO319fX1zOjE0OiIAKgBpbml0aWFsaXplZCI7YjowO3M6OToic2VwYXJhdG9yIjtzOjE6Ii4iO30=\";',0,''),('efd0342463f74aa3d408175f3930c0e2',0,1,1674902562,'joomla|s:3352:\"TzoyNDoiSm9vbWxhXFJlZ2lzdHJ5XFJlZ2lzdHJ5IjozOntzOjc6IgAqAGRhdGEiO086ODoic3RkQ2xhc3MiOjE6e3M6OToiX19kZWZhdWx0IjtPOjg6InN0ZENsYXNzIjo0OntzOjc6InNlc3Npb24iO086ODoic3RkQ2xhc3MiOjI6e3M6NzoiY291bnRlciI7aToxO3M6NToidGltZXIiO086ODoic3RkQ2xhc3MiOjM6e3M6NToic3RhcnQiO2k6MTY3NDkwMjU2MTtzOjQ6Imxhc3QiO2k6MTY3NDkwMjU2MTtzOjM6Im5vdyI7aToxNjc0OTAyNTYxO319czo4OiJyZWdpc3RyeSI7TzoyNDoiSm9vbWxhXFJlZ2lzdHJ5XFJlZ2lzdHJ5IjozOntzOjc6IgAqAGRhdGEiO086ODoic3RkQ2xhc3MiOjA6e31zOjE0OiIAKgBpbml0aWFsaXplZCI7YjowO3M6OToic2VwYXJhdG9yIjtzOjE6Ii4iO31zOjQ6InVzZXIiO086MjA6Ikpvb21sYVxDTVNcVXNlclxVc2VyIjoxOntzOjI6ImlkIjtpOjA7fXM6NjoiZmFicmlrIjtPOjg6InN0ZENsYXNzIjoxOntzOjI6ImpzIjtPOjg6InN0ZENsYXNzIjo2OntzOjc6InNjcmlwdHMiO047czo4OiJjYWNoZWlkcyI7TjtzOjQ6ImhlYWQiO086ODoic3RkQ2xhc3MiOjI6e3M6Nzoic2NyaXB0cyI7TjtzOjU6ImNhY2hlIjtPOjg6InN0ZENsYXNzIjoxOntzOjMyOiI3NDI0OTViMDc1YTc5NDZjMTViYzY0YjIzODgwNjlmYyI7czoxNzUxOiJ7IlwvbWVkaWFcL2p1aVwvanNcL2pxdWVyeS5taW4uanMiOnsidHlwZSI6InRleHRcL2phdmFzY3JpcHQiLCJvcHRpb25zIjp7InZlcnNpb24iOiJhdXRvIiwicmVsYXRpdmUiOnRydWUsImRldGVjdERlYnVnIjpmYWxzZSwiZnJhbWV3b3JrIjpmYWxzZSwicGF0aE9ubHkiOmZhbHNlLCJkZXRlY3RCcm93c2VyIjp0cnVlfX0sIlwvbWVkaWFcL2p1aVwvanNcL2pxdWVyeS1ub2NvbmZsaWN0LmpzIjp7InR5cGUiOiJ0ZXh0XC9qYXZhc2NyaXB0Iiwib3B0aW9ucyI6eyJ2ZXJzaW9uIjoiYXV0byIsInJlbGF0aXZlIjp0cnVlLCJmcmFtZXdvcmsiOmZhbHNlLCJwYXRoT25seSI6ZmFsc2UsImRldGVjdEJyb3dzZXIiOnRydWUsImRldGVjdERlYnVnIjp0cnVlfX0sIlwvbWVkaWFcL2p1aVwvanNcL2pxdWVyeS1taWdyYXRlLm1pbi5qcyI6eyJ0eXBlIjoidGV4dFwvamF2YXNjcmlwdCIsIm9wdGlvbnMiOnsidmVyc2lvbiI6ImF1dG8iLCJyZWxhdGl2ZSI6dHJ1ZSwiZGV0ZWN0RGVidWciOmZhbHNlLCJmcmFtZXdvcmsiOmZhbHNlLCJwYXRoT25seSI6ZmFsc2UsImRldGVjdEJyb3dzZXIiOnRydWV9fSwiXC9tZWRpYVwvc3lzdGVtXC9qc1wvY2FwdGlvbi5qcyI6eyJ0eXBlIjoidGV4dFwvamF2YXNjcmlwdCIsIm9wdGlvbnMiOnsidmVyc2lvbiI6ImF1dG8iLCJyZWxhdGl2ZSI6dHJ1ZSwiZnJhbWV3b3JrIjpmYWxzZSwicGF0aE9ubHkiOmZhbHNlLCJkZXRlY3RCcm93c2VyIjp0cnVlLCJkZXRlY3REZWJ1ZyI6dHJ1ZX19LCJcL21lZGlhXC9qdWlcL2pzXC9ib290c3RyYXAuanMiOnsidHlwZSI6InRleHRcL2phdmFzY3JpcHQiLCJvcHRpb25zIjpbXX0sIlwvdGVtcGxhdGVzXC90aGVtZTE0ODBcL2pzXC9qcXVlcnkuZWFzaW5nLjEuMy5qcyI6eyJ0eXBlIjoidGV4dFwvamF2YXNjcmlwdCIsIm9wdGlvbnMiOltdfSwiXC90ZW1wbGF0ZXNcL3RoZW1lMTQ4MFwvanNcL2pxdWVyeS5pc290b3BlLm1pbi5qcyI6eyJ0eXBlIjoidGV4dFwvamF2YXNjcmlwdCIsIm9wdGlvbnMiOltdfSwiXC90ZW1wbGF0ZXNcL3RoZW1lMTQ4MFwvanNcL3RvdWNoLmdhbGxlcnkuanMiOnsidHlwZSI6InRleHRcL2phdmFzY3JpcHQiLCJvcHRpb25zIjpbXX0sIlwvdGVtcGxhdGVzXC90aGVtZTE0ODBcL2pzXC9zY3JpcHRzLmpzIjp7InR5cGUiOiJ0ZXh0XC9qYXZhc2NyaXB0Iiwib3B0aW9ucyI6W119LCJodHRwOlwvXC9lLWFub2Rvcy5nclwvbW9kdWxlc1wvbW9kX3N1cGVyZmlzaF9tZW51XC9qc1wvc3VwZXJmaXNoLmpzIjp7InR5cGUiOiJ0ZXh0XC9qYXZhc2NyaXB0Iiwib3B0aW9ucyI6W119LCJodHRwOlwvXC9lLWFub2Rvcy5nclwvbW9kdWxlc1wvbW9kX3N1cGVyZmlzaF9tZW51XC9qc1wvanF1ZXJ5Lm1vYmlsZW1lbnUuanMiOnsidHlwZSI6InRleHRcL2phdmFzY3JpcHQiLCJvcHRpb25zIjpbXX0sImh0dHA6XC9cL2UtYW5vZG9zLmdyXC9tb2R1bGVzXC9tb2Rfc3VwZXJmaXNoX21lbnVcL2pzXC9qcXVlcnkuaG92ZXJJbnRlbnQuanMiOnsidHlwZSI6InRleHRcL2phdmFzY3JpcHQiLCJvcHRpb25zIjpbXX0sImh0dHA6XC9cL2UtYW5vZG9zLmdyXC9tb2R1bGVzXC9tb2Rfc3VwZXJmaXNoX21lbnVcL2pzXC9zdXBlcnN1YnMuanMiOnsidHlwZSI6InRleHRcL2phdmFzY3JpcHQiLCJvcHRpb25zIjpbXX0sImh0dHA6XC9cL2UtYW5vZG9zLmdyXC9tb2R1bGVzXC9tb2Rfc3VwZXJmaXNoX21lbnVcL2pzXC9zZnRvdWNoc2NyZWVuLmpzIjp7InR5cGUiOiJ0ZXh0XC9qYXZhc2NyaXB0Iiwib3B0aW9ucyI6W119fSI7fX1zOjY6ImNvbmZpZyI7TjtzOjQ6InNoaW0iO047czo4OiJqbGF5b3V0cyI7Tjt9fX19czoxNDoiACoAaW5pdGlhbGl6ZWQiO2I6MDtzOjk6InNlcGFyYXRvciI7czoxOiIuIjt9\";',0,''),('efd6b81c1927c3f500c31a409082b90a',0,1,1674936155,'joomla|s:7092:\"[encoded data, 7092 characters]\";',0,''),('f0c787559ee985c26b1ff9f6c691254d',0,1,1674894956,'joomla|s:3380:\"TzoyNDoiSm9vbWxhXFJlZ2lzdHJ5XFJlZ2lzdHJ5IjozOntzOjc6IgAqAGRhdGEiO086ODoic3RkQ2xhc3MiOjE6e3M6OToiX19kZWZhdWx0IjtPOjg6InN0ZENsYXNzIjo0OntzOjc6InNlc3Npb24iO086ODoic3RkQ2xhc3MiOjI6e3M6NzoiY291bnRlciI7aToxO3M6NToidGltZXIiO086ODoic3RkQ2xhc3MiOjM6e3M6NToic3RhcnQiO2k6MTY3NDg5NDk1NjtzOjQ6Imxhc3QiO2k6MTY3NDg5NDk1NjtzOjM6Im5vdyI7aToxNjc0ODk0OTU2O319czo4OiJyZWdpc3RyeSI7TzoyNDoiSm9vbWxhXFJlZ2lzdHJ5XFJlZ2lzdHJ5IjozOntzOjc6IgAqAGRhdGEiO086ODoic3RkQ2xhc3MiOjA6e31zOjE0OiIAKgBpbml0aWFsaXplZCI7YjowO3M6OToic2VwYXJhdG9yIjtzOjE6Ii4iO31zOjQ6InVzZXIiO086MjA6Ikpvb21sYVxDTVNcVXNlclxVc2VyIjoxOntzOjI6ImlkIjtpOjA7fXM6NjoiZmFicmlrIjtPOjg6InN0ZENsYXNzIjoxOntzOjI6ImpzIjtPOjg6InN0ZENsYXNzIjo2OntzOjc6InNjcmlwdHMiO047czo4OiJjYWNoZWlkcyI7TjtzOjQ6ImhlYWQiO086ODoic3RkQ2xhc3MiOjI6e3M6Nzoic2NyaXB0cyI7TjtzOjU6ImNhY2hlIjtPOjg6InN0ZENsYXNzIjoxOntzOjMyOiIwMTk4NjcwOWNlMjdhODYyOThmZTY1NzE2MDIwMDhmOCI7czoxNzcxOiJ7IlwvbWVkaWFcL2p1aVwvanNcL2pxdWVyeS5taW4uanMiOnsidHlwZSI6InRleHRcL2phdmFzY3JpcHQiLCJvcHRpb25zIjp7InZlcnNpb24iOiJhdXRvIiwicmVsYXRpdmUiOnRydWUsImRldGVjdERlYnVnIjpmYWxzZSwiZnJhbWV3b3JrIjpmYWxzZSwicGF0aE9ubHkiOmZhbHNlLCJkZXRlY3RCcm93c2VyIjp0cnVlfX0sIlwvbWVkaWFcL2p1aVwvanNcL2pxdWVyeS1ub2NvbmZsaWN0LmpzIjp7InR5cGUiOiJ0ZXh0XC9qYXZhc2NyaXB0Iiwib3B0aW9ucyI6eyJ2ZXJzaW9uIjoiYXV0byIsInJlbGF0aXZlIjp0cnVlLCJmcmFtZXdvcmsiOmZhbHNlLCJwYXRoT25seSI6ZmFsc2UsImRldGVjdEJyb3dzZXIiOnRydWUsImRldGVjdERlYnVnIjp0cnVlfX0sIlwvbWVkaWFcL2p1aVwvanNcL2pxdWVyeS1taWdyYXRlLm1pbi5qcyI6eyJ0eXBlIjoidGV4dFwvamF2YXNjcmlwdCIsIm9wdGlvbnMiOnsidmVyc2lvbiI6ImF1dG8iLCJyZWxhdGl2ZSI6dHJ1ZSwiZGV0ZWN0RGVidWciOmZhbHNlLCJmcmFtZXdvcmsiOmZhbHNlLCJwYXRoT25seSI6ZmFsc2UsImRldGVjdEJyb3dzZXIiOnRydWV9fSwiXC9tZWRpYVwvc3lzdGVtXC9qc1wvY2FwdGlvbi5qcyI6eyJ0eXBlIjoidGV4dFwvamF2YXNjcmlwdCIsIm9wdGlvbnMiOnsidmVyc2lvbiI6ImF1dG8iLCJyZWxhdGl2ZSI6dHJ1ZSwiZnJhbWV3b3JrIjpmYWxzZSwicGF0aE9ubHkiOmZhbHNlLCJkZXRlY3RCcm93c2VyIjp0cnVlLCJkZXRlY3REZWJ1ZyI6dHJ1ZX19LCJcL21lZGlhXC9qdWlcL2pzXC9ib290c3RyYXAuanMiOnsidHlwZSI6InRleHRcL2phdmFzY3JpcHQiLCJvcHRpb25zIjpbXX0sIlwvdGVtcGxhdGVzXC90aGVtZTE0ODBcL2pzXC9qcXVlcnkuZWFzaW5nLjEuMy5qcyI6eyJ0eXBlIjoidGV4dFwvamF2YXNjcmlwdCIsIm9wdGlvbnMiOltdfSwiXC90ZW1wbGF0ZXNcL3RoZW1lMTQ4MFwvanNcL2pxdWVyeS5pc290b3BlLm1pbi5qcyI6eyJ0eXBlIjoidGV4dFwvamF2YXNjcmlwdCIsIm9wdGlvbnMiOltdfSwiXC90ZW1wbGF0ZXNcL3RoZW1lMTQ4MFwvanNcL3RvdWNoLmdhbGxlcnkuanMiOnsidHlwZSI6InRleHRcL2phdmFzY3JpcHQiLCJvcHRpb25zIjpbXX0sIlwvdGVtcGxhdGVzXC90aGVtZTE0ODBcL2pzXC9zY3JpcHRzLmpzIjp7InR5cGUiOiJ0ZXh0XC9qYXZhc2NyaXB0Iiwib3B0aW9ucyI6W119LCJodHRwOlwvXC93d3cuZS1hbm9kb3MuZ3JcL21vZHVsZXNcL21vZF9zdXBlcmZpc2hfbWVudVwvanNcL3N1cGVyZmlzaC5qcyI6eyJ0eXBlIjoidGV4dFwvamF2YXNjcmlwdCIsIm9wdGlvbnMiOltdfSwiaHR0cDpcL1wvd3d3LmUtYW5vZG9zLmdyXC9tb2R1bGVzXC9tb2Rfc3VwZXJmaXNoX21lbnVcL2pzXC9qcXVlcnkubW9iaWxlbWVudS5qcyI6eyJ0eXBlIjoidGV4dFwvamF2YXNjcmlwdCIsIm9wdGlvbnMiOltdfSwiaHR0cDpcL1wvd3d3LmUtYW5vZG9zLmdyXC9tb2R1bGVzXC9tb2Rfc3VwZXJmaXNoX21lbnVcL2pzXC9qcXVlcnkuaG92ZXJJbnRlbnQuanMiOnsidHlwZSI6InRleHRcL2phdmFzY3JpcHQiLCJvcHRpb25zIjpbXX0sImh0dHA6XC9cL3d3dy5lLWFub2Rvcy5nclwvbW9kdWxlc1wvbW9kX3N1cGVyZmlzaF9tZW51XC9qc1wvc3VwZXJzdWJzLmpzIjp7InR5cGUiOiJ0ZXh0XC9qYXZhc2NyaXB0Iiwib3B0aW9ucyI6W119LCJodHRwOlwvXC93d3cuZS1hbm9kb3MuZ3JcL21vZHVsZXNcL21vZF9zdXBlcmZpc2hfbWVudVwvanNcL3NmdG91Y2hzY3JlZW4uanMiOnsidHlwZSI6InRleHRcL2phdmFzY3JpcHQiLCJvcHRpb25zIjpbXX19Ijt9fXM6NjoiY29uZmlnIjtOO3M6NDoic2hpbSI7TjtzOjg6ImpsYXlvdXRzIjtOO319fX1zOjE0OiIAKgBpbml0aWFsaXplZCI7YjowO3M6OToic2VwYXJhdG9yIjtzOjE6Ii4iO30=\";',0,''),('f0ddf90186cd147c03aea64d1c1b6dc2',0,1,1674904854,'joomla|s:14284:\"[encoded data, 14284 characters]\";',0,''),('f18bd91118ec2eb5bdb27f2072dc05f0',0,1,1674897320,'joomla|s:5080:\"[encoded data, 5080 characters]\";',0,''),('f4d43a701cf18c194cc2e63fdf833099',0,1,1674951250,'joomla|s:7308:\"[encoded data, 7308 characters]\";',0,''),('f67c9f8d8e4b5682ecbd777b9b7b1426',0,1,1674906814,'joomla|s:5044:\"[encoded data, 5044 characters]\";',0,''),('f86800d23caa0fc5a6883061140b44a8',0,1,1674916338,'joomla|s:7236:\"[encoded data, 7236 characters]\";',0,''),('f8e72c9b6859d09cdb0acdf07f9a9e85',0,1,1674911367,'joomla|s:5052:\"[encoded data, 5052 characters]\";',0,''),('fcfac46ef63a0d1528439c0af7c5dddf',0,1,1674940513,'joomla|s:664:\"TzoyNDoiSm9vbWxhXFJlZ2lzdHJ5XFJlZ2lzdHJ5IjozOntzOjc6IgAqAGRhdGEiO086ODoic3RkQ2xhc3MiOjE6e3M6OToiX19kZWZhdWx0IjtPOjg6InN0ZENsYXNzIjozOntzOjc6InNlc3Npb24iO086ODoic3RkQ2xhc3MiOjI6e3M6NzoiY291bnRlciI7aToxO3M6NToidGltZXIiO086ODoic3RkQ2xhc3MiOjM6e3M6NToic3RhcnQiO2k6MTY3NDk0MDUxMztzOjQ6Imxhc3QiO2k6MTY3NDk0MDUxMztzOjM6Im5vdyI7aToxNjc0OTQwNTEzO319czo4OiJyZWdpc3RyeSI7TzoyNDoiSm9vbWxhXFJlZ2lzdHJ5XFJlZ2lzdHJ5IjozOntzOjc6IgAqAGRhdGEiO086ODoic3RkQ2xhc3MiOjA6e31zOjE0OiIAKgBpbml0aWFsaXplZCI7YjowO3M6OToic2VwYXJhdG9yIjtzOjE6Ii4iO31zOjQ6InVzZXIiO086MjA6Ikpvb21sYVxDTVNcVXNlclxVc2VyIjoxOntzOjI6ImlkIjtpOjA7fX19czoxNDoiACoAaW5pdGlhbGl6ZWQiO2I6MDtzOjk6InNlcGFyYXRvciI7czoxOiIuIjt9\";',0,''),('fd3eb6fa7c8483413a261cc79aebda30',0,1,1674945190,'joomla|s:5044:\"[encoded data, 5044 characters]\";',0,'');

--
-- Table structure for table `ands_tabulizer_data_source`
--

CREATE TABLE `ands_tabulizer_data_source` (
  `id` int(11) NOT NULL AUTO_INCREMENT,
  `title` varchar(255) NOT NULL,
  `tag` varchar(255) NOT NULL,
  `source_type` varchar(24) NOT NULL,
  `source_params` text NOT NULL,
  `cache_type` int(11) NOT NULL DEFAULT 0,
  `cache_time` int(11) DEFAULT NULL,
  PRIMARY KEY (`id`),
  UNIQUE KEY `tag` (`tag`)
) ENGINE=InnoDB AUTO_INCREMENT=2 DEFAULT CHARSET=utf8;

--
-- Dumping data for table `ands_tabulizer_data_source`
--

INSERT INTO `ands_tabulizer_data_source` VALUES (1,'Companies','yItydmRBZ7zqkmf9obfMffKX','database','ruleset_archive=rs_mz53jc29.xml\nruleset_name=rs_mz53jc29\nquery=select Business_category, Profession, Company_Name , Persons_no, District, Specialty from companies order by id\n',0,NULL);

--
-- Table structure for table `ands_tabulizer_data_source_cache`
--

CREATE TABLE `ands_tabulizer_data_source_cache` (
  `cache_id` int(11) NOT NULL,
  `row_start` int(11) NOT NULL,
  `num_of_rows` int(11) NOT NULL,
  `num_of_columns` int(11) NOT NULL,
  `contents` mediumtext NOT NULL,
  PRIMARY KEY (`cache_id`,`row_start`)
) ENGINE=InnoDB DEFAULT CHARSET=utf8;

--
-- Dumping data for table `ands_tabulizer_data_source_cache`
--


--
-- Table structure for table `ands_tabulizer_data_source_cache_key_map`
--

CREATE TABLE `ands_tabulizer_data_source_cache_key_map` (
  `cache_key` varchar(255) NOT NULL,
  `cache_id` bigint(20) unsigned NOT NULL,
  `cache_properties` varchar(255) DEFAULT NULL,
  `cache_expiration` int(11) DEFAULT NULL,
  `tag` varchar(255) NOT NULL,
  PRIMARY KEY (`cache_key`)
) ENGINE=InnoDB DEFAULT CHARSET=utf8;

--
-- Dumping data for table `ands_tabulizer_data_source_cache_key_map`
--


--
-- Table structure for table `ands_tabulizer_data_source_cache_properties`
--

CREATE TABLE `ands_tabulizer_data_source_cache_properties` (
  `id` int(11) NOT NULL,
  `cache_id` int(11) NOT NULL,
  `part_id` int(11) NOT NULL,
  `part_contents` mediumtext NOT NULL,
  PRIMARY KEY (`id`)
) ENGINE=InnoDB DEFAULT CHARSET=utf8;

--
-- Dumping data for table `ands_tabulizer_data_source_cache_properties`
--


--
-- Table structure for table `ands_tabulizer_user_permissions`
--

CREATE TABLE `ands_tabulizer_user_permissions` (
  `action` varchar(255) NOT NULL,
  `roles` varchar(255) NOT NULL,
  PRIMARY KEY (`action`)
) ENGINE=InnoDB DEFAULT CHARSET=utf8;

--
-- Dumping data for table `ands_tabulizer_user_permissions`
--


--
-- Table structure for table `ands_tabulizer_user_preferences`
--

CREATE TABLE `ands_tabulizer_user_preferences` (
  `user_id` int(11) NOT NULL,
  `key` varchar(63) NOT NULL,
  `value` varchar(255) NOT NULL,
  PRIMARY KEY (`user_id`,`key`)
) ENGINE=InnoDB DEFAULT CHARSET=utf8;

--
-- Dumping data for table `ands_tabulizer_user_preferences`
--

INSERT INTO `ands_tabulizer_user_preferences` VALUES (0,'archive_help_display','html'),(0,'datasources_display_warning','1'),(0,'datatable_include','0'),(0,'email_cloaking_auto_disable','1'),(0,'excel_background_color','0'),(0,'excel_background_color_ignore','0'),(0,'excel_font_bold','1'),(0,'excel_font_color','1'),(0,'excel_font_color_ignore','0'),(0,'excel_font_italic','1'),(0,'excel_font_size','0'),(0,'excel_font_size_unit','0'),(0,'excel_font_strikethrough','0'),(0,'excel_font_subscript','0'),(0,'excel_font_superscript','0'),(0,'excel_font_underline','0'),(0,'jqplot_include','0'),(0,'jquery_include','0'),(0,'jquery_ui_include','0'),(0,'pagination_length_menu','10,25,50,100,200'),(0,'safe_mode_enabled','1'),(0,'scroll_library_enabled','0'),(0,'scroll_library_name','0'),(0,'scroll_library_options','{cursoropacitymin:1,touchbehavior:true}'),(0,'system_default','0'),(447,'column_consistency','0'),(447,'column_enclosure','dq'),(447,'column_separator','cm'),(447,'ruleset_archive','0'),(447,'ruleset_name','0');

--
-- Table structure for table `ands_tags`
--

CREATE TABLE `ands_tags` (
  `id` int(10) unsigned NOT NULL AUTO_INCREMENT,
  `parent_id` int(10) unsigned NOT NULL DEFAULT 0,
  `lft` int(11) NOT NULL DEFAULT 0,
  `rgt` int(11) NOT NULL DEFAULT 0,
  `level` int(10) unsigned NOT NULL DEFAULT 0,
  `path` varchar(400) COLLATE utf8mb4_unicode_ci NOT NULL DEFAULT '',
  `title` varchar(255) COLLATE utf8mb4_unicode_ci NOT NULL,
  `alias` varchar(400) CHARACTER SET utf8mb4 COLLATE utf8mb4_bin NOT NULL DEFAULT '',
  `note` varchar(255) COLLATE utf8mb4_unicode_ci NOT NULL DEFAULT '',
  `description` longtext COLLATE utf8mb4_unicode_ci NOT NULL,
  `published` tinyint(1) NOT NULL DEFAULT 0,
  `checked_out` int(11) unsigned NOT NULL DEFAULT 0,
  `checked_out_time` datetime NOT NULL DEFAULT '0000-00-00 00:00:00',
  `access` int(10) unsigned NOT NULL DEFAULT 0,
  `params` mediumtext COLLATE utf8mb4_unicode_ci NOT NULL,
  `metadesc` varchar(1024) COLLATE utf8mb4_unicode_ci NOT NULL COMMENT 'The meta description for the page.',
  `metakey` varchar(1024) COLLATE utf8mb4_unicode_ci NOT NULL COMMENT 'The meta keywords for the page.',
  `metadata` varchar(2048) COLLATE utf8mb4_unicode_ci NOT NULL COMMENT 'JSON encoded metadata properties.',
  `created_user_id` int(10) unsigned NOT NULL DEFAULT 0,
  `created_time` datetime NOT NULL DEFAULT '0000-00-00 00:00:00',
  `created_by_alias` varchar(255) COLLATE utf8mb4_unicode_ci NOT NULL DEFAULT '',
  `modified_user_id` int(10) unsigned NOT NULL DEFAULT 0,
  `modified_time` datetime NOT NULL DEFAULT '0000-00-00 00:00:00',
  `images` mediumtext COLLATE utf8mb4_unicode_ci NOT NULL,
  `urls` mediumtext COLLATE utf8mb4_unicode_ci NOT NULL,
  `hits` int(10) unsigned NOT NULL DEFAULT 0,
  `language` char(7) COLLATE utf8mb4_unicode_ci NOT NULL,
  `version` int(10) unsigned NOT NULL DEFAULT 1,
  `publish_up` datetime NOT NULL DEFAULT '0000-00-00 00:00:00',
  `publish_down` datetime NOT NULL DEFAULT '0000-00-00 00:00:00',
  PRIMARY KEY (`id`),
  KEY `tag_idx` (`published`,`access`),
  KEY `idx_access` (`access`),
  KEY `idx_checkout` (`checked_out`),
  KEY `idx_left_right` (`lft`,`rgt`),
  KEY `idx_language` (`language`),
  KEY `idx_path` (`path`(100)),
  KEY `idx_alias` (`alias`(100))
) ENGINE=InnoDB AUTO_INCREMENT=6 DEFAULT CHARSET=utf8mb4 COLLATE=utf8mb4_unicode_ci;

--
-- Dumping data for table `ands_tags`
--

INSERT INTO `ands_tags` VALUES (1,0,0,9,0,'','ROOT','root','','',1,0,'0000-00-00 00:00:00',1,'{}','','','',0,'2011-01-01 00:00:01','',0,'0000-00-00 00:00:00','','',0,'*',1,'0000-00-00 00:00:00','0000-00-00 00:00:00'),(2,1,1,2,1,'management','ΒΑΣΙΚΕΣ ΑΡΧΕΣ MANAGEMENT','management','','',1,0,'0000-00-00 00:00:00',1,'','','','',447,'2014-03-03 18:09:00','',0,'0000-00-00 00:00:00','','',0,'*',1,'0000-00-00 00:00:00','0000-00-00 00:00:00'),(3,1,3,4,1,'managment','managment','managment','','',1,0,'0000-00-00 00:00:00',1,'','','','',447,'2014-03-03 18:09:00','',0,'0000-00-00 00:00:00','','',0,'*',1,'0000-00-00 00:00:00','0000-00-00 00:00:00'),(4,1,5,6,1,'voucher-29-64','Voucher 29-64','voucher-29-64','','',1,0,'2016-01-11 15:01:08',1,'{}',' ',' ','{}',447,'2016-01-11 15:01:08','',0,'2016-01-11 15:01:08','{}','{}',0,'*',1,'2016-01-11 15:01:08','2016-01-11 15:01:08'),(5,1,7,8,1,'voucher-39-40','voucher-39-40','voucher-39-40','','',1,0,'2021-04-20 08:19:16',1,'{}','','','{}',447,'2021-04-20 08:19:16','',0,'2021-04-20 08:19:16','{}','{}',0,'*',1,'2021-04-20 08:19:16','2021-04-20 08:19:16');

--
-- Table structure for table `ands_template_styles`
--

CREATE TABLE `ands_template_styles` (
  `id` int(10) unsigned NOT NULL AUTO_INCREMENT,
  `template` varchar(50) COLLATE utf8mb4_unicode_ci NOT NULL DEFAULT '',
  `client_id` tinyint(1) unsigned NOT NULL DEFAULT 0,
  `home` char(7) COLLATE utf8mb4_unicode_ci NOT NULL DEFAULT '0',
  `title` varchar(255) COLLATE utf8mb4_unicode_ci NOT NULL DEFAULT '',
  `params` mediumtext COLLATE utf8mb4_unicode_ci NOT NULL,
  `inheritable` tinyint(4) NOT NULL DEFAULT 0,
  `parent` varchar(50) COLLATE utf8mb4_unicode_ci DEFAULT '',
  PRIMARY KEY (`id`),
  KEY `idx_template` (`template`),
  KEY `idx_client_id` (`client_id`),
  KEY `idx_client_id_home` (`client_id`,`home`)
) ENGINE=InnoDB AUTO_INCREMENT=14 DEFAULT CHARSET=utf8mb4 COLLATE=utf8mb4_unicode_ci;

--
-- Dumping data for table `ands_template_styles`
--

INSERT INTO `ands_template_styles` VALUES (4,'beez_20',0,'0','Beez2 - Default','{\"wrapperSmall\":\"53\",\"wrapperLarge\":\"72\",\"logo\":\"images\\/joomla_black.gif\",\"sitetitle\":\"Joomla!\",\"sitedescription\":\"Open Source Content Management\",\"navposition\":\"left\",\"templatecolor\":\"personal\",\"html5\":\"0\"}',0,''),(5,'hathor',1,'0','Hathor - Default','{\"showSiteName\":\"0\",\"colourChoice\":\"\",\"boldText\":\"0\"}',0,''),(6,'beez5',0,'0','Beez5 - Default','{\"wrapperSmall\":\"53\",\"wrapperLarge\":\"72\",\"logo\":\"images\\/sampledata\\/fruitshop\\/fruits.gif\",\"sitetitle\":\"Joomla!\",\"sitedescription\":\"Open Source Content Management\",\"navposition\":\"left\",\"html5\":\"0\"}',0,''),(7,'protostar',0,'0','protostar - Default','{\"templateColor\":\"#08C\",\"templateBackgroundColor\":\"#F4F6F7\",\"logoFile\":\"\",\"googleFont\":\"1\",\"googleFontName\":\"Open+Sans\",\"fluidContainer\":\"0\"}',0,''),(8,'isis',1,'1','isis - Default','{\"templateColor\":\"\",\"logoFile\":\"\"}',0,''),(12,'theme1480',0,'1','theme1480 - Default','{\"themeLayout\":\"0\",\"logoFile\":\"images\\/126.jpg\",\"logoBlockWidth\":\"3\",\"asideLeftWidth\":\"4\",\"asideRightWidth\":\"4\",\"featuredPageHeading\":\"h3\",\"featuredItemHeading\":\"h3\",\"categoryPageHeading\":\"h3\",\"categoryItemHeading\":\"h4\",\"blogPageHeading\":\"h3\",\"blogItemHeading\":\"h4\",\"itemItemHeading\":\"h3\",\"itemBlogItemHeading\":\"h4\",\"totop\":\"1\",\"totop_text\":\" \"}',0,''),(13,'theme1480',0,'0','theme1480 - About us','{\"themeLayout\":\"0\",\"logoFile\":\"images\\/126.jpg\",\"logoBlockWidth\":\"3\",\"asideLeftWidth\":\"4\",\"asideRightWidth\":\"7\",\"featuredPageHeading\":\"h1\",\"featuredItemHeading\":\"h3\",\"categoryPageHeading\":\"h2\",\"categoryItemHeading\":\"h4\",\"blogPageHeading\":\"h1\",\"blogItemHeading\":\"h3\",\"itemItemHeading\":\"h3\",\"itemBlogItemHeading\":\"h4\",\"totop\":\"1\",\"totop_text\":\" \"}',0,'');

--
-- Table structure for table `ands_ucm_base`
--

CREATE TABLE `ands_ucm_base` (
  `ucm_id` int(10) unsigned NOT NULL,
  `ucm_item_id` int(10) NOT NULL,
  `ucm_type_id` int(11) NOT NULL,
  `ucm_language_id` int(11) NOT NULL,
  PRIMARY KEY (`ucm_id`),
  KEY `idx_ucm_item_id` (`ucm_item_id`),
  KEY `idx_ucm_type_id` (`ucm_type_id`),
  KEY `idx_ucm_language_id` (`ucm_language_id`)
) ENGINE=InnoDB DEFAULT CHARSET=utf8mb4 COLLATE=utf8mb4_unicode_ci;

--
-- Dumping data for table `ands_ucm_base`
--

INSERT INTO `ands_ucm_base` VALUES (1,96,1,0),(2,143,1,0),(3,156,1,0),(4,157,1,0),(5,173,1,0);

--
-- Table structure for table `ands_ucm_content`
--

CREATE TABLE `ands_ucm_content` (
  `core_content_id` int(10) unsigned NOT NULL AUTO_INCREMENT,
  `core_type_alias` varchar(400) COLLATE utf8mb4_unicode_ci NOT NULL DEFAULT '' COMMENT 'FK to the content types table',
  `core_title` varchar(400) COLLATE utf8mb4_unicode_ci NOT NULL DEFAULT '',
  `core_alias` varchar(400) CHARACTER SET utf8mb4 COLLATE utf8mb4_bin NOT NULL DEFAULT '',
  `core_body` mediumtext COLLATE utf8mb4_unicode_ci DEFAULT NULL,
  `core_state` tinyint(1) NOT NULL DEFAULT 0,
  `core_checked_out_time` varchar(255) COLLATE utf8mb4_unicode_ci NOT NULL DEFAULT '',
  `core_checked_out_user_id` int(10) unsigned NOT NULL DEFAULT 0,
  `core_access` int(10) unsigned NOT NULL DEFAULT 0,
  `core_params` text COLLATE utf8mb4_unicode_ci DEFAULT NULL,
  `core_featured` tinyint(4) unsigned NOT NULL DEFAULT 0,
  `core_metadata` varchar(2048) COLLATE utf8mb4_unicode_ci NOT NULL COMMENT 'JSON encoded metadata properties.',
  `core_created_user_id` int(10) unsigned NOT NULL DEFAULT 0,
  `core_created_by_alias` varchar(255) COLLATE utf8mb4_unicode_ci NOT NULL DEFAULT '',
  `core_created_time` datetime NOT NULL DEFAULT '0000-00-00 00:00:00',
  `core_modified_user_id` int(10) unsigned NOT NULL DEFAULT 0 COMMENT 'Most recent user that modified',
  `core_modified_time` datetime NOT NULL DEFAULT '0000-00-00 00:00:00',
  `core_language` char(7) COLLATE utf8mb4_unicode_ci NOT NULL,
  `core_publish_up` datetime NOT NULL,
  `core_publish_down` datetime NOT NULL,
  `core_content_item_id` int(10) unsigned DEFAULT NULL COMMENT 'ID from the individual type table',
  `asset_id` int(10) unsigned DEFAULT NULL COMMENT 'FK to the #__assets table.',
  `core_images` text COLLATE utf8mb4_unicode_ci DEFAULT NULL,
  `core_urls` text COLLATE utf8mb4_unicode_ci DEFAULT NULL,
  `core_hits` int(10) unsigned NOT NULL DEFAULT 0,
  `core_version` int(10) unsigned NOT NULL DEFAULT 1,
  `core_ordering` int(11) NOT NULL DEFAULT 0,
  `core_metakey` text COLLATE utf8mb4_unicode_ci DEFAULT NULL,
  `core_metadesc` text COLLATE utf8mb4_unicode_ci DEFAULT NULL,
  `core_catid` int(10) unsigned NOT NULL DEFAULT 0,
  `core_xreference` varchar(50) COLLATE utf8mb4_unicode_ci NOT NULL COMMENT 'A reference to enable linkages to external data sets.',
  `core_type_id` int(10) unsigned DEFAULT NULL,
  PRIMARY KEY (`core_content_id`),
  KEY `tag_idx` (`core_state`,`core_access`),
  KEY `idx_access` (`core_access`),
  KEY `idx_language` (`core_language`),
  KEY `idx_modified_time` (`core_modified_time`),
  KEY `idx_created_time` (`core_created_time`),
  KEY `idx_core_modified_user_id` (`core_modified_user_id`),
  KEY `idx_core_checked_out_user_id` (`core_checked_out_user_id`),
  KEY `idx_core_created_user_id` (`core_created_user_id`),
  KEY `idx_core_type_id` (`core_type_id`),
  KEY `idx_alias` (`core_alias`(100)),
  KEY `idx_title` (`core_title`(100)),
  KEY `idx_content_type` (`core_type_alias`(100))
) ENGINE=InnoDB AUTO_INCREMENT=6 DEFAULT CHARSET=utf8mb4 COLLATE=utf8mb4_unicode_ci COMMENT='Contains core content data in name spaced fields';

--
-- Dumping data for table `ands_ucm_content`
--

INSERT INTO `ands_ucm_content` VALUES (1,'com_content.article','Βασικές Aρχές Managment','managementprinciples','<p class=\"Default\" style=\"margin-right: 50.1pt;\"><span style=\"font-size: 12pt; color: #003366;\"><span style=\"font-family: Tahoma, sans-serif;\"><img src=\"images/logos/arrow.jpg\" alt=\"arrow\" />Σκοπός</span></span></p>\r\n<p class=\"Default\" style=\"margin-right: 50.1pt;\"><span style=\"font-size: 12pt; color: #003366;\"><span style=\"font-family: Tahoma, sans-serif;\"></span></span><span style=\"font-size: 10pt; font-family: Tahoma, sans-serif;\">Εισαγωγή στη σύγχρονη διοίκηση και τις βασικές αρχές που διέπουν το Management</span></p>\r\n<p class=\"Default\" style=\"margin-right: 50.1pt;\"><span style=\"font-size: 12pt; color: #003366;\"><span style=\"font-family: Tahoma, sans-serif;\"><img style=\"color: #003366; font-family: Tahoma, sans-serif; font-size: 16px;\" src=\"images/logos/arrow.jpg\" alt=\"arrow\" />Διάρκεια</span></span></p>\r\n<p class=\"Default\" style=\"margin-right: 50.1pt;\"><span style=\"font-size: 12pt; color: #003366;\"><span style=\"font-family: Tahoma, sans-serif;\"><img style=\"font-family: Tahoma, sans-serif; font-size: 13px; line-height: 15.333333015441895px;\" src=\"images/logos/check.jpg\" alt=\"check\" /></span></span><span style=\"font-size: 10pt; font-family: Tahoma, sans-serif;\">24 ώρες</span>&nbsp;</p>\r\n<p class=\"Default\" style=\"margin: 0.3pt 50.1pt 0.0001pt 0cm; line-height: 115%;\"><span style=\"font-size: 12pt; color: #003366;\"><span style=\"line-height: 115%; font-family: Tahoma, sans-serif;\"><img style=\"color: #003366; font-family: Tahoma, sans-serif; font-size: 16px;\" src=\"images/logos/arrow.jpg\" alt=\"arrow\" />Συνοπτικό Πρόγραμμα</span></span></p>\r\n<p class=\"Default\" style=\"margin-top: 0.3pt; margin-right: 50.1pt; margin-bottom: 0.0001pt; line-height: 115%;\"><span style=\"font-size: 10pt;\"><span style=\"line-height: 115%; font-family: Tahoma, sans-serif;\"><img src=\"images/logos/check.jpg\" alt=\"check\" />Οι λειτουργίες του</span><span style=\"line-height: 115%; font-family: Tahoma, sans-serif;\">Management:</span></span></p>\r\n<div><span style=\"font-size: 10pt; line-height: 115%; font-family: Tahoma, sans-serif;\">&nbsp; &nbsp; &nbsp; &nbsp; &nbsp;Προγραμματισμός</span></div>\r\n<div><span style=\"font-size: 10pt; line-height: 115%; font-family: Tahoma, sans-serif;\">&nbsp; &nbsp; &nbsp; &nbsp; &nbsp;Οργάνωση</span></div>\r\n<div><span style=\"font-size: 10pt; line-height: 115%; font-family: Tahoma, sans-serif;\">&nbsp; &nbsp; &nbsp; &nbsp; &nbsp;Διεύθυνση</span></div>\r\n<div><span style=\"font-size: 10pt; line-height: 115%; font-family: Tahoma, sans-serif;\">&nbsp; &nbsp; &nbsp; &nbsp; &nbsp;Λήψη αποφάσεων</span></div>\r\n<div><span style=\"font-size: 10pt; line-height: 115%; font-family: Tahoma, sans-serif;\">&nbsp; &nbsp; &nbsp; &nbsp; &nbsp;Έλεγχος</span></div>\r\n<div><span style=\"font-size: 10pt; line-height: 115%; font-family: Tahoma, sans-serif;\"></span><span style=\"font-size: 10pt;\"><span style=\"line-height: 115%; font-family: Tahoma, sans-serif;\"><img src=\"images/logos/check.jpg\" alt=\"check\" />Management </span><span style=\"line-height: 115%; font-family: Tahoma, sans-serif;\">βάσει</span><span style=\"line-height: 115%; font-family: Tahoma, sans-serif;\">στόχων</span><span style=\"line-height: 115%; font-family: Tahoma, sans-serif;\"> (Management by Objectives)</span></span></div>\r\n<div><span style=\"font-size: 10pt; line-height: 115%; font-family: Tahoma, sans-serif;\"><img style=\"font-family: Tahoma, sans-serif; font-size: 13px; line-height: 15.333333015441895px;\" src=\"images/logos/check.jpg\" alt=\"check\" />Ανάθεση καθηκόντων και αρμοδιοτήτων</span></div>\r\n<div><span style=\"font-size: 10pt; line-height: 115%; font-family: Tahoma, sans-serif;\"><img style=\"font-family: Tahoma, sans-serif; font-size: 13px; line-height: 15.333333015441895px;\" src=\"images/logos/check.jpg\" alt=\"check\" />Κύκλοι ποιότητας για δημιουργική λύση προβλημάτων</span></div>\r\n<div><span style=\"font-size: 10pt; line-height: 115%; font-family: Tahoma, sans-serif;\"><img style=\"font-family: Tahoma, sans-serif; font-size: 13px; line-height: 15.333333015441895px;\" src=\"images/logos/check.jpg\" alt=\"check\" />Χειρισμός συγκρούσεων εντός επιχείρησης</span></div>\r\n<div><span style=\"font-size: 10pt; line-height: 115%; font-family: Tahoma, sans-serif;\"><img style=\"font-family: Tahoma, sans-serif; font-size: 13px; line-height: 15.333333015441895px;\" src=\"images/logos/check.jpg\" alt=\"check\" />Ηγεσία</span></div>\r\n<div><span style=\"font-size: 10pt; line-height: 115%; font-family: Tahoma, sans-serif;\"><img style=\"font-family: Tahoma, sans-serif; font-size: 13px; line-height: 15.333333015441895px;\" src=\"images/logos/check.jpg\" alt=\"check\" />Υποκίνηση των ατόμων της επιχείρησης</span></div>',1,'',0,1,'{\"show_title\":\"\",\"link_titles\":\"\",\"show_tags\":\"\",\"show_intro\":\"\",\"info_block_position\":\"\",\"show_category\":\"\",\"link_category\":\"\",\"show_parent_category\":\"\",\"link_parent_category\":\"\",\"show_author\":\"\",\"link_author\":\"\",\"show_create_date\":\"\",\"show_modify_date\":\"\",\"show_publish_date\":\"\",\"show_item_navigation\":\"\",\"show_icons\":\"\",\"show_print_icon\":\"\",\"show_email_icon\":\"\",\"show_vote\":\"\",\"show_hits\":\"\",\"show_noauth\":\"\",\"urls_position\":\"\",\"alternative_readmore\":\"\",\"article_layout\":\"\",\"show_publishing_options\":\"\",\"show_article_options\":\"\",\"show_urls_images_backend\":\"\",\"show_urls_images_frontend\":\"\"}',0,'{\"robots\":\"\",\"author\":\"\",\"rights\":\"\",\"xreference\":\"\"}',447,'','2014-03-03 18:09:00',447,'2014-04-10 23:57:50','*','2014-03-03 18:09:00','0000-00-00 00:00:00',96,201,'{\"image_intro\":\"\",\"float_intro\":\"\",\"image_intro_alt\":\"\",\"image_intro_caption\":\"\",\"image_fulltext\":\"images\\/articles\\/management\\/managementprinciples.png\",\"float_fulltext\":\"right\",\"image_fulltext_alt\":\"\",\"image_fulltext_caption\":\"\"}','{\"urla\":false,\"urlatext\":\"\",\"targeta\":\"\",\"urlb\":false,\"urlbtext\":\"\",\"targetb\":\"\",\"urlc\":false,\"urlctext\":\"\",\"targetc\":\"\"}',41,11,4,'','',46,'',1),(2,'com_content.article','Νέο πρόγραμμα voucher 2018 για Ανέργους ηλικίας 18-29 ετών','voucher-29-64','',1,'',0,1,'{\"article_layout\":\"theme1480:gallery\",\"show_title\":\"\",\"link_titles\":\"\",\"show_tags\":\"\",\"show_intro\":\"\",\"info_block_position\":\"\",\"info_block_show_title\":\"\",\"show_category\":\"\",\"link_category\":\"\",\"show_parent_category\":\"\",\"link_parent_category\":\"\",\"show_associations\":\"\",\"show_author\":\"\",\"link_author\":\"\",\"show_create_date\":\"\",\"show_modify_date\":\"\",\"show_publish_date\":\"\",\"show_item_navigation\":\"\",\"show_icons\":\"\",\"show_print_icon\":\"\",\"show_email_icon\":\"\",\"show_vote\":\"\",\"show_hits\":\"\",\"show_noauth\":\"\",\"urls_position\":\"\",\"alternative_readmore\":\"\\u03a0\\u0395\\u03a1\\u0399\\u03a3\\u03a3\\u039f\\u03a4\\u0395\\u03a1\\u0391\",\"article_page_title\":\"\",\"show_publishing_options\":\"\",\"show_article_options\":\"\",\"show_urls_images_backend\":\"\",\"show_urls_images_frontend\":\"\"}',0,'{\"robots\":\"\",\"author\":\"\",\"rights\":\"\",\"xreference\":\"\"}',447,'','2014-02-15 22:56:49',447,'2018-03-06 10:09:25','*','2014-02-15 22:56:49','0000-00-00 00:00:00',143,281,'{\"image_intro\":\"images\\/programmata\\/tourismou_thumb.jpg\",\"float_intro\":\"\",\"image_intro_alt\":\"\",\"image_intro_caption\":\"\",\"image_fulltext\":\"images\\/programmata\\/tourismou.jpg\",\"float_fulltext\":\"\",\"image_fulltext_alt\":\"\",\"image_fulltext_caption\":\"\"}','{\"urla\":false,\"urlatext\":\"\",\"targeta\":\"\",\"urlb\":false,\"urlbtext\":\"\",\"targetb\":\"\",\"urlc\":false,\"urlctext\":\"\",\"targetc\":\"\"}',2777,16,4,'','',50,'',1),(3,'com_content.article','Ο νέος Ευρωπαϊκός κανονισμός για την Προστασία Προσωπικών Δεδομένων (GDPR)','gdpr','',1,'',0,1,'{\"article_layout\":\"theme1480:gallery\",\"show_title\":\"\",\"link_titles\":\"\",\"show_tags\":\"\",\"show_intro\":\"\",\"info_block_position\":\"\",\"info_block_show_title\":\"\",\"show_category\":\"\",\"link_category\":\"\",\"show_parent_category\":\"\",\"link_parent_category\":\"\",\"show_associations\":\"\",\"show_author\":\"\",\"link_author\":\"\",\"show_create_date\":\"\",\"show_modify_date\":\"\",\"show_publish_date\":\"\",\"show_item_navigation\":\"\",\"show_icons\":\"\",\"show_print_icon\":\"\",\"show_email_icon\":\"\",\"show_vote\":\"\",\"show_hits\":\"\",\"show_noauth\":\"\",\"urls_position\":\"\",\"alternative_readmore\":\"\\u03a0\\u0395\\u03a1\\u0399\\u03a3\\u03a3\\u039f\\u03a4\\u0395\\u03a1\\u0391\",\"article_page_title\":\"\",\"show_publishing_options\":\"\",\"show_article_options\":\"\",\"show_urls_images_backend\":\"\",\"show_urls_images_frontend\":\"\"}',0,'{\"robots\":\"\",\"author\":\"\",\"rights\":\"\",\"xreference\":\"\"}',447,'','2014-02-15 22:56:49',447,'2018-03-22 13:35:22','*','2014-02-15 22:56:49','0000-00-00 00:00:00',156,300,'{\"image_intro\":\"images\\/programmata\\/Gdpr_key.jpg\",\"float_intro\":\"\",\"image_intro_alt\":\"\",\"image_intro_caption\":\"\",\"image_fulltext\":\"images\\/programmata\\/Gdpr_key.jpg\",\"float_fulltext\":\"\",\"image_fulltext_alt\":\"\",\"image_fulltext_caption\":\"\"}','{\"urla\":false,\"urlatext\":\"\",\"targeta\":\"\",\"urlb\":false,\"urlbtext\":\"\",\"targetb\":\"\",\"urlc\":false,\"urlctext\":\"\",\"targetc\":\"\"}',74,14,1,'','',50,'',1),(4,'com_content.article','Ο νέος Ευρωπαϊκός κανονισμός για την Προστασία Προσωπικών Δεδομένων (GDPR) - Συμβουλευτική','gdpr-kanonismos','',1,'',0,1,'{\"article_layout\":\"theme1480:gallery\",\"show_title\":\"\",\"link_titles\":\"\",\"show_tags\":\"\",\"show_intro\":\"\",\"info_block_position\":\"\",\"info_block_show_title\":\"\",\"show_category\":\"\",\"link_category\":\"\",\"show_parent_category\":\"\",\"link_parent_category\":\"\",\"show_associations\":\"\",\"show_author\":\"\",\"link_author\":\"\",\"show_create_date\":\"\",\"show_modify_date\":\"\",\"show_publish_date\":\"\",\"show_item_navigation\":\"\",\"show_icons\":\"\",\"show_print_icon\":\"\",\"show_email_icon\":\"\",\"show_vote\":\"\",\"show_hits\":\"\",\"show_noauth\":\"\",\"urls_position\":\"\",\"alternative_readmore\":\"\\u03a0\\u0395\\u03a1\\u0399\\u03a3\\u03a3\\u039f\\u03a4\\u0395\\u03a1\\u0391\",\"article_page_title\":\"\",\"show_publishing_options\":\"\",\"show_article_options\":\"\",\"show_urls_images_backend\":\"\",\"show_urls_images_frontend\":\"\"}',0,'{\"robots\":\"\",\"author\":\"\",\"rights\":\"\",\"xreference\":\"\"}',447,'','2014-02-15 22:56:49',447,'2018-03-09 07:14:10','*','2014-02-15 22:56:49','0000-00-00 00:00:00',157,302,'{\"image_intro\":\"images\\/programmata\\/Gdpr_key.jpg\",\"float_intro\":\"\",\"image_intro_alt\":\"\",\"image_intro_caption\":\"\",\"image_fulltext\":\"images\\/programmata\\/Gdpr_key.jpg\",\"float_fulltext\":\"\",\"image_fulltext_alt\":\"\",\"image_fulltext_caption\":\"\"}','{\"urla\":false,\"urlatext\":\"\",\"targeta\":\"\",\"urlb\":false,\"urlbtext\":\"\",\"targetb\":\"\",\"urlc\":false,\"urlctext\":\"\",\"targetc\":\"\"}',0,3,0,'','',50,'',1),(5,'com_content.article','Συμβουλευτική Υποστήριξη, Κατάρτιση, Πιστοποίηση και Προώθηση στην Απασχόληση Άνεργων Ηλικίας 30-49 ετών σε τεχνικές δεξιότητες κλάδων αιχμής','voucher-39-40','',1,'',0,1,'{\"article_layout\":\"theme1480:gallery\",\"show_title\":\"\",\"link_titles\":\"\",\"show_tags\":\"\",\"show_intro\":\"\",\"info_block_position\":\"\",\"info_block_show_title\":\"\",\"show_category\":\"\",\"link_category\":\"\",\"show_parent_category\":\"\",\"link_parent_category\":\"\",\"show_associations\":\"\",\"show_author\":\"\",\"link_author\":\"\",\"show_create_date\":\"\",\"show_modify_date\":\"\",\"show_publish_date\":\"\",\"show_item_navigation\":\"\",\"show_icons\":\"\",\"show_print_icon\":\"\",\"show_email_icon\":\"\",\"show_vote\":\"\",\"show_hits\":\"\",\"show_noauth\":\"\",\"urls_position\":\"\",\"alternative_readmore\":\"\\u03a0\\u0395\\u03a1\\u0399\\u03a3\\u03a3\\u039f\\u03a4\\u0395\\u03a1\\u0391\",\"article_page_title\":\"\",\"show_publishing_options\":\"\",\"show_article_options\":\"\",\"show_urls_images_backend\":\"\",\"show_urls_images_frontend\":\"\"}',0,'{\"robots\":\"\",\"author\":\"\",\"rights\":\"\",\"xreference\":\"\"}',447,'','2014-02-15 22:56:49',447,'2021-05-13 10:24:32','*','2014-02-15 22:56:49','0000-00-00 00:00:00',173,322,'{\"image_intro\":\"images\\/programmata\\/tourismou_thumb.jpg\",\"float_intro\":\"\",\"image_intro_alt\":\"\",\"image_intro_caption\":\"\",\"image_fulltext\":\"images\\/programmata\\/tourismou.jpg\",\"float_fulltext\":\"\",\"image_fulltext_alt\":\"\",\"image_fulltext_caption\":\"\"}','{\"urla\":false,\"urlatext\":\"\",\"targeta\":\"\",\"urlb\":false,\"urlbtext\":\"\",\"targetb\":\"\",\"urlc\":false,\"urlctext\":\"\",\"targetc\":\"\"}',62,5,0,'','',50,'',1);

--
-- Table structure for table `ands_ucm_history`
--

CREATE TABLE `ands_ucm_history` (
  `version_id` int(10) unsigned NOT NULL AUTO_INCREMENT,
  `ucm_item_id` int(10) unsigned NOT NULL,
  `ucm_type_id` int(10) unsigned NOT NULL,
  `version_note` varchar(255) COLLATE utf8mb4_unicode_ci NOT NULL DEFAULT '' COMMENT 'Optional version name',
  `save_date` datetime NOT NULL DEFAULT '0000-00-00 00:00:00',
  `editor_user_id` int(10) unsigned NOT NULL DEFAULT 0,
  `character_count` int(10) unsigned NOT NULL DEFAULT 0 COMMENT 'Number of characters in this version.',
  `sha1_hash` varchar(50) COLLATE utf8mb4_unicode_ci NOT NULL DEFAULT '' COMMENT 'SHA1 hash of the version_data column.',
  `version_data` longtext COLLATE utf8mb4_unicode_ci NOT NULL COMMENT 'json-encoded string of version data',
  `keep_forever` tinyint(4) NOT NULL DEFAULT 0 COMMENT '0=auto delete; 1=keep',
  PRIMARY KEY (`version_id`),
  KEY `idx_ucm_item_id` (`ucm_type_id`,`ucm_item_id`),
  KEY `idx_save_date` (`save_date`)
) ENGINE=InnoDB DEFAULT CHARSET=utf8mb4 COLLATE=utf8mb4_unicode_ci;

--
-- Dumping data for table `ands_ucm_history`
--


--
-- Table structure for table `ands_update_categories`
--

CREATE TABLE `ands_update_categories` (
  `categoryid` int(11) NOT NULL AUTO_INCREMENT,
  `name` varchar(20) DEFAULT '',
  `description` text NOT NULL,
  `parent` int(11) DEFAULT 0,
  `updatesite` int(11) DEFAULT 0,
  PRIMARY KEY (`categoryid`)
) ENGINE=InnoDB DEFAULT CHARSET=utf8 COMMENT='Update Categories';

--
-- Dumping data for table `ands_update_categories`
--


--
-- Table structure for table `ands_update_sites`
--

CREATE TABLE `ands_update_sites` (
  `update_site_id` int(11) NOT NULL AUTO_INCREMENT,
  `name` varchar(100) COLLATE utf8mb4_unicode_ci DEFAULT '',
  `type` varchar(20) COLLATE utf8mb4_unicode_ci DEFAULT '',
  `location` mediumtext COLLATE utf8mb4_unicode_ci NOT NULL,
  `enabled` int(11) DEFAULT 0,
  `last_check_timestamp` bigint(20) DEFAULT 0,
  `extra_query` varchar(1000) COLLATE utf8mb4_unicode_ci DEFAULT '',
  PRIMARY KEY (`update_site_id`)
) ENGINE=InnoDB AUTO_INCREMENT=42 DEFAULT CHARSET=utf8mb4 COLLATE=utf8mb4_unicode_ci COMMENT='Update Sites';

--
-- Dumping data for table `ands_update_sites`
--

INSERT INTO `ands_update_sites` VALUES (1,'Joomla! Core','collection','https://update.joomla.org/core/list.xml',1,1674950498,''),(3,'Accredited Joomla! Translations','collection','https://update.joomla.org/language/translationlist_3.xml',1,1648026692,''),(4,'Plugin Googlemap Update Site','extension','http://tech.reumer.net/update/plugin_googlemap2/extension.xml',1,1648026692,''),(6,'','collection','http://update.joomla.org/core/list.xml',1,1674950498,''),(7,'Greek Language Pack Update Site','extension','http://www.iota.gr/data/joomla/el-GR_joomla_lang_full-update.xml',1,1648026693,''),(8,'sbahjaoui news update','extension','http://www.sbahjaoui-info.com/telechargements/sbahjaouinews.xml',1,1648026693,''),(9,'JoomlaCK Editor Update Site','extension','http://www.joomlackeditor.com/upgrade/plg_jckeditor.xml',1,1648026699,''),(10,'Fabrik31','collection','http://fabrikar.com/update/fabrik31/package_list.xml',1,1648026699,''),(15,'Xmap Update Site','extension','https://raw.github.com/guilleva/Xmap/master/xmap-update.xml',1,1648026699,''),(16,'Article Placed Anywhere Module','extension','http://devkardia.com/downloads/updates/modules/article-placed-anywhere?format=xml',1,1648026701,''),(17,'Joomla! Update Component Update Site','extension','https://update.joomla.org/core/extensions/com_joomlaupdate.xml',1,1648026701,''),(18,'Weblinks Update Site','extension','https://raw.githubusercontent.com/joomla-extensions/weblinks/master/manifest.xml',1,1648026701,''),(19,'WebInstaller Update Site','extension','http://appscdn.joomla.org/webapps/jedapps/webinstaller.xml',1,1648026701,''),(20,'Accredited Joomla! Translations','collection','http://update.joomla.org/language/translationlist_3.xml',1,1648026701,''),(22,'WebInstaller Update Site','extension','https://appscdn.joomla.org/webapps/jedapps/webinstaller.xml',1,1648026701,''),(24,'Regular Labs - Modules Anywhere','extension','https://download.regularlabs.com/updates.xml?e=modulesanywhere&type=.xml',1,1648026701,''),(40,'JCE Editor Package','extension','https://cdn.joomlacontenteditor.net/updates/xml/editor/pkg_jce.xml',1,1648026702,''),(41,'Regular Labs - Modules Anywhere','extension','https://download.regularlabs.com/updates.xml?e=XXX&type=.xml',1,1648026702,'');

--
-- Table structure for table `ands_update_sites_extensions`
--

CREATE TABLE `ands_update_sites_extensions` (
  `update_site_id` int(11) NOT NULL DEFAULT 0,
  `extension_id` int(11) NOT NULL DEFAULT 0,
  PRIMARY KEY (`update_site_id`,`extension_id`)
) ENGINE=InnoDB DEFAULT CHARSET=utf8mb4 COLLATE=utf8mb4_unicode_ci COMMENT='Links extensions to update sites';

--
-- Dumping data for table `ands_update_sites_extensions`
--

INSERT INTO `ands_update_sites_extensions` VALUES (1,700),(3,802),(3,10053),(4,10011),(6,700),(7,10053),(8,10059),(9,10063),(10,10109),(10,10110),(15,10142),(16,10151),(17,28),(18,801),(19,10163),(20,10053),(22,10163),(24,10139),(40,10175),(41,10139);

--
-- Table structure for table `ands_updates`
--

CREATE TABLE `ands_updates` (
  `update_id` int(11) NOT NULL AUTO_INCREMENT,
  `update_site_id` int(11) DEFAULT 0,
  `extension_id` int(11) DEFAULT 0,
  `name` varchar(100) COLLATE utf8mb4_unicode_ci DEFAULT '',
  `description` mediumtext COLLATE utf8mb4_unicode_ci NOT NULL,
  `element` varchar(100) COLLATE utf8mb4_unicode_ci DEFAULT '',
  `type` varchar(20) COLLATE utf8mb4_unicode_ci DEFAULT '',
  `folder` varchar(20) COLLATE utf8mb4_unicode_ci DEFAULT '',
  `client_id` tinyint(3) DEFAULT 0,
  `version` varchar(32) COLLATE utf8mb4_unicode_ci DEFAULT '',
  `data` mediumtext COLLATE utf8mb4_unicode_ci NOT NULL,
  `detailsurl` mediumtext COLLATE utf8mb4_unicode_ci NOT NULL,
  `infourl` mediumtext COLLATE utf8mb4_unicode_ci NOT NULL,
  `extra_query` varchar(1000) COLLATE utf8mb4_unicode_ci DEFAULT '',
  PRIMARY KEY (`update_id`)
) ENGINE=InnoDB AUTO_INCREMENT=1365 DEFAULT CHARSET=utf8mb4 COLLATE=utf8mb4_unicode_ci COMMENT='Available Updates';

--
-- Dumping data for table `ands_updates`
--



--
-- Table structure for table `ands_user_keys`
--

CREATE TABLE `ands_user_keys` (
  `id` int(10) unsigned NOT NULL AUTO_INCREMENT,
  `user_id` varchar(150) COLLATE utf8mb4_unicode_ci NOT NULL,
  `token` varchar(255) COLLATE utf8mb4_unicode_ci NOT NULL,
  `series` varchar(191) COLLATE utf8mb4_unicode_ci NOT NULL,
  `invalid` tinyint(4) NOT NULL,
  `time` varchar(200) COLLATE utf8mb4_unicode_ci NOT NULL,
  `uastring` varchar(255) COLLATE utf8mb4_unicode_ci NOT NULL,
  PRIMARY KEY (`id`),
  UNIQUE KEY `series` (`series`),
  KEY `user_id` (`user_id`)
) ENGINE=InnoDB DEFAULT CHARSET=utf8mb4 COLLATE=utf8mb4_unicode_ci;

--
-- Dumping data for table `ands_user_keys`
--


--
-- Table structure for table `ands_user_notes`
--

CREATE TABLE `ands_user_notes` (
  `id` int(10) unsigned NOT NULL AUTO_INCREMENT,
  `user_id` int(10) unsigned NOT NULL DEFAULT 0,
  `catid` int(10) unsigned NOT NULL DEFAULT 0,
  `subject` varchar(100) COLLATE utf8mb4_unicode_ci NOT NULL DEFAULT '',
  `body` mediumtext COLLATE utf8mb4_unicode_ci NOT NULL,
  `state` tinyint(3) NOT NULL DEFAULT 0,
  `checked_out` int(10) unsigned NOT NULL DEFAULT 0,
  `checked_out_time` datetime NOT NULL DEFAULT '0000-00-00 00:00:00',
  `created_user_id` int(10) unsigned NOT NULL DEFAULT 0,
  `created_time` datetime NOT NULL DEFAULT '0000-00-00 00:00:00',
  `modified_user_id` int(10) unsigned NOT NULL,
  `modified_time` datetime NOT NULL DEFAULT '0000-00-00 00:00:00',
  `review_time` datetime NOT NULL DEFAULT '0000-00-00 00:00:00',
  `publish_up` datetime NOT NULL DEFAULT '0000-00-00 00:00:00',
  `publish_down` datetime NOT NULL DEFAULT '0000-00-00 00:00:00',
  PRIMARY KEY (`id`),
  KEY `idx_user_id` (`user_id`),
  KEY `idx_category_id` (`catid`)
) ENGINE=InnoDB DEFAULT CHARSET=utf8mb4 COLLATE=utf8mb4_unicode_ci;

--
-- Dumping data for table `ands_user_notes`
--


--
-- Table structure for table `ands_user_profiles`
--

CREATE TABLE `ands_user_profiles` (
  `user_id` int(11) NOT NULL,
  `profile_key` varchar(100) COLLATE utf8mb4_unicode_ci NOT NULL,
  `profile_value` mediumtext COLLATE utf8mb4_unicode_ci NOT NULL,
  `ordering` int(11) NOT NULL DEFAULT 0,
  UNIQUE KEY `idx_user_id_profile_key` (`user_id`,`profile_key`)
) ENGINE=InnoDB DEFAULT CHARSET=utf8mb4 COLLATE=utf8mb4_unicode_ci COMMENT='Simple user profile storage table';

--
-- Dumping data for table `ands_user_profiles`
--


--
-- Table structure for table `ands_user_usergroup_map`
--

CREATE TABLE `ands_user_usergroup_map` (
  `user_id` int(10) unsigned NOT NULL DEFAULT 0 COMMENT 'Foreign Key to #__users.id',
  `group_id` int(10) unsigned NOT NULL DEFAULT 0 COMMENT 'Foreign Key to #__usergroups.id',
  PRIMARY KEY (`user_id`,`group_id`)
) ENGINE=InnoDB DEFAULT CHARSET=utf8mb4 COLLATE=utf8mb4_unicode_ci;

--
-- Dumping data for table `ands_user_usergroup_map`
--

INSERT INTO `ands_user_usergroup_map` VALUES (447,8),(448,8);

--
-- Table structure for table `ands_usergroups`
--

CREATE TABLE `ands_usergroups` (
  `id` int(10) unsigned NOT NULL AUTO_INCREMENT COMMENT 'Primary Key',
  `parent_id` int(10) unsigned NOT NULL DEFAULT 0 COMMENT 'Adjacency List Reference Id',
  `lft` int(11) NOT NULL DEFAULT 0 COMMENT 'Nested set lft.',
  `rgt` int(11) NOT NULL DEFAULT 0 COMMENT 'Nested set rgt.',
  `title` varchar(100) COLLATE utf8mb4_unicode_ci NOT NULL DEFAULT '',
  PRIMARY KEY (`id`),
  UNIQUE KEY `idx_usergroup_parent_title_lookup` (`parent_id`,`title`),
  KEY `idx_usergroup_title_lookup` (`title`),
  KEY `idx_usergroup_adjacency_lookup` (`parent_id`),
  KEY `idx_usergroup_nested_set_lookup` (`lft`,`rgt`) USING BTREE
) ENGINE=InnoDB AUTO_INCREMENT=10 DEFAULT CHARSET=utf8mb4 COLLATE=utf8mb4_unicode_ci;

--
-- Dumping data for table `ands_usergroups`
--

INSERT INTO `ands_usergroups` VALUES (1,0,1,18,'Public'),(2,1,8,15,'Registered'),(3,2,9,14,'Author'),(4,3,10,13,'Editor'),(5,4,11,12,'Publisher'),(6,1,4,7,'Manager'),(7,6,5,6,'Administrator'),(8,1,16,17,'Super Users'),(9,1,2,3,'Guest');

--
-- Table structure for table `ands_users`
--

CREATE TABLE `ands_users` (
  `id` int(11) NOT NULL AUTO_INCREMENT,
  `name` varchar(400) COLLATE utf8mb4_unicode_ci NOT NULL DEFAULT '',
  `username` varchar(150) COLLATE utf8mb4_unicode_ci NOT NULL DEFAULT '',
  `email` varchar(100) COLLATE utf8mb4_unicode_ci NOT NULL DEFAULT '',
  `password` varchar(100) COLLATE utf8mb4_unicode_ci NOT NULL DEFAULT '',
  `block` tinyint(4) NOT NULL DEFAULT 0,
  `sendEmail` tinyint(4) DEFAULT 0,
  `registerDate` datetime NOT NULL DEFAULT '0000-00-00 00:00:00',
  `lastvisitDate` datetime NOT NULL DEFAULT '0000-00-00 00:00:00',
  `activation` varchar(100) COLLATE utf8mb4_unicode_ci NOT NULL DEFAULT '',
  `params` mediumtext COLLATE utf8mb4_unicode_ci NOT NULL,
  `lastResetTime` datetime NOT NULL DEFAULT '0000-00-00 00:00:00' COMMENT 'Date of last password reset',
  `resetCount` int(11) NOT NULL DEFAULT 0 COMMENT 'Count of password resets since lastResetTime',
  `otpKey` varchar(1000) COLLATE utf8mb4_unicode_ci NOT NULL DEFAULT '' COMMENT 'Two factor authentication encrypted keys',
  `otep` varchar(1000) COLLATE utf8mb4_unicode_ci NOT NULL DEFAULT '' COMMENT 'One time emergency passwords',
  `requireReset` tinyint(4) NOT NULL DEFAULT 0 COMMENT 'Require user to reset password on next login',
  PRIMARY KEY (`id`),
  UNIQUE KEY `idx_username` (`username`),
  KEY `idx_block` (`block`),
  KEY `email` (`email`),
  KEY `idx_name` (`name`(100))
) ENGINE=InnoDB AUTO_INCREMENT=449 DEFAULT CHARSET=utf8mb4 COLLATE=utf8mb4_unicode_ci;

--
-- Dumping data for table `ands_users`
--

INSERT INTO `ands_users` VALUES (447,'Periklis','periklis','pcon@otenet.gr','$2y$10$oyCSHQ79CSBmPlH/jHZVoe52L5.Ut6W/HM6Alhu7WIq/1my/G3kFq',0,1,'2014-02-15 00:20:42','2022-03-23 08:30:45','0','{\"admin_style\":\"\",\"admin_language\":\"\",\"language\":\"\",\"editor\":\"\",\"helpsite\":\"\",\"timezone\":\"\"}','0000-00-00 00:00:00',0,'','',0),(448,'george','george','georgedr@gmail.com','$2y$10$H62.Leuy6uCwrrsDMJ.Ude9gfr/eWocZ83l7reUJ09gqcCnnglJIG',0,0,'2020-10-06 12:05:43','2022-03-23 09:11:25','','{\"admin_style\":\"\",\"admin_language\":\"\",\"language\":\"\",\"editor\":\"\",\"timezone\":\"\"}','0000-00-00 00:00:00',0,'','',0);

--
-- Table structure for table `ands_utf8_conversion`
--

CREATE TABLE `ands_utf8_conversion` (
  `converted` tinyint(4) NOT NULL DEFAULT 0
) ENGINE=InnoDB DEFAULT CHARSET=utf8mb4 COLLATE=utf8mb4_unicode_ci;

--
-- Dumping data for table `ands_utf8_conversion`
--

INSERT INTO `ands_utf8_conversion` VALUES (5);

--
-- Table structure for table `ands_viewlevels`
--

CREATE TABLE `ands_viewlevels` (
  `id` int(10) unsigned NOT NULL AUTO_INCREMENT COMMENT 'Primary Key',
  `title` varchar(100) COLLATE utf8mb4_unicode_ci NOT NULL DEFAULT '',
  `ordering` int(11) NOT NULL DEFAULT 0,
  `rules` varchar(5120) COLLATE utf8mb4_unicode_ci NOT NULL COMMENT 'JSON encoded access control.',
  PRIMARY KEY (`id`),
  UNIQUE KEY `idx_assetgroup_title_lookup` (`title`)
) ENGINE=InnoDB AUTO_INCREMENT=6 DEFAULT CHARSET=utf8mb4 COLLATE=utf8mb4_unicode_ci;

--
-- Dumping data for table `ands_viewlevels`
--

INSERT INTO `ands_viewlevels` VALUES (1,'Public',0,'[1]'),(2,'Registered',1,'[6,2,8]'),(3,'Special',2,'[6,3,8]'),(5,'Guest',0,'[9]');

--
-- Table structure for table `ands_weblinks`
--

CREATE TABLE `ands_weblinks` (
  `id` int(10) unsigned NOT NULL AUTO_INCREMENT,
  `catid` int(11) NOT NULL DEFAULT 0,
  `title` varchar(250) COLLATE utf8mb4_unicode_ci NOT NULL DEFAULT '',
  `alias` varchar(400) CHARACTER SET utf8mb4 COLLATE utf8mb4_bin NOT NULL DEFAULT '',
  `url` varchar(250) COLLATE utf8mb4_unicode_ci NOT NULL DEFAULT '',
  `description` mediumtext COLLATE utf8mb4_unicode_ci NOT NULL,
  `hits` int(11) NOT NULL DEFAULT 0,
  `state` tinyint(1) NOT NULL DEFAULT 0,
  `checked_out` int(11) NOT NULL DEFAULT 0,
  `checked_out_time` datetime NOT NULL DEFAULT '0000-00-00 00:00:00',
  `ordering` int(11) NOT NULL DEFAULT 0,
  `access` int(11) NOT NULL DEFAULT 1,
  `params` mediumtext COLLATE utf8mb4_unicode_ci NOT NULL,
  `language` char(7) COLLATE utf8mb4_unicode_ci NOT NULL DEFAULT '',
  `created` datetime NOT NULL DEFAULT '0000-00-00 00:00:00',
  `created_by` int(10) unsigned NOT NULL DEFAULT 0,
  `created_by_alias` varchar(255) COLLATE utf8mb4_unicode_ci NOT NULL DEFAULT '',
  `modified` datetime NOT NULL DEFAULT '0000-00-00 00:00:00',
  `modified_by` int(10) unsigned NOT NULL DEFAULT 0,
  `metakey` mediumtext COLLATE utf8mb4_unicode_ci NOT NULL,
  `metadesc` mediumtext COLLATE utf8mb4_unicode_ci NOT NULL,
  `metadata` mediumtext COLLATE utf8mb4_unicode_ci NOT NULL,
  `featured` tinyint(3) unsigned NOT NULL DEFAULT 0 COMMENT 'Set if link is featured.',
  `xreference` varchar(50) COLLATE utf8mb4_unicode_ci NOT NULL COMMENT 'A reference to enable linkages to external data sets.',
  `publish_up` datetime NOT NULL DEFAULT '0000-00-00 00:00:00',
  `publish_down` datetime NOT NULL DEFAULT '0000-00-00 00:00:00',
  `version` int(10) unsigned NOT NULL DEFAULT 1,
  `images` mediumtext COLLATE utf8mb4_unicode_ci NOT NULL,
  PRIMARY KEY (`id`),
  KEY `idx_access` (`access`),
  KEY `idx_checkout` (`checked_out`),
  KEY `idx_state` (`state`),
  KEY `idx_catid` (`catid`),
  KEY `idx_createdby` (`created_by`),
  KEY `idx_featured_catid` (`featured`,`catid`),
  KEY `idx_language` (`language`),
  KEY `idx_xreference` (`xreference`)
) ENGINE=InnoDB AUTO_INCREMENT=3 DEFAULT CHARSET=utf8mb4 COLLATE=utf8mb4_unicode_ci;

--
-- Dumping data for table `ands_weblinks`
--

INSERT INTO `ands_weblinks` VALUES (1,25,'Template-help.com','template-help-com','http://info.template-help.com','',0,0,0,'0000-00-00 00:00:00',1,1,'{\"target\":\"\",\"width\":\"\",\"height\":\"\",\"count_clicks\":\"\"}','*','2012-09-19 12:11:43',447,'','0000-00-00 00:00:00',0,'','','{\"robots\":\"\",\"rights\":\"\"}',0,'','0000-00-00 00:00:00','0000-00-00 00:00:00',1,'{\"image_first\":\"\",\"float_first\":\"\",\"image_first_alt\":\"\",\"image_first_caption\":\"\",\"image_second\":\"\",\"float_second\":\"\",\"image_second_alt\":\"\",\"image_second_caption\":\"\"}'),(2,24,'TemplateMonster','templatemonster','http://templatemonster.com','',0,0,0,'0000-00-00 00:00:00',2,1,'{\"target\":\"\",\"width\":\"\",\"height\":\"\",\"count_clicks\":\"\"}','*','2012-09-19 12:12:01',447,'','0000-00-00 00:00:00',0,'','','{\"robots\":\"\",\"rights\":\"\"}',0,'','0000-00-00 00:00:00','0000-00-00 00:00:00',1,'{\"image_first\":\"\",\"float_first\":\"\",\"image_first_alt\":\"\",\"image_first_caption\":\"\",\"image_second\":\"\",\"float_second\":\"\",\"image_second_alt\":\"\",\"image_second_caption\":\"\"}');

--
-- Table structure for table `ands_wf_profiles`
--

CREATE TABLE `ands_wf_profiles` (
  `id` int(11) NOT NULL AUTO_INCREMENT,
  `name` varchar(255) NOT NULL,
  `description` text NOT NULL,
  `users` text NOT NULL,
  `types` text NOT NULL,
  `components` text NOT NULL,
  `area` tinyint(3) NOT NULL,
  `device` varchar(255) NOT NULL,
  `rows` text NOT NULL,
  `plugins` text NOT NULL,
  `published` tinyint(3) NOT NULL,
  `ordering` int(11) NOT NULL,
  `checked_out` int(10) unsigned DEFAULT NULL,
  `checked_out_time` datetime DEFAULT NULL,
  `params` text NOT NULL,
  PRIMARY KEY (`id`)
) ENGINE=MyISAM AUTO_INCREMENT=5 DEFAULT CHARSET=utf8;

--
-- Dumping data for table `ands_wf_profiles`
--

INSERT INTO `ands_wf_profiles` VALUES (1,'Default','Default Profile for all users','','3,4,5,6,8,7','',0,'desktop,tablet,phone','help,newdocument,undo,redo,spacer,bold,italic,underline,strikethrough,justifyfull,justifycenter,justifyleft,justifyright,spacer,blockquote,formatselect,styleselect,removeformat,cleanup;fontselect,fontsizeselect,forecolor,backcolor,spacer,clipboard,indent,outdent,lists,sub,sup,textcase,charmap,hr;directionality,fullscreen,preview,source,print,searchreplace,spacer,table;visualaid,visualchars,visualblocks,nonbreaking,style,xhtmlxtras,anchor,unlink,link,imgmanager,spellchecker,article','charmap,contextmenu,browser,inlinepopups,media,help,clipboard,searchreplace,directionality,fullscreen,preview,source,table,textcase,print,style,nonbreaking,visualchars,visualblocks,xhtmlxtras,imgmanager,anchor,link,spellchecker,article,lists',1,1,0,'0000-00-00 00:00:00','{\"editor\":{\"toolbar_theme\":\"default\"}}'),(2,'Front End','Sample Front-end Profile','','3,4,5','',1,'desktop,tablet,phone','help,newdocument,undo,redo,spacer,bold,italic,underline,strikethrough,justifyfull,justifycenter,justifyleft,justifyright,spacer,formatselect,styleselect;clipboard,searchreplace,indent,outdent,lists,cleanup,charmap,removeformat,hr,sub,sup,textcase,nonbreaking,visualchars,visualblocks;fullscreen,preview,print,visualaid,style,xhtmlxtras,anchor,unlink,link,imgmanager,spellchecker,article','charmap,contextmenu,inlinepopups,help,clipboard,searchreplace,fullscreen,preview,print,style,textcase,nonbreaking,visualchars,visualblocks,xhtmlxtras,imgmanager,anchor,link,spellchecker,article,lists',0,2,0,'0000-00-00 00:00:00','{\"editor\":{\"toolbar_theme\":\"default\"}}'),(3,'Blogger','Simple Blogging Profile','','3,4,5,6,8,7','',0,'desktop,tablet,phone','bold,italic,strikethrough,lists,blockquote,spacer,justifyleft,justifycenter,justifyright,spacer,link,unlink,imgmanager,article,spellchecker,fullscreen,kitchensink;formatselect,underline,justifyfull,forecolor,clipboard,removeformat,charmap,indent,outdent,undo,redo,help','link,imgmanager,article,spellchecker,fullscreen,kitchensink,clipboard,contextmenu,inlinepopups,lists',0,3,0,'0000-00-00 00:00:00','{\"editor\":{\"toggle\":\"0\",\"toolbar_theme\":\"default\"}}'),(4,'Mobile','Sample Mobile Profile','','3,4,5,6,8,7','',0,'tablet,phone','undo,redo,spacer,bold,italic,underline,formatselect,spacer,justifyleft,justifycenter,justifyfull,justifyright,spacer,fullscreen,kitchensink;styleselect,lists,spellchecker,article,link,unlink','fullscreen,kitchensink,spellchecker,article,link,inlinepopups,lists',0,4,0,'0000-00-00 00:00:00','{\"editor\":{\"toolbar_theme\":\"mobile\",\"resizing\":\"0\",\"resize_horizontal\":\"0\",\"resizing_use_cookie\":\"0\",\"toggle\":\"0\",\"links\":{\"popups\":{\"default\":\"\",\"jcemediabox\":{\"enable\":\"0\"},\"window\":{\"enable\":\"0\"}}}}}');

--
-- Table structure for table `ands_xmap_items`
--

CREATE TABLE `ands_xmap_items` (
  `uid` varchar(100) NOT NULL,
  `itemid` int(11) NOT NULL,
  `view` varchar(10) NOT NULL,
  `sitemap_id` int(11) NOT NULL,
  `properties` varchar(300) DEFAULT NULL,
  PRIMARY KEY (`uid`,`itemid`,`view`,`sitemap_id`),
  KEY `uid` (`uid`,`itemid`),
  KEY `view` (`view`)
) ENGINE=InnoDB DEFAULT CHARSET=utf8;

--
-- Dumping data for table `ands_xmap_items`
--


--
-- Table structure for table `ands_xmap_sitemap`
--

CREATE TABLE `ands_xmap_sitemap` (
  `id` int(11) NOT NULL AUTO_INCREMENT,
  `title` varchar(255) DEFAULT NULL,
  `alias` varchar(255) DEFAULT NULL,
  `introtext` text DEFAULT NULL,
  `metadesc` text DEFAULT NULL,
  `metakey` text DEFAULT NULL,
  `attribs` text DEFAULT NULL,
  `selections` text DEFAULT NULL,
  `excluded_items` text DEFAULT NULL,
  `is_default` int(1) DEFAULT 0,
  `state` int(2) DEFAULT NULL,
  `access` int(11) DEFAULT NULL,
  `created` timestamp NOT NULL DEFAULT current_timestamp(),
  `count_xml` int(11) DEFAULT NULL,
  `count_html` int(11) DEFAULT NULL,
  `views_xml` int(11) DEFAULT NULL,
  `views_html` int(11) DEFAULT NULL,
  `lastvisit_xml` int(11) DEFAULT NULL,
  `lastvisit_html` int(11) DEFAULT NULL,
  PRIMARY KEY (`id`)
) ENGINE=InnoDB AUTO_INCREMENT=2 DEFAULT CHARSET=utf8;

--
-- Dumping data for table `ands_xmap_sitemap`
--

INSERT INTO `ands_xmap_sitemap` VALUES (1,'Site map','site-map','',NULL,NULL,'{\"showintro\":\"0\",\"show_menutitle\":\"0\",\"classname\":\"\",\"columns\":\"1\",\"exlinks\":\"img_blue.gif\",\"compress_xml\":\"1\",\"beautify_xml\":\"1\",\"include_link\":\"0\",\"news_publication_name\":\"\"}','{\"mainmenu\":{\"priority\":\"0.5\",\"changefreq\":\"weekly\",\"ordering\":0}}',NULL,1,1,1,'2014-04-13 16:38:52',43,75,333,3918,1674554485,1674930914);

--
