('b79a44dde5b7d4dc2c426ac3f46d318f',0,1,1674914874,'joomla|s:4812:\"[encoded data, 4812 characters]\";',0,''),('bb7a8cc783c36bb9c7222e6395812b28',0,1,1674926603,'joomla|s:14100:\"[encoded data, 14100 characters]\";',0,''),('bba8b718fb124f0f7f8bda9f7c57ccc9',0,1,1674920996,'joomla|s:3352:\"TzoyNDoiSm9vbWxhXFJlZ2lzdHJ5XFJlZ2lzdHJ5IjozOntzOjc6IgAqAGRhdGEiO086ODoic3RkQ2xhc3MiOjE6e3M6OToiX19kZWZhdWx0IjtPOjg6InN0ZENsYXNzIjo0OntzOjc6InNlc3Npb24iO086ODoic3RkQ2xhc3MiOjI6e3M6NzoiY291bnRlciI7aToxO3M6NToidGltZXIiO086ODoic3RkQ2xhc3MiOjM6e3M6NToic3RhcnQiO2k6MTY3NDkyMDk5NjtzOjQ6Imxhc3QiO2k6MTY3NDkyMDk5NjtzOjM6Im5vdyI7aToxNjc0OTIwOTk2O319czo4OiJyZWdpc3RyeSI7TzoyNDoiSm9vbWxhXFJlZ2lzdHJ5XFJlZ2lzdHJ5IjozOntzOjc6IgAqAGRhdGEiO086ODoic3RkQ2xhc3MiOjA6e31zOjE0OiIAKgBpbml0aWFsaXplZCI7YjowO3M6OToic2VwYXJhdG9yIjtzOjE6Ii4iO31zOjQ6InVzZXIiO086MjA6Ikpvb21sYVxDTVNcVXNlclxVc2VyIjoxOntzOjI6ImlkIjtpOjA7fXM6NjoiZmFicmlrIjtPOjg6InN0ZENsYXNzIjoxOntzOjI6ImpzIjtPOjg6InN0ZENsYXNzIjo2OntzOjc6InNjcmlwdHMiO047czo4OiJjYWNoZWlkcyI7TjtzOjQ6ImhlYWQiO086ODoic3RkQ2xhc3MiOjI6e3M6Nzoic2NyaXB0cyI7TjtzOjU6ImNhY2hlIjtPOjg6InN0ZENsYXNzIjoxOntzOjMyOiJjMWM5ZjM5NWE2NDNjM2IxYzIzOTgwZDFlYzU1NWNhNiI7czoxNzUxOiJ7IlwvbWVkaWFcL2p1aVwvanNcL2pxdWVyeS5taW4uanMiOnsidHlwZSI6InRleHRcL2phdmFzY3JpcHQiLCJvcHRpb25zIjp7InZlcnNpb24iOiJhdXRvIiwicmVsYXRpdmUiOnRydWUsImRldGVjdERlYnVnIjpmYWxzZSwiZnJhbWV3b3JrIjpmYWxzZSwicGF0aE9ubHkiOmZhbHNlLCJkZXRlY3RCcm93c2VyIjp0cnVlfX0sIlwvbWVkaWFcL2p1aVwvanNcL2pxdWVyeS1ub2NvbmZsaWN0LmpzIjp7InR5cGUiOiJ0ZXh0XC9qYXZhc2NyaXB0Iiwib3B0aW9ucyI6eyJ2ZXJzaW9uIjoiYXV0byIsInJlbGF0aXZlIjp0cnVlLCJmcmFtZXdvcmsiOmZhbHNlLCJwYXRoT25seSI6ZmFsc2UsImRldGVjdEJyb3dzZXIiOnRydWUsImRldGVjdERlYnVnIjp0cnVlfX0sIlwvbWVkaWFcL2p1aVwvanNcL2pxdWVyeS1taWdyYXRlLm1pbi5qcyI6eyJ0eXBlIjoidGV4dFwvamF2YXNjcmlwdCIsIm9wdGlvbnMiOnsidmVyc2lvbiI6ImF1dG8iLCJyZWxhdGl2ZSI6dHJ1ZSwiZGV0ZWN0RGVidWciOmZhbHNlLCJmcmFtZXdvcmsiOmZhbHNlLCJwYXRoT25seSI6ZmFsc2UsImRldGVjdEJyb3dzZXIiOnRydWV9fSwiXC9tZWRpYVwvc3lzdGVtXC9qc1wvY2FwdGlvbi5qcyI6eyJ0eXBlIjoidGV4dFwvamF2YXNjcmlwdCIsIm9wdGlvbnMiOnsidmVyc2lvbiI6ImF1dG8iLCJyZWxhdGl2ZSI6dHJ1ZSwiZnJhbWV3b3JrIjpmYWxzZSwicGF0aE9ubHkiOmZhbHNlLCJkZXRlY3RCcm93c2VyIjp0cnVlLCJkZXRlY3REZWJ1ZyI6dHJ1ZX19LCJcL21lZGlhXC9qdWlcL2pzXC9ib290c3RyYXAuanMiOnsidHlwZSI6InRleHRcL2phdmFzY3JpcHQiLCJvcHRpb25zIjpbXX0sIlwvdGVtcGxhdGVzXC90aGVtZTE0ODBcL2pzXC9qcXVlcnkuZWFzaW5nLjEuMy5qcyI6eyJ0eXBlIjoidGV4dFwvamF2YXNjcmlwdCIsIm9wdGlvbnMiOltdfSwiXC90ZW1wbGF0ZXNcL3RoZW1lMTQ4MFwvanNcL2pxdWVyeS5pc290b3BlLm1pbi5qcyI6eyJ0eXBlIjoidGV4dFwvamF2YXNjcmlwdCIsIm9wdGlvbnMiOltdfSwiXC90ZW1wbGF0ZXNcL3RoZW1lMTQ4MFwvanNcL3RvdWNoLmdhbGxlcnkuanMiOnsidHlwZSI6InRleHRcL2phdmFzY3JpcHQiLCJvcHRpb25zIjpbXX0sIlwvdGVtcGxhdGVzXC90aGVtZTE0ODBcL2pzXC9zY3JpcHRzLmpzIjp7InR5cGUiOiJ0ZXh0XC9qYXZhc2NyaXB0Iiwib3B0aW9ucyI6W119LCJodHRwOlwvXC9lLWFub2Rvcy5nclwvbW9kdWxlc1wvbW9kX3N1cGVyZmlzaF9tZW51XC9qc1wvc3VwZXJmaXNoLmpzIjp7InR5cGUiOiJ0ZXh0XC9qYXZhc2NyaXB0Iiwib3B0aW9ucyI6W119LCJodHRwOlwvXC9lLWFub2Rvcy5nclwvbW9kdWxlc1wvbW9kX3N1cGVyZmlzaF9tZW51XC9qc1wvanF1ZXJ5Lm1vYmlsZW1lbnUuanMiOnsidHlwZSI6InRleHRcL2phdmFzY3JpcHQiLCJvcHRpb25zIjpbXX0sImh0dHA6XC9cL2UtYW5vZG9zLmdyXC9tb2R1bGVzXC9tb2Rfc3VwZXJmaXNoX21lbnVcL2pzXC9qcXVlcnkuaG92ZXJJbnRlbnQuanMiOnsidHlwZSI6InRleHRcL2phdmFzY3JpcHQiLCJvcHRpb25zIjpbXX0sImh0dHA6XC9cL2UtYW5vZG9zLmdyXC9tb2R1bGVzXC9tb2Rfc3VwZXJmaXNoX21lbnVcL2pzXC9zdXBlcnN1YnMuanMiOnsidHlwZSI6InRleHRcL2phdmFzY3JpcHQiLCJvcHRpb25zIjpbXX0sImh0dHA6XC9cL2UtYW5vZG9zLmdyXC9tb2R1bGVzXC9tb2Rfc3VwZXJmaXNoX21lbnVcL2pzXC9zZnRvdWNoc2NyZWVuLmpzIjp7InR5cGUiOiJ0ZXh0XC9qYXZhc2NyaXB0Iiwib3B0aW9ucyI6W119fSI7fX1zOjY6ImNvbmZpZyI7TjtzOjQ6InNoaW0iO047czo4OiJqbGF5b3V0cyI7Tjt9fX19czoxNDoiACoAaW5pdGlhbGl6ZWQiO2I6MDtzOjk6InNlcGFyYXRvciI7czoxOiIuIjt9\";',0,''),('bdb99e32acfa5f1f71f4f739d3c7fe75',0,1,1674922859,'joomla|s:3388:\"TzoyNDoiSm9vbWxhXFJlZ2lzdHJ5XFJlZ2lzdHJ5IjozOntzOjc6IgAqAGRhdGEiO086ODoic3RkQ2xhc3MiOjE6e3M6OToiX19kZWZhdWx0IjtPOjg6InN0ZENsYXNzIjo0OntzOjc6InNlc3Npb24iO086ODoic3RkQ2xhc3MiOjI6e3M6NzoiY291bnRlciI7aToxO3M6NToidGltZXIiO086ODoic3RkQ2xhc3MiOjM6e3M6NToic3RhcnQiO2k6MTY3NDkyMjg1ODtzOjQ6Imxhc3QiO2k6MTY3NDkyMjg1ODtzOjM6Im5vdyI7aToxNjc0OTIyODU4O319czo4OiJyZWdpc3RyeSI7TzoyNDoiSm9vbWxhXFJlZ2lzdHJ5XFJlZ2lzdHJ5IjozOntzOjc6IgAqAGRhdGEiO086ODoic3RkQ2xhc3MiOjA6e31zOjE0OiIAKgBpbml0aWFsaXplZCI7YjowO3M6OToic2VwYXJhdG9yIjtzOjE6Ii4iO31zOjQ6InVzZXIiO086MjA6Ikpvb21sYVxDTVNcVXNlclxVc2VyIjoxOntzOjI6ImlkIjtpOjA7fXM6NjoiZmFicmlrIjtPOjg6InN0ZENsYXNzIjoxOntzOjI6ImpzIjtPOjg6InN0ZENsYXNzIjo2OntzOjc6InNjcmlwdHMiO047czo4OiJjYWNoZWlkcyI7TjtzOjQ6ImhlYWQiO086ODoic3RkQ2xhc3MiOjI6e3M6Nzoic2NyaXB0cyI7TjtzOjU6ImNhY2hlIjtPOjg6InN0ZENsYXNzIjoxOntzOjMyOiJjOWVlYjIyNGViZjNlMTc1MDU2YjUzMWU5MGY2ZGVhMyI7czoxNzc2OiJ7IlwvbWVkaWFcL2p1aVwvanNcL2pxdWVyeS5taW4uanMiOnsidHlwZSI6InRleHRcL2phdmFzY3JpcHQiLCJvcHRpb25zIjp7InZlcnNpb24iOiJhdXRvIiwicmVsYXRpdmUiOnRydWUsImRldGVjdERlYnVnIjpmYWxzZSwiZnJhbWV3b3JrIjpmYWxzZSwicGF0aE9ubHkiOmZhbHNlLCJkZXRlY3RCcm93c2VyIjp0cnVlfX0sIlwvbWVkaWFcL2p1aVwvanNcL2pxdWVyeS1ub2NvbmZsaWN0LmpzIjp7InR5cGUiOiJ0ZXh0XC9qYXZhc2NyaXB0Iiwib3B0aW9ucyI6eyJ2ZXJzaW9uIjoiYXV0byIsInJlbGF0aXZlIjp0cnVlLCJmcmFtZXdvcmsiOmZhbHNlLCJwYXRoT25seSI6ZmFsc2UsImRldGVjdEJyb3dzZXIiOnRydWUsImRldGVjdERlYnVnIjp0cnVlfX0sIlwvbWVkaWFcL2p1aVwvanNcL2pxdWVyeS1taWdyYXRlLm1pbi5qcyI6eyJ0eXBlIjoidGV4dFwvamF2YXNjcmlwdCIsIm9wdGlvbnMiOnsidmVyc2lvbiI6ImF1dG8iLCJyZWxhdGl2ZSI6dHJ1ZSwiZGV0ZWN0RGVidWciOmZhbHNlLCJmcmFtZXdvcmsiOmZhbHNlLCJwYXRoT25seSI6ZmFsc2UsImRldGVjdEJyb3dzZXIiOnRydWV9fSwiXC9tZWRpYVwvc3lzdGVtXC9qc1wvY2FwdGlvbi5qcyI6eyJ0eXBlIjoidGV4dFwvamF2YXNjcmlwdCIsIm9wdGlvbnMiOnsidmVyc2lvbiI6ImF1dG8iLCJyZWxhdGl2ZSI6dHJ1ZSwiZnJhbWV3b3JrIjpmYWxzZSwicGF0aE9ubHkiOmZhbHNlLCJkZXRlY3RCcm93c2VyIjp0cnVlLCJkZXRlY3REZWJ1ZyI6dHJ1ZX19LCJcL21lZGlhXC9qdWlcL2pzXC9ib290c3RyYXAuanMiOnsidHlwZSI6InRleHRcL2phdmFzY3JpcHQiLCJvcHRpb25zIjpbXX0sIlwvdGVtcGxhdGVzXC90aGVtZTE0ODBcL2pzXC9qcXVlcnkuZWFzaW5nLjEuMy5qcyI6eyJ0eXBlIjoidGV4dFwvamF2YXNjcmlwdCIsIm9wdGlvbnMiOltdfSwiXC90ZW1wbGF0ZXNcL3RoZW1lMTQ4MFwvanNcL2pxdWVyeS5pc290b3BlLm1pbi5qcyI6eyJ0eXBlIjoidGV4dFwvamF2YXNjcmlwdCIsIm9wdGlvbnMiOltdfSwiXC90ZW1wbGF0ZXNcL3RoZW1lMTQ4MFwvanNcL3RvdWNoLmdhbGxlcnkuanMiOnsidHlwZSI6InRleHRcL2phdmFzY3JpcHQiLCJvcHRpb25zIjpbXX0sIlwvdGVtcGxhdGVzXC90aGVtZTE0ODBcL2pzXC9zY3JpcHRzLmpzIjp7InR5cGUiOiJ0ZXh0XC9qYXZhc2NyaXB0Iiwib3B0aW9ucyI6W119LCJodHRwczpcL1wvd3d3LmUtYW5vZG9zLmdyXC9tb2R1bGVzXC9tb2Rfc3VwZXJmaXNoX21lbnVcL2pzXC9zdXBlcmZpc2guanMiOnsidHlwZSI6InRleHRcL2phdmFzY3JpcHQiLCJvcHRpb25zIjpbXX0sImh0dHBzOlwvXC93d3cuZS1hbm9kb3MuZ3JcL21vZHVsZXNcL21vZF9zdXBlcmZpc2hfbWVudVwvanNcL2pxdWVyeS5tb2JpbGVtZW51LmpzIjp7InR5cGUiOiJ0ZXh0XC9qYXZhc2NyaXB0Iiwib3B0aW9ucyI6W119LCJodHRwczpcL1wvd3d3LmUtYW5vZG9zLmdyXC9tb2R1bGVzXC9tb2Rfc3VwZXJmaXNoX21lbnVcL2pzXC9qcXVlcnkuaG92ZXJJbnRlbnQuanMiOnsidHlwZSI6InRleHRcL2phdmFzY3JpcHQiLCJvcHRpb25zIjpbXX0sImh0dHBzOlwvXC93d3cuZS1hbm9kb3MuZ3JcL21vZHVsZXNcL21vZF9zdXBlcmZpc2hfbWVudVwvanNcL3N1cGVyc3Vicy5qcyI6eyJ0eXBlIjoidGV4dFwvamF2YXNjcmlwdCIsIm9wdGlvbnMiOltdfSwiaHR0cHM6XC9cL3d3dy5lLWFub2Rvcy5nclwvbW9kdWxlc1wvbW9kX3N1cGVyZmlzaF9tZW51XC9qc1wvc2Z0b3VjaHNjcmVlbi5qcyI6eyJ0eXBlIjoidGV4dFwvamF2YXNjcmlwdCIsIm9wdGlvbnMiOltdfX0iO319czo2OiJjb25maWciO047czo0OiJzaGltIjtOO3M6ODoiamxheW91dHMiO047fX19fXM6MTQ6IgAqAGluaXRpYWxpemVkIjtiOjA7czo5OiJzZXBhcmF0b3IiO3M6MToiLiI7fQ==\";',0,''),('be88794eb63ec7d243a6107a6795da1e',0,1,1674929164,'joomla|s:7016:\"[encoded data, 7016 characters]\";',0,''),('c14967467234789ea8fcec57f7cbfb5b',0,1,1674904161,'joomla|s:5072:\"[encoded data, 5072 characters]\";',0,''),('c378915834a07a27a70510796932fb69',0,1,1674911472,'joomla|s:5072:\"[encoded data, 5072 characters]\";',0,''),('c3dcc46ade9e828f90ec5c8a88db75f5',0,1,1674950498,'joomla|s:4936:\"[encoded data, 4936 characters]\";',0,''),('c7bf2ebf186806d0effc675223ebfed1',0,1,1674933404,'joomla|s:7228:\"[encoded data, 7228 characters]\";',0,''),('c9fb197b18bf4f98939d26145df73303',0,1,1674928325,'joomla|s:3352:\"TzoyNDoiSm9vbWxhXFJlZ2lzdHJ5XFJlZ2lzdHJ5IjozOntzOjc6IgAqAGRhdGEiO086ODoic3RkQ2xhc3MiOjE6e3M6OToiX19kZWZhdWx0IjtPOjg6InN0ZENsYXNzIjo0OntzOjc6InNlc3Npb24iO086ODoic3RkQ2xhc3MiOjI6e3M6NzoiY291bnRlciI7aToxO3M6NToidGltZXIiO086ODoic3RkQ2xhc3MiOjM6e3M6NToic3RhcnQiO2k6MTY3NDkyODMyNTtzOjQ6Imxhc3QiO2k6MTY3NDkyODMyNTtzOjM6Im5vdyI7aToxNjc0OTI4MzI1O319czo4OiJyZWdpc3RyeSI7TzoyNDoiSm9vbWxhXFJlZ2lzdHJ5XFJlZ2lzdHJ5IjozOntzOjc6IgAqAGRhdGEiO086ODoic3RkQ2xhc3MiOjA6e31zOjE0OiIAKgBpbml0aWFsaXplZCI7YjowO3M6OToic2VwYXJhdG9yIjtzOjE6Ii4iO31zOjQ6InVzZXIiO086MjA6Ikpvb21sYVxDTVNcVXNlclxVc2VyIjoxOntzOjI6ImlkIjtpOjA7fXM6NjoiZmFicmlrIjtPOjg6InN0ZENsYXNzIjoxOntzOjI6ImpzIjtPOjg6InN0ZENsYXNzIjo2OntzOjc6InNjcmlwdHMiO047czo4OiJjYWNoZWlkcyI7TjtzOjQ6ImhlYWQiO086ODoic3RkQ2xhc3MiOjI6e3M6Nzoic2NyaXB0cyI7TjtzOjU6ImNhY2hlIjtPOjg6InN0ZENsYXNzIjoxOntzOjMyOiJiYzI1MTQ1YjAwMDFjNjA5MWM1NGQzYWI0MzAzZWQwNyI7czoxNzUxOiJ7IlwvbWVkaWFcL2p1aVwvanNcL2pxdWVyeS5taW4uanMiOnsidHlwZSI6InRleHRcL2phdmFzY3JpcHQiLCJvcHRpb25zIjp7InZlcnNpb24iOiJhdXRvIiwicmVsYXRpdmUiOnRydWUsImRldGVjdERlYnVnIjpmYWxzZSwiZnJhbWV3b3JrIjpmYWxzZSwicGF0aE9ubHkiOmZhbHNlLCJkZXRlY3RCcm93c2VyIjp0cnVlfX0sIlwvbWVkaWFcL2p1aVwvanNcL2pxdWVyeS1ub2NvbmZsaWN0LmpzIjp7InR5cGUiOiJ0ZXh0XC9qYXZhc2NyaXB0Iiwib3B0aW9ucyI6eyJ2ZXJzaW9uIjoiYXV0byIsInJlbGF0aXZlIjp0cnVlLCJmcmFtZXdvcmsiOmZhbHNlLCJwYXRoT25seSI6ZmFsc2UsImRldGVjdEJyb3dzZXIiOnRydWUsImRldGVjdERlYnVnIjp0cnVlfX0sIlwvbWVkaWFcL2p1aVwvanNcL2pxdWVyeS1taWdyYXRlLm1pbi5qcyI6eyJ0eXBlIjoidGV4dFwvamF2YXNjcmlwdCIsIm9wdGlvbnMiOnsidmVyc2lvbiI6ImF1dG8iLCJyZWxhdGl2ZSI6dHJ1ZSwiZGV0ZWN0RGVidWciOmZhbHNlLCJmcmFtZXdvcmsiOmZhbHNlLCJwYXRoT25seSI6ZmFsc2UsImRldGVjdEJyb3dzZXIiOnRydWV9fSwiXC9tZWRpYVwvc3lzdGVtXC9qc1wvY2FwdGlvbi5qcyI6eyJ0eXBlIjoidGV4dFwvamF2YXNjcmlwdCIsIm9wdGlvbnMiOnsidmVyc2lvbiI6ImF1dG8iLCJyZWxhdGl2ZSI6dHJ1ZSwiZnJhbWV3b3JrIjpmYWxzZSwicGF0aE9ubHkiOmZhbHNlLCJkZXRlY3RCcm93c2VyIjp0cnVlLCJkZXRlY3REZWJ1ZyI6dHJ1ZX19LCJcL21lZGlhXC9qdWlcL2pzXC9ib290c3RyYXAuanMiOnsidHlwZSI6InRleHRcL2phdmFzY3JpcHQiLCJvcHRpb25zIjpbXX0sIlwvdGVtcGxhdGVzXC90aGVtZTE0ODBcL2pzXC9qcXVlcnkuZWFzaW5nLjEuMy5qcyI6eyJ0eXBlIjoidGV4dFwvamF2YXNjcmlwdCIsIm9wdGlvbnMiOltdfSwiXC90ZW1wbGF0ZXNcL3RoZW1lMTQ4MFwvanNcL2pxdWVyeS5pc290b3BlLm1pbi5qcyI6eyJ0eXBlIjoidGV4dFwvamF2YXNjcmlwdCIsIm9wdGlvbnMiOltdfSwiXC90ZW1wbGF0ZXNcL3RoZW1lMTQ4MFwvanNcL3RvdWNoLmdhbGxlcnkuanMiOnsidHlwZSI6InRleHRcL2phdmFzY3JpcHQiLCJvcHRpb25zIjpbXX0sIlwvdGVtcGxhdGVzXC90aGVtZTE0ODBcL2pzXC9zY3JpcHRzLmpzIjp7InR5cGUiOiJ0ZXh0XC9qYXZhc2NyaXB0Iiwib3B0aW9ucyI6W119LCJodHRwOlwvXC9lLWFub2Rvcy5nclwvbW9kdWxlc1wvbW9kX3N1cGVyZmlzaF9tZW51XC9qc1wvc3VwZXJmaXNoLmpzIjp7InR5cGUiOiJ0ZXh0XC9qYXZhc2NyaXB0Iiwib3B0aW9ucyI6W119LCJodHRwOlwvXC9lLWFub2Rvcy5nclwvbW9kdWxlc1wvbW9kX3N1cGVyZmlzaF9tZW51XC9qc1wvanF1ZXJ5Lm1vYmlsZW1lbnUuanMiOnsidHlwZSI6InRleHRcL2phdmFzY3JpcHQiLCJvcHRpb25zIjpbXX0sImh0dHA6XC9cL2UtYW5vZG9zLmdyXC9tb2R1bGVzXC9tb2Rfc3VwZXJmaXNoX21lbnVcL2pzXC9qcXVlcnkuaG92ZXJJbnRlbnQuanMiOnsidHlwZSI6InRleHRcL2phdmFzY3JpcHQiLCJvcHRpb25zIjpbXX0sImh0dHA6XC9cL2UtYW5vZG9zLmdyXC9tb2R1bGVzXC9tb2Rfc3VwZXJmaXNoX21lbnVcL2pzXC9zdXBlcnN1YnMuanMiOnsidHlwZSI6InRleHRcL2phdmFzY3JpcHQiLCJvcHRpb25zIjpbXX0sImh0dHA6XC9cL2UtYW5vZG9zLmdyXC9tb2R1bGVzXC9tb2Rfc3VwZXJmaXNoX21lbnVcL2pzXC9zZnRvdWNoc2NyZWVuLmpzIjp7InR5cGUiOiJ0ZXh0XC9qYXZhc2NyaXB0Iiwib3B0aW9ucyI6W119fSI7fX1zOjY6ImNvbmZpZyI7TjtzOjQ6InNoaW0iO047czo4OiJqbGF5b3V0cyI7Tjt9fX19czoxNDoiACoAaW5pdGlhbGl6ZWQiO2I6MDtzOjk6InNlcGFyYXRvciI7czoxOiIuIjt9\";',0,''),('cac0b45700bf72fcc8dcddae8049f3fc',0,1,1674948145,'joomla|s:3352:\"TzoyNDoiSm9vbWxhXFJlZ2lzdHJ5XFJlZ2lzdHJ5IjozOntzOjc6IgAqAGRhdGEiO086ODoic3RkQ2xhc3MiOjE6e3M6OToiX19kZWZhdWx0IjtPOjg6InN0ZENsYXNzIjo0OntzOjc6InNlc3Npb24iO086ODoic3RkQ2xhc3MiOjI6e3M6NzoiY291bnRlciI7aToxO3M6NToidGltZXIiO086ODoic3RkQ2xhc3MiOjM6e3M6NToic3RhcnQiO2k6MTY3NDk0ODE0NTtzOjQ6Imxhc3QiO2k6MTY3NDk0ODE0NTtzOjM6Im5vdyI7aToxNjc0OTQ4MTQ1O319czo4OiJyZWdpc3RyeSI7TzoyNDoiSm9vbWxhXFJlZ2lzdHJ5XFJlZ2lzdHJ5IjozOntzOjc6IgAqAGRhdGEiO086ODoic3RkQ2xhc3MiOjA6e31zOjE0OiIAKgBpbml0aWFsaXplZCI7YjowO3M6OToic2VwYXJhdG9yIjtzOjE6Ii4iO31zOjQ6InVzZXIiO086MjA6Ikpvb21sYVxDTVNcVXNlclxVc2VyIjoxOntzOjI6ImlkIjtpOjA7fXM6NjoiZmFicmlrIjtPOjg6InN0ZENsYXNzIjoxOntzOjI6ImpzIjtPOjg6InN0ZENsYXNzIjo2OntzOjc6InNjcmlwdHMiO047czo4OiJjYWNoZWlkcyI7TjtzOjQ6ImhlYWQiO086ODoic3RkQ2xhc3MiOjI6e3M6Nzoic2NyaXB0cyI7TjtzOjU6ImNhY2hlIjtPOjg6InN0ZENsYXNzIjoxOntzOjMyOiIyODFhYjMyNmU5OGE5NTkzN2EyYWE0NDQ0NjE5YTc0MiI7czoxNzUxOiJ7IlwvbWVkaWFcL2p1aVwvanNcL2pxdWVyeS5taW4uanMiOnsidHlwZSI6InRleHRcL2phdmFzY3JpcHQiLCJvcHRpb25zIjp7InZlcnNpb24iOiJhdXRvIiwicmVsYXRpdmUiOnRydWUsImRldGVjdERlYnVnIjpmYWxzZSwiZnJhbWV3b3JrIjpmYWxzZSwicGF0aE9ubHkiOmZhbHNlLCJkZXRlY3RCcm93c2VyIjp0cnVlfX0sIlwvbWVkaWFcL2p1aVwvanNcL2pxdWVyeS1ub2NvbmZsaWN0LmpzIjp7InR5cGUiOiJ0ZXh0XC9qYXZhc2NyaXB0Iiwib3B0aW9ucyI6eyJ2ZXJzaW9uIjoiYXV0byIsInJlbGF0aXZlIjp0cnVlLCJmcmFtZXdvcmsiOmZhbHNlLCJwYXRoT25seSI6ZmFsc2UsImRldGVjdEJyb3dzZXIiOnRydWUsImRldGVjdERlYnVnIjp0cnVlfX0sIlwvbWVkaWFcL2p1aVwvanNcL2pxdWVyeS1taWdyYXRlLm1pbi5qcyI6eyJ0eXBlIjoidGV4dFwvamF2YXNjcmlwdCIsIm9wdGlvbnMiOnsidmVyc2lvbiI6ImF1dG8iLCJyZWxhdGl2ZSI6dHJ1ZSwiZGV0ZWN0RGVidWciOmZhbHNlLCJmcmFtZXdvcmsiOmZhbHNlLCJwYXRoT25seSI6ZmFsc2UsImRldGVjdEJyb3dzZXIiOnRydWV9fSwiXC9tZWRpYVwvc3lzdGVtXC9qc1wvY2FwdGlvbi5qcyI6eyJ0eXBlIjoidGV4dFwvamF2YXNjcmlwdCIsIm9wdGlvbnMiOnsidmVyc2lvbiI6ImF1dG8iLCJyZWxhdGl2ZSI6dHJ1ZSwiZnJhbWV3b3JrIjpmYWxzZSwicGF0aE9ubHkiOmZhbHNlLCJkZXRlY3RCcm93c2VyIjp0cnVlLCJkZXRlY3REZWJ1ZyI6dHJ1ZX19LCJcL21lZGlhXC9qdWlcL2pzXC9ib290c3RyYXAuanMiOnsidHlwZSI6InRleHRcL2phdmFzY3JpcHQiLCJvcHRpb25zIjpbXX0sIlwvdGVtcGxhdGVzXC90aGVtZTE0ODBcL2pzXC9qcXVlcnkuZWFzaW5nLjEuMy5qcyI6eyJ0eXBlIjoidGV4dFwvamF2YXNjcmlwdCIsIm9wdGlvbnMiOltdfSwiXC90ZW1wbGF0ZXNcL3RoZW1lMTQ4MFwvanNcL2pxdWVyeS5pc290b3BlLm1pbi5qcyI6eyJ0eXBlIjoidGV4dFwvamF2YXNjcmlwdCIsIm9wdGlvbnMiOltdfSwiXC90ZW1wbGF0ZXNcL3RoZW1lMTQ4MFwvanNcL3RvdWNoLmdhbGxlcnkuanMiOnsidHlwZSI6InRleHRcL2phdmFzY3JpcHQiLCJvcHRpb25zIjpbXX0sIlwvdGVtcGxhdGVzXC90aGVtZTE0ODBcL2pzXC9zY3JpcHRzLmpzIjp7InR5cGUiOiJ0ZXh0XC9qYXZhc2NyaXB0Iiwib3B0aW9ucyI6W119LCJodHRwOlwvXC9lLWFub2Rvcy5nclwvbW9kdWxlc1wvbW9kX3N1cGVyZmlzaF9tZW51XC9qc1wvc3VwZXJmaXNoLmpzIjp7InR5cGUiOiJ0ZXh0XC9qYXZhc2NyaXB0Iiwib3B0aW9ucyI6W119LCJodHRwOlwvXC9lLWFub2Rvcy5nclwvbW9kdWxlc1wvbW9kX3N1cGVyZmlzaF9tZW51XC9qc1wvanF1ZXJ5Lm1vYmlsZW1lbnUuanMiOnsidHlwZSI6InRleHRcL2phdmFzY3JpcHQiLCJvcHRpb25zIjpbXX0sImh0dHA6XC9cL2UtYW5vZG9zLmdyXC9tb2R1bGVzXC9tb2Rfc3VwZXJmaXNoX21lbnVcL2pzXC9qcXVlcnkuaG92ZXJJbnRlbnQuanMiOnsidHlwZSI6InRleHRcL2phdmFzY3JpcHQiLCJvcHRpb25zIjpbXX0sImh0dHA6XC9cL2UtYW5vZG9zLmdyXC9tb2R1bGVzXC9tb2Rfc3VwZXJmaXNoX21lbnVcL2pzXC9zdXBlcnN1YnMuanMiOnsidHlwZSI6InRleHRcL2phdmFzY3JpcHQiLCJvcHRpb25zIjpbXX0sImh0dHA6XC9cL2UtYW5vZG9zLmdyXC9tb2R1bGVzXC9tb2Rfc3VwZXJmaXNoX21lbnVcL2pzXC9zZnRvdWNoc2NyZWVuLmpzIjp7InR5cGUiOiJ0ZXh0XC9qYXZhc2NyaXB0Iiwib3B0aW9ucyI6W119fSI7fX1zOjY6ImNvbmZpZyI7TjtzOjQ6InNoaW0iO047czo4OiJqbGF5b3V0cyI7Tjt9fX19czoxNDoiACoAaW5pdGlhbGl6ZWQiO2I6MDtzOjk6InNlcGFyYXRvciI7czoxOiIuIjt9\";',0,''),('cddab71d5b8e6f0e4c8e412789c6febd',0,1,1674899442,'joomla|s:6576:\"[encoded data, 6576 characters]\";',0,''),('ce77a2129cd166248d08fdb21ca16ee9',0,1,1674896968,'joomla|s:5044:\"[encoded data, 5044 characters]\";',0,''),('d15ab4ae6a85ebbee299dd51fefc216e',0,1,1674916674,'joomla|s:3388:\"TzoyNDoiSm9vbWxhXFJlZ2lzdHJ5XFJlZ2lzdHJ5IjozOntzOjc6IgAqAGRhdGEiO086ODoic3RkQ2xhc3MiOjE6e3M6OToiX19kZWZhdWx0IjtPOjg6InN0ZENsYXNzIjo0OntzOjc6InNlc3Npb24iO086ODoic3RkQ2xhc3MiOjI6e3M6NzoiY291bnRlciI7aToxO3M6NToidGltZXIiO086ODoic3RkQ2xhc3MiOjM6e3M6NToic3RhcnQiO2k6MTY3NDkxNjY3NDtzOjQ6Imxhc3QiO2k6MTY3NDkxNjY3NDtzOjM6Im5vdyI7aToxNjc0OTE2Njc0O319czo4OiJyZWdpc3RyeSI7TzoyNDoiSm9vbWxhXFJlZ2lzdHJ5XFJlZ2lzdHJ5IjozOntzOjc6IgAqAGRhdGEiO086ODoic3RkQ2xhc3MiOjA6e31zOjE0OiIAKgBpbml0aWFsaXplZCI7YjowO3M6OToic2VwYXJhdG9yIjtzOjE6Ii4iO31zOjQ6InVzZXIiO086MjA6Ikpvb21sYVxDTVNcVXNlclxVc2VyIjoxOntzOjI6ImlkIjtpOjA7fXM6NjoiZmFicmlrIjtPOjg6InN0ZENsYXNzIjoxOntzOjI6ImpzIjtPOjg6InN0ZENsYXNzIjo2OntzOjc6InNjcmlwdHMiO047czo4OiJjYWNoZWlkcyI7TjtzOjQ6ImhlYWQiO086ODoic3RkQ2xhc3MiOjI6e3M6Nzoic2NyaXB0cyI7TjtzOjU6ImNhY2hlIjtPOjg6InN0ZENsYXNzIjoxOntzOjMyOiI5YTFkYWU5ZWQ2NTAyM2QzNzUxNGE4ODVhYTE3NjliNiI7czoxNzc2OiJ7IlwvbWVkaWFcL2p1aVwvanNcL2pxdWVyeS5taW4uanMiOnsidHlwZSI6InRleHRcL2phdmFzY3JpcHQiLCJvcHRpb25zIjp7InZlcnNpb24iOiJhdXRvIiwicmVsYXRpdmUiOnRydWUsImRldGVjdERlYnVnIjpmYWxzZSwiZnJhbWV3b3JrIjpmYWxzZSwicGF0aE9ubHkiOmZhbHNlLCJkZXRlY3RCcm93c2VyIjp0cnVlfX0sIlwvbWVkaWFcL2p1aVwvanNcL2pxdWVyeS1ub2NvbmZsaWN0LmpzIjp7InR5cGUiOiJ0ZXh0XC9qYXZhc2NyaXB0Iiwib3B0aW9ucyI6eyJ2ZXJzaW9uIjoiYXV0byIsInJlbGF0aXZlIjp0cnVlLCJmcmFtZXdvcmsiOmZhbHNlLCJwYXRoT25seSI6ZmFsc2UsImRldGVjdEJyb3dzZXIiOnRydWUsImRldGVjdERlYnVnIjp0cnVlfX0sIlwvbWVkaWFcL2p1aVwvanNcL2pxdWVyeS1taWdyYXRlLm1pbi5qcyI6eyJ0eXBlIjoidGV4dFwvamF2YXNjcmlwdCIsIm9wdGlvbnMiOnsidmVyc2lvbiI6ImF1dG8iLCJyZWxhdGl2ZSI6dHJ1ZSwiZGV0ZWN0RGVidWciOmZhbHNlLCJmcmFtZXdvcmsiOmZhbHNlLCJwYXRoT25seSI6ZmFsc2UsImRldGVjdEJyb3dzZXIiOnRydWV9fSwiXC9tZWRpYVwvc3lzdGVtXC9qc1wvY2FwdGlvbi5qcyI6eyJ0eXBlIjoidGV4dFwvamF2YXNjcmlwdCIsIm9wdGlvbnMiOnsidmVyc2lvbiI6ImF1dG8iLCJyZWxhdGl2ZSI6dHJ1ZSwiZnJhbWV3b3JrIjpmYWxzZSwicGF0aE9ubHkiOmZhbHNlLCJkZXRlY3RCcm93c2VyIjp0cnVlLCJkZXRlY3REZWJ1ZyI6dHJ1ZX19LCJcL21lZGlhXC9qdWlcL2pzXC9ib290c3RyYXAuanMiOnsidHlwZSI6InRleHRcL2phdmFzY3JpcHQiLCJvcHRpb25zIjpbXX0sIlwvdGVtcGxhdGVzXC90aGVtZTE0ODBcL2pzXC9qcXVlcnkuZWFzaW5nLjEuMy5qcyI6eyJ0eXBlIjoidGV4dFwvamF2YXNjcmlwdCIsIm9wdGlvbnMiOltdfSwiXC90ZW1wbGF0ZXNcL3RoZW1lMTQ4MFwvanNcL2pxdWVyeS5pc290b3BlLm1pbi5qcyI6eyJ0eXBlIjoidGV4dFwvamF2YXNjcmlwdCIsIm9wdGlvbnMiOltdfSwiXC90ZW1wbGF0ZXNcL3RoZW1lMTQ4MFwvanNcL3RvdWNoLmdhbGxlcnkuanMiOnsidHlwZSI6InRleHRcL2phdmFzY3JpcHQiLCJvcHRpb25zIjpbXX0sIlwvdGVtcGxhdGVzXC90aGVtZTE0ODBcL2pzXC9zY3JpcHRzLmpzIjp7InR5cGUiOiJ0ZXh0XC9qYXZhc2NyaXB0Iiwib3B0aW9ucyI6W119LCJodHRwczpcL1wvd3d3LmUtYW5vZG9zLmdyXC9tb2R1bGVzXC9tb2Rfc3VwZXJmaXNoX21lbnVcL2pzXC9zdXBlcmZpc2guanMiOnsidHlwZSI6InRleHRcL2phdmFzY3JpcHQiLCJvcHRpb25zIjpbXX0sImh0dHBzOlwvXC93d3cuZS1hbm9kb3MuZ3JcL21vZHVsZXNcL21vZF9zdXBlcmZpc2hfbWVudVwvanNcL2pxdWVyeS5tb2JpbGVtZW51LmpzIjp7InR5cGUiOiJ0ZXh0XC9qYXZhc2NyaXB0Iiwib3B0aW9ucyI6W119LCJodHRwczpcL1wvd3d3LmUtYW5vZG9zLmdyXC9tb2R1bGVzXC9tb2Rfc3VwZXJmaXNoX21lbnVcL2pzXC9qcXVlcnkuaG92ZXJJbnRlbnQuanMiOnsidHlwZSI6InRleHRcL2phdmFzY3JpcHQiLCJvcHRpb25zIjpbXX0sImh0dHBzOlwvXC93d3cuZS1hbm9kb3MuZ3JcL21vZHVsZXNcL21vZF9zdXBlcmZpc2hfbWVudVwvanNcL3N1cGVyc3Vicy5qcyI6eyJ0eXBlIjoidGV4dFwvamF2YXNjcmlwdCIsIm9wdGlvbnMiOltdfSwiaHR0cHM6XC9cL3d3dy5lLWFub2Rvcy5nclwvbW9kdWxlc1wvbW9kX3N1cGVyZmlzaF9tZW51XC9qc1wvc2Z0b3VjaHNjcmVlbi5qcyI6eyJ0eXBlIjoidGV4dFwvamF2YXNjcmlwdCIsIm9wdGlvbnMiOltdfX0iO319czo2OiJjb25maWciO047czo0OiJzaGltIjtOO3M6ODoiamxheW91dHMiO047fX19fXM6MTQ6IgAqAGluaXRpYWxpemVkIjtiOjA7czo5OiJzZXBhcmF0b3IiO3M6MToiLiI7fQ==\";',0,''),('d2600ed198c0b0eec9ae10c0aa6bdb76',0,1,1674918789,'joomla|s:3388:\"TzoyNDoiSm9vbWxhXFJlZ2lzdHJ5XFJlZ2lzdHJ5IjozOntzOjc6IgAqAGRhdGEiO086ODoic3RkQ2xhc3MiOjE6e3M6OToiX19kZWZhdWx0IjtPOjg6InN0ZENsYXNzIjo0OntzOjc6InNlc3Npb24iO086ODoic3RkQ2xhc3MiOjI6e3M6NzoiY291bnRlciI7aToxO3M6NToidGltZXIiO086ODoic3RkQ2xhc3MiOjM6e3M6NToic3RhcnQiO2k6MTY3NDkxODc4OTtzOjQ6Imxhc3QiO2k6MTY3NDkxODc4OTtzOjM6Im5vdyI7aToxNjc0OTE4Nzg5O319czo4OiJyZWdpc3RyeSI7TzoyNDoiSm9vbWxhXFJlZ2lzdHJ5XFJlZ2lzdHJ5IjozOntzOjc6IgAqAGRhdGEiO086ODoic3RkQ2xhc3MiOjA6e31zOjE0OiIAKgBpbml0aWFsaXplZCI7YjowO3M6OToic2VwYXJhdG9yIjtzOjE6Ii4iO31zOjQ6InVzZXIiO086MjA6Ikpvb21sYVxDTVNcVXNlclxVc2VyIjoxOntzOjI6ImlkIjtpOjA7fXM6NjoiZmFicmlrIjtPOjg6InN0ZENsYXNzIjoxOntzOjI6ImpzIjtPOjg6InN0ZENsYXNzIjo2OntzOjc6InNjcmlwdHMiO047czo4OiJjYWNoZWlkcyI7TjtzOjQ6ImhlYWQiO086ODoic3RkQ2xhc3MiOjI6e3M6Nzoic2NyaXB0cyI7TjtzOjU6ImNhY2hlIjtPOjg6InN0ZENsYXNzIjoxOntzOjMyOiIzYTFmMmZiYWU1NTIxMzdiMzBlOWRhNTg3MjJlNjRlMyI7czoxNzc2OiJ7IlwvbWVkaWFcL2p1aVwvanNcL2pxdWVyeS5taW4uanMiOnsidHlwZSI6InRleHRcL2phdmFzY3JpcHQiLCJvcHRpb25zIjp7InZlcnNpb24iOiJhdXRvIiwicmVsYXRpdmUiOnRydWUsImRldGVjdERlYnVnIjpmYWxzZSwiZnJhbWV3b3JrIjpmYWxzZSwicGF0aE9ubHkiOmZhbHNlLCJkZXRlY3RCcm93c2VyIjp0cnVlfX0sIlwvbWVkaWFcL2p1aVwvanNcL2pxdWVyeS1ub2NvbmZsaWN0LmpzIjp7InR5cGUiOiJ0ZXh0XC9qYXZhc2NyaXB0Iiwib3B0aW9ucyI6eyJ2ZXJzaW9uIjoiYXV0byIsInJlbGF0aXZlIjp0cnVlLCJmcmFtZXdvcmsiOmZhbHNlLCJwYXRoT25seSI6ZmFsc2UsImRldGVjdEJyb3dzZXIiOnRydWUsImRldGVjdERlYnVnIjp0cnVlfX0sIlwvbWVkaWFcL2p1aVwvanNcL2pxdWVyeS1taWdyYXRlLm1pbi5qcyI6eyJ0eXBlIjoidGV4dFwvamF2YXNjcmlwdCIsIm9wdGlvbnMiOnsidmVyc2lvbiI6ImF1dG8iLCJyZWxhdGl2ZSI6dHJ1ZSwiZGV0ZWN0RGVidWciOmZhbHNlLCJmcmFtZXdvcmsiOmZhbHNlLCJwYXRoT25seSI6ZmFsc2UsImRldGVjdEJyb3dzZXIiOnRydWV9fSwiXC9tZWRpYVwvc3lzdGVtXC9qc1wvY2FwdGlvbi5qcyI6eyJ0eXBlIjoidGV4dFwvamF2YXNjcmlwdCIsIm9wdGlvbnMiOnsidmVyc2lvbiI6ImF1dG8iLCJyZWxhdGl2ZSI6dHJ1ZSwiZnJhbWV3b3JrIjpmYWxzZSwicGF0aE9ubHkiOmZhbHNlLCJkZXRlY3RCcm93c2VyIjp0cnVlLCJkZXRlY3REZWJ1ZyI6dHJ1ZX19LCJcL21lZGlhXC9qdWlcL2pzXC9ib290c3RyYXAuanMiOnsidHlwZSI6InRleHRcL2phdmFzY3JpcHQiLCJvcHRpb25zIjpbXX0sIlwvdGVtcGxhdGVzXC90aGVtZTE0ODBcL2pzXC9qcXVlcnkuZWFzaW5nLjEuMy5qcyI6eyJ0eXBlIjoidGV4dFwvamF2YXNjcmlwdCIsIm9wdGlvbnMiOltdfSwiXC90ZW1wbGF0ZXNcL3RoZW1lMTQ4MFwvanNcL2pxdWVyeS5pc290b3BlLm1pbi5qcyI6eyJ0eXBlIjoidGV4dFwvamF2YXNjcmlwdCIsIm9wdGlvbnMiOltdfSwiXC90ZW1wbGF0ZXNcL3RoZW1lMTQ4MFwvanNcL3RvdWNoLmdhbGxlcnkuanMiOnsidHlwZSI6InRleHRcL2phdmFzY3JpcHQiLCJvcHRpb25zIjpbXX0sIlwvdGVtcGxhdGVzXC90aGVtZTE0ODBcL2pzXC9zY3JpcHRzLmpzIjp7InR5cGUiOiJ0ZXh0XC9qYXZhc2NyaXB0Iiwib3B0aW9ucyI6W119LCJodHRwczpcL1wvd3d3LmUtYW5vZG9zLmdyXC9tb2R1bGVzXC9tb2Rfc3VwZXJmaXNoX21lbnVcL2pzXC9zdXBlcmZpc2guanMiOnsidHlwZSI6InRleHRcL2phdmFzY3JpcHQiLCJvcHRpb25zIjpbXX0sImh0dHBzOlwvXC93d3cuZS1hbm9kb3MuZ3JcL21vZHVsZXNcL21vZF9zdXBlcmZpc2hfbWVudVwvanNcL2pxdWVyeS5tb2JpbGVtZW51LmpzIjp7InR5cGUiOiJ0ZXh0XC9qYXZhc2NyaXB0Iiwib3B0aW9ucyI6W119LCJodHRwczpcL1wvd3d3LmUtYW5vZG9zLmdyXC9tb2R1bGVzXC9tb2Rfc3VwZXJmaXNoX21lbnVcL2pzXC9qcXVlcnkuaG92ZXJJbnRlbnQuanMiOnsidHlwZSI6InRleHRcL2phdmFzY3JpcHQiLCJvcHRpb25zIjpbXX0sImh0dHBzOlwvXC93d3cuZS1hbm9kb3MuZ3JcL21vZHVsZXNcL21vZF9zdXBlcmZpc2hfbWVudVwvanNcL3N1cGVyc3Vicy5qcyI6eyJ0eXBlIjoidGV4dFwvamF2YXNjcmlwdCIsIm9wdGlvbnMiOltdfSwiaHR0cHM6XC9cL3d3dy5lLWFub2Rvcy5nclwvbW9kdWxlc1wvbW9kX3N1cGVyZmlzaF9tZW51XC9qc1wvc2Z0b3VjaHNjcmVlbi5qcyI6eyJ0eXBlIjoidGV4dFwvamF2YXNjcmlwdCIsIm9wdGlvbnMiOltdfX0iO319czo2OiJjb25maWciO047czo0OiJzaGltIjtOO3M6ODoiamxheW91dHMiO047fX19fXM6MTQ6IgAqAGluaXRpYWxpemVkIjtiOjA7czo5OiJzZXBhcmF0b3IiO3M6MToiLiI7fQ==\";',0,''),('d64fb666bd9a1e5cea6bbc4be677eca7',1,1,1674919793,'joomla|s:3372:\"TzoyNDoiSm9vbWxhXFJlZ2lzdHJ5XFJlZ2lzdHJ5IjozOntzOjc6IgAqAGRhdGEiO086ODoic3RkQ2xhc3MiOjE6e3M6OToiX19kZWZhdWx0IjtPOjg6InN0ZENsYXNzIjo0OntzOjc6InNlc3Npb24iO086ODoic3RkQ2xhc3MiOjM6e3M6NzoiY291bnRlciI7aToyO3M6NToidGltZXIiO086ODoic3RkQ2xhc3MiOjM6e3M6NToic3RhcnQiO2k6MTY3NDkxOTc5MjtzOjQ6Imxhc3QiO2k6MTY3NDkxOTc5MjtzOjM6Im5vdyI7aToxNjc0OTE5NzkzO31zOjU6InRva2VuIjtzOjMyOiJyREJieUdGcDkzTFN4a1psR2tSazNMSHFsb1dXMXJGaSI7fXM6ODoicmVnaXN0cnkiO086MjQ6Ikpvb21sYVxSZWdpc3RyeVxSZWdpc3RyeSI6Mzp7czo3OiIAKgBkYXRhIjtPOjg6InN0ZENsYXNzIjowOnt9czoxNDoiACoAaW5pdGlhbGl6ZWQiO2I6MDtzOjk6InNlcGFyYXRvciI7czoxOiIuIjt9czo0OiJ1c2VyIjtPOjIwOiJKb29tbGFcQ01TXFVzZXJcVXNlciI6MTp7czoyOiJpZCI7aTowO31zOjY6ImZhYnJpayI7Tzo4OiJzdGRDbGFzcyI6MTp7czoyOiJqcyI7Tzo4OiJzdGRDbGFzcyI6Njp7czo3OiJzY3JpcHRzIjtOO3M6ODoiY2FjaGVpZHMiO047czo0OiJoZWFkIjtPOjg6InN0ZENsYXNzIjoyOntzOjc6InNjcmlwdHMiO047czo1OiJjYWNoZSI7Tzo4OiJzdGRDbGFzcyI6MTp7czozMjoiNzEzNDQwNzAyZmMxZGY2NTNmZTE0MzYxNWJlMDYwNWMiO3M6MTcxMzoieyJcL21lZGlhXC9zeXN0ZW1cL2pzXC9jb3JlLmpzIjp7InR5cGUiOiJ0ZXh0XC9qYXZhc2NyaXB0Iiwib3B0aW9ucyI6eyJ2ZXJzaW9uIjoiYXV0byIsInJlbGF0aXZlIjp0cnVlLCJmcmFtZXdvcmsiOmZhbHNlLCJwYXRoT25seSI6ZmFsc2UsImRldGVjdEJyb3dzZXIiOnRydWUsImRldGVjdERlYnVnIjp0cnVlfX0sIlwvbWVkaWFcL3N5c3RlbVwvanNcL3BvbHlmaWxsLmV2ZW50LmpzIjp7InR5cGUiOiJ0ZXh0XC9qYXZhc2NyaXB0Iiwib3B0aW9ucyI6eyJ2ZXJzaW9uIjoiYXV0byIsInJlbGF0aXZlIjp0cnVlLCJjb25kaXRpb25hbCI6Imx0IElFIDkiLCJmcmFtZXdvcmsiOmZhbHNlLCJwYXRoT25seSI6ZmFsc2UsImRldGVjdEJyb3dzZXIiOnRydWUsImRldGVjdERlYnVnIjp0cnVlfX0sIlwvbWVkaWFcL3N5c3RlbVwvanNcL2tlZXBhbGl2ZS5qcyI6eyJ0eXBlIjoidGV4dFwvamF2YXNjcmlwdCIsIm9wdGlvbnMiOnsidmVyc2lvbiI6ImF1dG8iLCJyZWxhdGl2ZSI6dHJ1ZSwiZnJhbWV3b3JrIjpmYWxzZSwicGF0aE9ubHkiOmZhbHNlLCJkZXRlY3RCcm93c2VyIjp0cnVlLCJkZXRlY3REZWJ1ZyI6dHJ1ZX19LCJcL21lZGlhXC9qdWlcL2pzXC9qcXVlcnkubWluLmpzIjp7InR5cGUiOiJ0ZXh0XC9qYXZhc2NyaXB0Iiwib3B0aW9ucyI6eyJ2ZXJzaW9uIjoiYXV0byIsInJlbGF0aXZlIjp0cnVlLCJkZXRlY3REZWJ1ZyI6ZmFsc2UsImZyYW1ld29yayI6ZmFsc2UsInBhdGhPbmx5IjpmYWxzZSwiZGV0ZWN0QnJvd3NlciI6dHJ1ZX19LCJcL21lZGlhXC9qdWlcL2pzXC9qcXVlcnktbm9jb25mbGljdC5qcyI6eyJ0eXBlIjoidGV4dFwvamF2YXNjcmlwdCIsIm9wdGlvbnMiOnsidmVyc2lvbiI6ImF1dG8iLCJyZWxhdGl2ZSI6dHJ1ZSwiZnJhbWV3b3JrIjpmYWxzZSwicGF0aE9ubHkiOmZhbHNlLCJkZXRlY3RCcm93c2VyIjp0cnVlLCJkZXRlY3REZWJ1ZyI6dHJ1ZX19LCJcL21lZGlhXC9qdWlcL2pzXC9qcXVlcnktbWlncmF0ZS5taW4uanMiOnsidHlwZSI6InRleHRcL2phdmFzY3JpcHQiLCJvcHRpb25zIjp7InZlcnNpb24iOiJhdXRvIiwicmVsYXRpdmUiOnRydWUsImRldGVjdERlYnVnIjpmYWxzZSwiZnJhbWV3b3JrIjpmYWxzZSwicGF0aE9ubHkiOmZhbHNlLCJkZXRlY3RCcm93c2VyIjp0cnVlfX0sIlwvbWVkaWFcL2p1aVwvanNcL2Jvb3RzdHJhcC5taW4uanMiOnsidHlwZSI6InRleHRcL2phdmFzY3JpcHQiLCJvcHRpb25zIjp7InZlcnNpb24iOiJhdXRvIiwicmVsYXRpdmUiOnRydWUsImRldGVjdERlYnVnIjoiMCIsImZyYW1ld29yayI6ZmFsc2UsInBhdGhPbmx5IjpmYWxzZSwiZGV0ZWN0QnJvd3NlciI6dHJ1ZX19LCJcL21lZGlhXC9qdWlcL2pzXC9jaG9zZW4uanF1ZXJ5Lm1pbi5qcyI6eyJ0eXBlIjoidGV4dFwvamF2YXNjcmlwdCIsIm9wdGlvbnMiOnsidmVyc2lvbiI6ImF1dG8iLCJyZWxhdGl2ZSI6dHJ1ZSwiZGV0ZWN0RGVidWciOiIwIiwiZnJhbWV3b3JrIjpmYWxzZSwicGF0aE9ubHkiOmZhbHNlLCJkZXRlY3RCcm93c2VyIjp0cnVlfX0sIlwvbWVkaWFcL2p1aVwvanNcL2h0bWw1LmpzIjp7InR5cGUiOiJ0ZXh0XC9qYXZhc2NyaXB0Iiwib3B0aW9ucyI6eyJ2ZXJzaW9uIjoiYXV0byIsInJlbGF0aXZlIjp0cnVlLCJjb25kaXRpb25hbCI6Imx0IElFIDkiLCJmcmFtZXdvcmsiOmZhbHNlLCJwYXRoT25seSI6ZmFsc2UsImRldGVjdEJyb3dzZXIiOnRydWUsImRldGVjdERlYnVnIjp0cnVlfX19Ijt9fXM6NjoiY29uZmlnIjtOO3M6NDoic2hpbSI7TjtzOjg6ImpsYXlvdXRzIjtOO319fX1zOjE0OiIAKgBpbml0aWFsaXplZCI7YjowO3M6OToic2VwYXJhdG9yIjtzOjE6Ii4iO30=\";',0,''),('d6d2a1e3a041a0f750dfd3b19f69b2ed',0,1,1674934329,'joomla|s:5072:\"[encoded data, 5072 characters]\";',0,''),('d9530f331d251b5049875996bf013352',0,1,1674948527,'joomla|s:5072:\"[encoded data, 5072 characters]\";',0,''),('d98572854a51e7851c0a1d8c295441bc',0,1,1674934437,'joomla|s:5440:\"[encoded data, 5440 characters]\";',0,''),('d991021e961ae2a06cb2022599c43b75',0,1,1674944897,'joomla|s:5052:\"[encoded data, 5052 characters]\";',0,''),('dbafad7d989d845515e3f74831e9dec1',0,1,1674942151,'joomla|s:7288:\"[encoded data, 7288 characters]\";',0,''),('dd11df027ea581dde7ae2fa765ce3075',0,1,1674921554,'joomla|s:5052:\"[encoded data, 5052 characters]\";',0,''),('e1c943989da612d39028b67b24c10d90',0,1,1674927378,'joomla|s:3380:\"TzoyNDoiSm9vbWxhXFJlZ2lzdHJ5XFJlZ2lzdHJ5IjozOntzOjc6IgAqAGRhdGEiO086ODoic3RkQ2xhc3MiOjE6e3M6OToiX19kZWZhdWx0IjtPOjg6InN0ZENsYXNzIjo0OntzOjc6InNlc3Npb24iO086ODoic3RkQ2xhc3MiOjI6e3M6NzoiY291bnRlciI7aToxO3M6NToidGltZXIiO086ODoic3RkQ2xhc3MiOjM6e3M6NToic3RhcnQiO2k6MTY3NDkyNzM3ODtzOjQ6Imxhc3QiO2k6MTY3NDkyNzM3ODtzOjM6Im5vdyI7aToxNjc0OTI3Mzc4O319czo4OiJyZWdpc3RyeSI7TzoyNDoiSm9vbWxhXFJlZ2lzdHJ5XFJlZ2lzdHJ5IjozOntzOjc6IgAqAGRhdGEiO086ODoic3RkQ2xhc3MiOjA6e31zOjE0OiIAKgBpbml0aWFsaXplZCI7YjowO3M6OToic2VwYXJhdG9yIjtzOjE6Ii4iO31zOjQ6InVzZXIiO086MjA6Ikpvb21sYVxDTVNcVXNlclxVc2VyIjoxOntzOjI6ImlkIjtpOjA7fXM6NjoiZmFicmlrIjtPOjg6InN0ZENsYXNzIjoxOntzOjI6ImpzIjtPOjg6InN0ZENsYXNzIjo2OntzOjc6InNjcmlwdHMiO047czo4OiJjYWNoZWlkcyI7TjtzOjQ6ImhlYWQiO086ODoic3RkQ2xhc3MiOjI6e3M6Nzoic2NyaXB0cyI7TjtzOjU6ImNhY2hlIjtPOjg6InN0ZENsYXNzIjoxOntzOjMyOiI1Yzk0ZDBkZTQ2MTU4ZjU3NDcxZGEyODc3MjVlY2M2NiI7czoxNzcxOiJ7IlwvbWVkaWFcL2p1aVwvanNcL2pxdWVyeS5taW4uanMiOnsidHlwZSI6InRleHRcL2phdmFzY3JpcHQiLCJvcHRpb25zIjp7InZlcnNpb24iOiJhdXRvIiwicmVsYXRpdmUiOnRydWUsImRldGVjdERlYnVnIjpmYWxzZSwiZnJhbWV3b3JrIjpmYWxzZSwicGF0aE9ubHkiOmZhbHNlLCJkZXRlY3RCcm93c2VyIjp0cnVlfX0sIlwvbWVkaWFcL2p1aVwvanNcL2pxdWVyeS1ub2NvbmZsaWN0LmpzIjp7InR5cGUiOiJ0ZXh0XC9qYXZhc2NyaXB0Iiwib3B0aW9ucyI6eyJ2ZXJzaW9uIjoiYXV0byIsInJlbGF0aXZlIjp0cnVlLCJmcmFtZXdvcmsiOmZhbHNlLCJwYXRoT25seSI6ZmFsc2UsImRldGVjdEJyb3dzZXIiOnRydWUsImRldGVjdERlYnVnIjp0cnVlfX0sIlwvbWVkaWFcL2p1aVwvanNcL2pxdWVyeS1taWdyYXRlLm1pbi5qcyI6eyJ0eXBlIjoidGV4dFwvamF2YXNjcmlwdCIsIm9wdGlvbnMiOnsidmVyc2lvbiI6ImF1dG8iLCJyZWxhdGl2ZSI6dHJ1ZSwiZGV0ZWN0RGVidWciOmZhbHNlLCJmcmFtZXdvcmsiOmZhbHNlLCJwYXRoT25seSI6ZmFsc2UsImRldGVjdEJyb3dzZXIiOnRydWV9fSwiXC9tZWRpYVwvc3lzdGVtXC9qc1wvY2FwdGlvbi5qcyI6eyJ0eXBlIjoidGV4dFwvamF2YXNjcmlwdCIsIm9wdGlvbnMiOnsidmVyc2lvbiI6ImF1dG8iLCJyZWxhdGl2ZSI6dHJ1ZSwiZnJhbWV3b3JrIjpmYWxzZSwicGF0aE9ubHkiOmZhbHNlLCJkZXRlY3RCcm93c2VyIjp0cnVlLCJkZXRlY3REZWJ1ZyI6dHJ1ZX19LCJcL21lZGlhXC9qdWlcL2pzXC9ib290c3RyYXAuanMiOnsidHlwZSI6InRleHRcL2phdmFzY3JpcHQiLCJvcHRpb25zIjpbXX0sIlwvdGVtcGxhdGVzXC90aGVtZTE0ODBcL2pzXC9qcXVlcnkuZWFzaW5nLjEuMy5qcyI6eyJ0eXBlIjoidGV4dFwvamF2YXNjcmlwdCIsIm9wdGlvbnMiOltdfSwiXC90ZW1wbGF0ZXNcL3RoZW1lMTQ4MFwvanNcL2pxdWVyeS5pc290b3BlLm1pbi5qcyI6eyJ0eXBlIjoidGV4dFwvamF2YXNjcmlwdCIsIm9wdGlvbnMiOltdfSwiXC90ZW1wbGF0ZXNcL3RoZW1lMTQ4MFwvanNcL3RvdWNoLmdhbGxlcnkuanMiOnsidHlwZSI6InRleHRcL2phdmFzY3JpcHQiLCJvcHRpb25zIjpbXX0sIlwvdGVtcGxhdGVzXC90aGVtZTE0ODBcL2pzXC9zY3JpcHRzLmpzIjp7InR5cGUiOiJ0ZXh0XC9qYXZhc2NyaXB0Iiwib3B0aW9ucyI6W119LCJodHRwOlwvXC93d3cuZS1hbm9kb3MuZ3JcL21vZHVsZXNcL21vZF9zdXBlcmZpc2hfbWVudVwvanNcL3N1cGVyZmlzaC5qcyI6eyJ0eXBlIjoidGV4dFwvamF2YXNjcmlwdCIsIm9wdGlvbnMiOltdfSwiaHR0cDpcL1wvd3d3LmUtYW5vZG9zLmdyXC9tb2R1bGVzXC9tb2Rfc3VwZXJmaXNoX21lbnVcL2pzXC9qcXVlcnkubW9iaWxlbWVudS5qcyI6eyJ0eXBlIjoidGV4dFwvamF2YXNjcmlwdCIsIm9wdGlvbnMiOltdfSwiaHR0cDpcL1wvd3d3LmUtYW5vZG9zLmdyXC9tb2R1bGVzXC9tb2Rfc3VwZXJmaXNoX21lbnVcL2pzXC9qcXVlcnkuaG92ZXJJbnRlbnQuanMiOnsidHlwZSI6InRleHRcL2phdmFzY3JpcHQiLCJvcHRpb25zIjpbXX0sImh0dHA6XC9cL3d3dy5lLWFub2Rvcy5nclwvbW9kdWxlc1wvbW9kX3N1cGVyZmlzaF9tZW51XC9qc1wvc3VwZXJzdWJzLmpzIjp7InR5cGUiOiJ0ZXh0XC9qYXZhc2NyaXB0Iiwib3B0aW9ucyI6W119LCJodHRwOlwvXC93d3cuZS1hbm9kb3MuZ3JcL21vZHVsZXNcL21vZF9zdXBlcmZpc2hfbWVudVwvanNcL3NmdG91Y2hzY3JlZW4uanMiOnsidHlwZSI6InRleHRcL2phdmFzY3JpcHQiLCJvcHRpb25zIjpbXX19Ijt9fXM6NjoiY29uZmlnIjtOO3M6NDoic2hpbSI7TjtzOjg6ImpsYXlvdXRzIjtOO319fX1zOjE0OiIAKgBpbml0aWFsaXplZCI7YjowO3M6OToic2VwYXJhdG9yIjtzOjE6Ii4iO30=\";',0,''),('e42da6b2af38975ae60406d91e96128d',0,1,1674943286,'joomla|s:4840:\"[encoded data, 4840 characters]\";',0,''),('e8a296d53a10205f6f0eac978b73cdc5',0,1,1674933011,'joomla|s:3380:\"TzoyNDoiSm9vbWxhXFJlZ2lzdHJ5XFJlZ2lzdHJ5IjozOntzOjc6IgAqAGRhdGEiO086ODoic3RkQ2xhc3MiOjE6e3M6OToiX19kZWZhdWx0IjtPOjg6InN0ZENsYXNzIjo0OntzOjc6InNlc3Npb24iO086ODoic3RkQ2xhc3MiOjI6e3M6NzoiY291bnRlciI7aToxO3M6NToidGltZXIiO086ODoic3RkQ2xhc3MiOjM6e3M6NToic3RhcnQiO2k6MTY3NDkzMzAxMTtzOjQ6Imxhc3QiO2k6MTY3NDkzMzAxMTtzOjM6Im5vdyI7aToxNjc0OTMzMDExO319czo4OiJyZWdpc3RyeSI7TzoyNDoiSm9vbWxhXFJlZ2lzdHJ5XFJlZ2lzdHJ5IjozOntzOjc6IgAqAGRhdGEiO086ODoic3RkQ2xhc3MiOjA6e31zOjE0OiIAKgBpbml0aWFsaXplZCI7YjowO3M6OToic2VwYXJhdG9yIjtzOjE6Ii4iO31zOjQ6InVzZXIiO086MjA6Ikpvb21sYVxDTVNcVXNlclxVc2VyIjoxOntzOjI6ImlkIjtpOjA7fXM6NjoiZmFicmlrIjtPOjg6InN0ZENsYXNzIjoxOntzOjI6ImpzIjtPOjg6InN0ZENsYXNzIjo2OntzOjc6InNjcmlwdHMiO047czo4OiJjYWNoZWlkcyI7TjtzOjQ6ImhlYWQiO086ODoic3RkQ2xhc3MiOjI6e3M6Nzoic2NyaXB0cyI7TjtzOjU6ImNhY2hlIjtPOjg6InN0ZENsYXNzIjoxOntzOjMyOiJlYjgwZWIyY2MyOTEzMTIwYzEyOGNlMWMxYTNhYmVmNyI7czoxNzcxOiJ7IlwvbWVkaWFcL2p1aVwvanNcL2pxdWVyeS5taW4uanMiOnsidHlwZSI6InRleHRcL2phdmFzY3JpcHQiLCJvcHRpb25zIjp7InZlcnNpb24iOiJhdXRvIiwicmVsYXRpdmUiOnRydWUsImRldGVjdERlYnVnIjpmYWxzZSwiZnJhbWV3b3JrIjpmYWxzZSwicGF0aE9ubHkiOmZhbHNlLCJkZXRlY3RCcm93c2VyIjp0cnVlfX0sIlwvbWVkaWFcL2p1aVwvanNcL2pxdWVyeS1ub2NvbmZsaWN0LmpzIjp7InR5cGUiOiJ0ZXh0XC9qYXZhc2NyaXB0Iiwib3B0aW9ucyI6eyJ2ZXJzaW9uIjoiYXV0byIsInJlbGF0aXZlIjp0cnVlLCJmcmFtZXdvcmsiOmZhbHNlLCJwYXRoT25seSI6ZmFsc2UsImRldGVjdEJyb3dzZXIiOnRydWUsImRldGVjdERlYnVnIjp0cnVlfX0sIlwvbWVkaWFcL2p1aVwvanNcL2pxdWVyeS1taWdyYXRlLm1pbi5qcyI6eyJ0eXBlIjoidGV4dFwvamF2YXNjcmlwdCIsIm9wdGlvbnMiOnsidmVyc2lvbiI6ImF1dG8iLCJyZWxhdGl2ZSI6dHJ1ZSwiZGV0ZWN0RGVidWciOmZhbHNlLCJmcmFtZXdvcmsiOmZhbHNlLCJwYXRoT25seSI6ZmFsc2UsImRldGVjdEJyb3dzZXIiOnRydWV9fSwiXC9tZWRpYVwvc3lzdGVtXC9qc1wvY2FwdGlvbi5qcyI6eyJ0eXBlIjoidGV4dFwvamF2YXNjcmlwdCIsIm9wdGlvbnMiOnsidmVyc2lvbiI6ImF1dG8iLCJyZWxhdGl2ZSI6dHJ1ZSwiZnJhbWV3b3JrIjpmYWxzZSwicGF0aE9ubHkiOmZhbHNlLCJkZXRlY3RCcm93c2VyIjp0cnVlLCJkZXRlY3REZWJ1ZyI6dHJ1ZX19LCJcL21lZGlhXC9qdWlcL2pzXC9ib290c3RyYXAuanMiOnsidHlwZSI6InRleHRcL2phdmFzY3JpcHQiLCJvcHRpb25zIjpbXX0sIlwvdGVtcGxhdGVzXC90aGVtZTE0ODBcL2pzXC9qcXVlcnkuZWFzaW5nLjEuMy5qcyI6eyJ0eXBlIjoidGV4dFwvamF2YXNjcmlwdCIsIm9wdGlvbnMiOltdfSwiXC90ZW1wbGF0ZXNcL3RoZW1lMTQ4MFwvanNcL2pxdWVyeS5pc290b3BlLm1pbi5qcyI6eyJ0eXBlIjoidGV4dFwvamF2YXNjcmlwdCIsIm9wdGlvbnMiOltdfSwiXC90ZW1wbGF0ZXNcL3RoZW1lMTQ4MFwvanNcL3RvdWNoLmdhbGxlcnkuanMiOnsidHlwZSI6InRleHRcL2phdmFzY3JpcHQiLCJvcHRpb25zIjpbXX0sIlwvdGVtcGxhdGVzXC90aGVtZTE0ODBcL2pzXC9zY3JpcHRzLmpzIjp7InR5cGUiOiJ0ZXh0XC9qYXZhc2NyaXB0Iiwib3B0aW9ucyI6W119LCJodHRwOlwvXC93d3cuZS1hbm9kb3MuZ3JcL21vZHVsZXNcL21vZF9zdXBlcmZpc2hfbWVudVwvanNcL3N1cGVyZmlzaC5qcyI6eyJ0eXBlIjoidGV4dFwvamF2YXNjcmlwdCIsIm9wdGlvbnMiOltdfSwiaHR0cDpcL1wvd3d3LmUtYW5vZG9zLmdyXC9tb2R1bGVzXC9tb2Rfc3VwZXJmaXNoX21lbnVcL2pzXC9qcXVlcnkubW9iaWxlbWVudS5qcyI6eyJ0eXBlIjoidGV4dFwvamF2YXNjcmlwdCIsIm9wdGlvbnMiOltdfSwiaHR0cDpcL1wvd3d3LmUtYW5vZG9zLmdyXC9tb2R1bGVzXC9tb2Rfc3VwZXJmaXNoX21lbnVcL2pzXC9qcXVlcnkuaG92ZXJJbnRlbnQuanMiOnsidHlwZSI6InRleHRcL2phdmFzY3JpcHQiLCJvcHRpb25zIjpbXX0sImh0dHA6XC9cL3d3dy5lLWFub2Rvcy5nclwvbW9kdWxlc1wvbW9kX3N1cGVyZmlzaF9tZW51XC9qc1wvc3VwZXJzdWJzLmpzIjp7InR5cGUiOiJ0ZXh0XC9qYXZhc2NyaXB0Iiwib3B0aW9ucyI6W119LCJodHRwOlwvXC93d3cuZS1hbm9kb3MuZ3JcL21vZHVsZXNcL21vZF9zdXBlcmZpc2hfbWVudVwvanNcL3NmdG91Y2hzY3JlZW4uanMiOnsidHlwZSI6InRleHRcL2phdmFzY3JpcHQiLCJvcHRpb25zIjpbXX19Ijt9fXM6NjoiY29uZmlnIjtOO3M6NDoic2hpbSI7TjtzOjg6ImpsYXlvdXRzIjtOO319fX1zOjE0OiIAKgBpbml0aWFsaXplZCI7YjowO3M6OToic2VwYXJhdG9yIjtzOjE6Ii4iO30=\";',0,''),('eab0538279f842036519580e6cb748a8',0,1,1674904638,'joomla|s:1016:\"TzoyNDoiSm9vbWxhXFJlZ2lzdHJ5XFJlZ2lzdHJ5IjozOntzOjc6IgAqAGRhdGEiO086ODoic3RkQ2xhc3MiOjE6e3M6OToiX19kZWZhdWx0IjtPOjg6InN0ZENsYXNzIjo0OntzOjc6InNlc3Npb24iO086ODoic3RkQ2xhc3MiOjI6e3M6NzoiY291bnRlciI7aToxO3M6NToidGltZXIiO086ODoic3RkQ2xhc3MiOjM6e3M6NToic3RhcnQiO2k6MTY3NDkwNDYzODtzOjQ6Imxhc3QiO2k6MTY3NDkwNDYzODtzOjM6Im5vdyI7aToxNjc0OTA0NjM4O319czo4OiJyZWdpc3RyeSI7TzoyNDoiSm9vbWxhXFJlZ2lzdHJ5XFJlZ2lzdHJ5IjozOntzOjc6IgAqAGRhdGEiO086ODoic3RkQ2xhc3MiOjA6e31zOjE0OiIAKgBpbml0aWFsaXplZCI7YjowO3M6OToic2VwYXJhdG9yIjtzOjE6Ii4iO31zOjQ6InVzZXIiO086MjA6Ikpvb21sYVxDTVNcVXNlclxVc2VyIjoxOntzOjI6ImlkIjtpOjA7fXM6NjoiZmFicmlrIjtPOjg6InN0ZENsYXNzIjoxOntzOjI6ImpzIjtPOjg6InN0ZENsYXNzIjo2OntzOjc6InNjcmlwdHMiO047czo4OiJjYWNoZWlkcyI7TjtzOjQ6ImhlYWQiO086ODoic3RkQ2xhc3MiOjI6e3M6Nzoic2NyaXB0cyI7TjtzOjU6ImNhY2hlIjtPOjg6InN0ZENsYXNzIjoxOntzOjMyOiJlYjE4NGUwYTNlOTYxOGU2NWU5MTNhMDRiZGVkODJlZSI7czoyOiJbXSI7fX1zOjY6ImNvbmZpZyI7TjtzOjQ6InNoaW0iO047czo4OiJqbGF5b3V0cyI7Tjt9fX19czoxNDoiACoAaW5pdGlhbGl6ZWQiO2I6MDtzOjk6InNlcGFyYXRvciI7czoxOiIuIjt9\";',0,''),('ebddcdad50edf03e09496a7b11de6c17',0,1,1674909339,'joomla|s:664:\"TzoyNDoiSm9vbWxhXFJlZ2lzdHJ5XFJlZ2lzdHJ5IjozOntzOjc6IgAqAGRhdGEiO086ODoic3RkQ2xhc3MiOjE6e3M6OToiX19kZWZhdWx0IjtPOjg6InN0ZENsYXNzIjozOntzOjc6InNlc3Npb24iO086ODoic3RkQ2xhc3MiOjI6e3M6NzoiY291bnRlciI7aToxO3M6NToidGltZXIiO086ODoic3RkQ2xhc3MiOjM6e3M6NToic3RhcnQiO2k6MTY3NDkwOTMzOTtzOjQ6Imxhc3QiO2k6MTY3NDkwOTMzOTtzOjM6Im5vdyI7aToxNjc0OTA5MzM5O319czo4OiJyZWdpc3RyeSI7TzoyNDoiSm9vbWxhXFJlZ2lzdHJ5XFJlZ2lzdHJ5IjozOntzOjc6IgAqAGRhdGEiO086ODoic3RkQ2xhc3MiOjA6e31zOjE0OiIAKgBpbml0aWFsaXplZCI7YjowO3M6OToic2VwYXJhdG9yIjtzOjE6Ii4iO31zOjQ6InVzZXIiO086MjA6Ikpvb21sYVxDTVNcVXNlclxVc2VyIjoxOntzOjI6ImlkIjtpOjA7fX19czoxNDoiACoAaW5pdGlhbGl6ZWQiO2I6MDtzOjk6InNlcGFyYXRvciI7czoxOiIuIjt9\";',0,''),('ed33a38729d883f248c4ffe5f7074e6f',0,1,1674951202,'joomla|s:3360:\"TzoyNDoiSm9vbWxhXFJlZ2lzdHJ5XFJlZ2lzdHJ5IjozOntzOjc6IgAqAGRhdGEiO086ODoic3RkQ2xhc3MiOjE6e3M6OToiX19kZWZhdWx0IjtPOjg6InN0ZENsYXNzIjo0OntzOjc6InNlc3Npb24iO086ODoic3RkQ2xhc3MiOjI6e3M6NzoiY291bnRlciI7aToxO3M6NToidGltZXIiO086ODoic3RkQ2xhc3MiOjM6e3M6NToic3RhcnQiO2k6MTY3NDk1MTIwMjtzOjQ6Imxhc3QiO2k6MTY3NDk1MTIwMjtzOjM6Im5vdyI7aToxNjc0OTUxMjAyO319czo4OiJyZWdpc3RyeSI7TzoyNDoiSm9vbWxhXFJlZ2lzdHJ5XFJlZ2lzdHJ5IjozOntzOjc6IgAqAGRhdGEiO086ODoic3RkQ2xhc3MiOjA6e31zOjE0OiIAKgBpbml0aWFsaXplZCI7YjowO3M6OToic2VwYXJhdG9yIjtzOjE6Ii4iO31zOjQ6InVzZXIiO086MjA6Ikpvb21sYVxDTVNcVXNlclxVc2VyIjoxOntzOjI6ImlkIjtpOjA7fXM6NjoiZmFicmlrIjtPOjg6InN0ZENsYXNzIjoxOntzOjI6ImpzIjtPOjg6InN0ZENsYXNzIjo2OntzOjc6InNjcmlwdHMiO047czo4OiJjYWNoZWlkcyI7TjtzOjQ6ImhlYWQiO086ODoic3RkQ2xhc3MiOjI6e3M6Nzoic2NyaXB0cyI7TjtzOjU6ImNhY2hlIjtPOjg6InN0ZENsYXNzIjoxOntzOjMyOiI3NDI0OTViMDc1YTc5NDZjMTViYzY0YjIzODgwNjlmYyI7czoxNzU2OiJ7IlwvbWVkaWFcL2p1aVwvanNcL2pxdWVyeS5taW4uanMiOnsidHlwZSI6InRleHRcL2phdmFzY3JpcHQiLCJvcHRpb25zIjp7InZlcnNpb24iOiJhdXRvIiwicmVsYXRpdmUiOnRydWUsImRldGVjdERlYnVnIjpmYWxzZSwiZnJhbWV3b3JrIjpmYWxzZSwicGF0aE9ubHkiOmZhbHNlLCJkZXRlY3RCcm93c2VyIjp0cnVlfX0sIlwvbWVkaWFcL2p1aVwvanNcL2pxdWVyeS1ub2NvbmZsaWN0LmpzIjp7InR5cGUiOiJ0ZXh0XC9qYXZhc2NyaXB0Iiwib3B0aW9ucyI6eyJ2ZXJzaW9uIjoiYXV0byIsInJlbGF0aXZlIjp0cnVlLCJmcmFtZXdvcmsiOmZhbHNlLCJwYXRoT25seSI6ZmFsc2UsImRldGVjdEJyb3dzZXIiOnRydWUsImRldGVjdERlYnVnIjp0cnVlfX0sIlwvbWVkaWFcL2p1aVwvanNcL2pxdWVyeS1taWdyYXRlLm1pbi5qcyI6eyJ0eXBlIjoidGV4dFwvamF2YXNjcmlwdCIsIm9wdGlvbnMiOnsidmVyc2lvbiI6ImF1dG8iLCJyZWxhdGl2ZSI6dHJ1ZSwiZGV0ZWN0RGVidWciOmZhbHNlLCJmcmFtZXdvcmsiOmZhbHNlLCJwYXRoT25seSI6ZmFsc2UsImRldGVjdEJyb3dzZXIiOnRydWV9fSwiXC9tZWRpYVwvc3lzdGVtXC9qc1wvY2FwdGlvbi5qcyI6eyJ0eXBlIjoidGV4dFwvamF2YXNjcmlwdCIsIm9wdGlvbnMiOnsidmVyc2lvbiI6ImF1dG8iLCJyZWxhdGl2ZSI6dHJ1ZSwiZnJhbWV3b3JrIjpmYWxzZSwicGF0aE9ubHkiOmZhbHNlLCJkZXRlY3RCcm93c2VyIjp0cnVlLCJkZXRlY3REZWJ1ZyI6dHJ1ZX19LCJcL21lZGlhXC9qdWlcL2pzXC9ib290c3RyYXAuanMiOnsidHlwZSI6InRleHRcL2phdmFzY3JpcHQiLCJvcHRpb25zIjpbXX0sIlwvdGVtcGxhdGVzXC90aGVtZTE0ODBcL2pzXC9qcXVlcnkuZWFzaW5nLjEuMy5qcyI6eyJ0eXBlIjoidGV4dFwvamF2YXNjcmlwdCIsIm9wdGlvbnMiOltdfSwiXC90ZW1wbGF0ZXNcL3RoZW1lMTQ4MFwvanNcL2pxdWVyeS5pc290b3BlLm1pbi5qcyI6eyJ0eXBlIjoidGV4dFwvamF2YXNjcmlwdCIsIm9wdGlvbnMiOltdfSwiXC90ZW1wbGF0ZXNcL3RoZW1lMTQ4MFwvanNcL3RvdWNoLmdhbGxlcnkuanMiOnsidHlwZSI6InRleHRcL2phdmFzY3JpcHQiLCJvcHRpb25zIjpbXX0sIlwvdGVtcGxhdGVzXC90aGVtZTE0ODBcL2pzXC9zY3JpcHRzLmpzIjp7InR5cGUiOiJ0ZXh0XC9qYXZhc2NyaXB0Iiwib3B0aW9ucyI6W119LCJodHRwczpcL1wvZS1hbm9kb3MuZ3JcL21vZHVsZXNcL21vZF9zdXBlcmZpc2hfbWVudVwvanNcL3N1cGVyZmlzaC5qcyI6eyJ0eXBlIjoidGV4dFwvamF2YXNjcmlwdCIsIm9wdGlvbnMiOltdfSwiaHR0cHM6XC9cL2UtYW5vZG9zLmdyXC9tb2R1bGVzXC9tb2Rfc3VwZXJmaXNoX21lbnVcL2pzXC9qcXVlcnkubW9iaWxlbWVudS5qcyI6eyJ0eXBlIjoidGV4dFwvamF2YXNjcmlwdCIsIm9wdGlvbnMiOltdfSwiaHR0cHM6XC9cL2UtYW5vZG9zLmdyXC9tb2R1bGVzXC9tb2Rfc3VwZXJmaXNoX21lbnVcL2pzXC9qcXVlcnkuaG92ZXJJbnRlbnQuanMiOnsidHlwZSI6InRleHRcL2phdmFzY3JpcHQiLCJvcHRpb25zIjpbXX0sImh0dHBzOlwvXC9lLWFub2Rvcy5nclwvbW9kdWxlc1wvbW9kX3N1cGVyZmlzaF9tZW51XC9qc1wvc3VwZXJzdWJzLmpzIjp7InR5cGUiOiJ0ZXh0XC9qYXZhc2NyaXB0Iiwib3B0aW9ucyI6W119LCJodHRwczpcL1wvZS1hbm9kb3MuZ3JcL21vZHVsZXNcL21vZF9zdXBlcmZpc2hfbWVudVwvanNcL3NmdG91Y2hzY3JlZW4uanMiOnsidHlwZSI6InRleHRcL2phdmFzY3JpcHQiLCJvcHRpb25zIjpbXX19Ijt9fXM6NjoiY29uZmlnIjtOO3M6NDoic2hpbSI7TjtzOjg6ImpsYXlvdXRzIjtOO319fX1zOjE0OiIAKgBpbml0aWFsaXplZCI7YjowO3M6OToic2VwYXJhdG9yIjtzOjE6Ii4iO30=\";',0,''),('edb5cbacd1507c81b0e07dd86863e398',0,1,1674908839,'joomla|s:3360:\"TzoyNDoiSm9vbWxhXFJlZ2lzdHJ5XFJlZ2lzdHJ5IjozOntzOjc6IgAqAGRhdGEiO086ODoic3RkQ2xhc3MiOjE6e3M6OToiX19kZWZhdWx0IjtPOjg6InN0ZENsYXNzIjo0OntzOjc6InNlc3Npb24iO086ODoic3RkQ2xhc3MiOjI6e3M6NzoiY291bnRlciI7aToxO3M6NToidGltZXIiO086ODoic3RkQ2xhc3MiOjM6e3M6NToic3RhcnQiO2k6MTY3NDkwODgzOTtzOjQ6Imxhc3QiO2k6MTY3NDkwODgzOTtzOjM6Im5vdyI7aToxNjc0OTA4ODM5O319czo4OiJyZWdpc3RyeSI7TzoyNDoiSm9vbWxhXFJlZ2lzdHJ5XFJlZ2lzdHJ5IjozOntzOjc6IgAqAGRhdGEiO086ODoic3RkQ2xhc3MiOjA6e31zOjE0OiIAKgBpbml0aWFsaXplZCI7YjowO3M6OToic2VwYXJhdG9yIjtzOjE6Ii4iO31zOjQ6InVzZXIiO086MjA6Ikpvb21sYVxDTVNcVXNlclxVc2VyIjoxOntzOjI6ImlkIjtpOjA7fXM6NjoiZmFicmlrIjtPOjg6InN0ZENsYXNzIjoxOntzOjI6ImpzIjtPOjg6InN0ZENsYXNzIjo2OntzOjc6InNjcmlwdHMiO047czo4OiJjYWNoZWlkcyI7TjtzOjQ6ImhlYWQiO086ODoic3RkQ2xhc3MiOjI6e3M6Nzoic2NyaXB0cyI7TjtzOjU6ImNhY2hlIjtPOjg6InN0ZENsYXNzIjoxOntzOjMyOiIzM2JmODVmMzNmMGVjOGJlZWY4OGRiODFkNjcxYWVhMCI7czoxNzU2OiJ7IlwvbWVkaWFcL2p1aVwvanNcL2pxdWVyeS5taW4uanMiOnsidHlwZSI6InRleHRcL2phdmFzY3JpcHQiLCJvcHRpb25zIjp7InZlcnNpb24iOiJhdXRvIiwicmVsYXRpdmUiOnRydWUsImRldGVjdERlYnVnIjpmYWxzZSwiZnJhbWV3b3JrIjpmYWxzZSwicGF0aE9ubHkiOmZhbHNlLCJkZXRlY3RCcm93c2VyIjp0cnVlfX0sIlwvbWVkaWFcL2p1aVwvanNcL2pxdWVyeS1ub2NvbmZsaWN0LmpzIjp7InR5cGUiOiJ0ZXh0XC9qYXZhc2NyaXB0Iiwib3B0aW9ucyI6eyJ2ZXJzaW9uIjoiYXV0byIsInJlbGF0aXZlIjp0cnVlLCJmcmFtZXdvcmsiOmZhbHNlLCJwYXRoT25seSI6ZmFsc2UsImRldGVjdEJyb3dzZXIiOnRydWUsImRldGVjdERlYnVnIjp0cnVlfX0sIlwvbWVkaWFcL2p1aVwvanNcL2pxdWVyeS1taWdyYXRlLm1pbi5qcyI6eyJ0eXBlIjoidGV4dFwvamF2YXNjcmlwdCIsIm9wdGlvbnMiOnsidmVyc2lvbiI6ImF1dG8iLCJyZWxhdGl2ZSI6dHJ1ZSwiZGV0ZWN0RGVidWciOmZhbHNlLCJmcmFtZXdvcmsiOmZhbHNlLCJwYXRoT25seSI6ZmFsc2UsImRldGVjdEJyb3dzZXIiOnRydWV9fSwiXC9tZWRpYVwvc3lzdGVtXC9qc1wvY2FwdGlvbi5qcyI6eyJ0eXBlIjoidGV4dFwvamF2YXNjcmlwdCIsIm9wdGlvbnMiOnsidmVyc2lvbiI6ImF1dG8iLCJyZWxhdGl2ZSI6dHJ1ZSwiZnJhbWV3b3JrIjpmYWxzZSwicGF0aE9ubHkiOmZhbHNlLCJkZXRlY3RCcm93c2VyIjp0cnVlLCJkZXRlY3REZWJ1ZyI6dHJ1ZX19LCJcL21lZGlhXC9qdWlcL2pzXC9ib290c3RyYXAuanMiOnsidHlwZSI6InRleHRcL2phdmFzY3JpcHQiLCJvcHRpb25zIjpbXX0sIlwvdGVtcGxhdGVzXC90aGVtZTE0ODBcL2pzXC9qcXVlcnkuZWFzaW5nLjEuMy5qcyI6eyJ0eXBlIjoidGV4dFwvamF2YXNjcmlwdCIsIm9wdGlvbnMiOltdfSwiXC90ZW1wbGF0ZXNcL3RoZW1lMTQ4MFwvanNcL2pxdWVyeS5pc290b3BlLm1pbi5qcyI6eyJ0eXBlIjoidGV4dFwvamF2YXNjcmlwdCIsIm9wdGlvbnMiOltdfSwiXC90ZW1wbGF0ZXNcL3RoZW1lMTQ4MFwvanNcL3RvdWNoLmdhbGxlcnkuanMiOnsidHlwZSI6InRleHRcL2phdmFzY3JpcHQiLCJvcHRpb25zIjpbXX0sIlwvdGVtcGxhdGVzXC90aGVtZTE0ODBcL2pzXC9zY3JpcHRzLmpzIjp7InR5cGUiOiJ0ZXh0XC9qYXZhc2NyaXB0Iiwib3B0aW9ucyI6W119LCJodHRwczpcL1wvZS1hbm9kb3MuZ3JcL21vZHVsZXNcL21vZF9zdXBlcmZpc2hfbWVudVwvanNcL3N1cGVyZmlzaC5qcyI6eyJ0eXBlIjoidGV4dFwvamF2YXNjcmlwdCIsIm9wdGlvbnMiOltdfSwiaHR0cHM6XC9cL2UtYW5vZG9zLmdyXC9tb2R1bGVzXC9tb2Rfc3VwZXJmaXNoX21lbnVcL2pzXC9qcXVlcnkubW9iaWxlbWVudS5qcyI6eyJ0eXBlIjoidGV4dFwvamF2YXNjcmlwdCIsIm9wdGlvbnMiOltdfSwiaHR0cHM6XC9cL2UtYW5vZG9zLmdyXC9tb2R1bGVzXC9tb2Rfc3VwZXJmaXNoX21lbnVcL2pzXC9qcXVlcnkuaG92ZXJJbnRlbnQuanMiOnsidHlwZSI6InRleHRcL2phdmFzY3JpcHQiLCJvcHRpb25zIjpbXX0sImh0dHBzOlwvXC9lLWFub2Rvcy5nclwvbW9kdWxlc1wvbW9kX3N1cGVyZmlzaF9tZW51XC9qc1wvc3VwZXJzdWJzLmpzIjp7InR5cGUiOiJ0ZXh0XC9qYXZhc2NyaXB0Iiwib3B0aW9ucyI6W119LCJodHRwczpcL1wvZS1hbm9kb3MuZ3JcL21vZHVsZXNcL21vZF9zdXBlcmZpc2hfbWVudVwvanNcL3NmdG91Y2hzY3JlZW4uanMiOnsidHlwZSI6InRleHRcL2phdmFzY3JpcHQiLCJvcHRpb25zIjpbXX19Ijt9fXM6NjoiY29uZmlnIjtOO3M6NDoic2hpbSI7TjtzOjg6ImpsYXlvdXRzIjtOO319fX1zOjE0OiIAKgBpbml0aWFsaXplZCI7YjowO3M6OToic2VwYXJhdG9yIjtzOjE6Ii4iO30=\";',0,''),('efd0342463f74aa3d408175f3930c0e2',0,1,1674902562,'joomla|s:3352:\"TzoyNDoiSm9vbWxhXFJlZ2lzdHJ5XFJlZ2lzdHJ5IjozOntzOjc6IgAqAGRhdGEiO086ODoic3RkQ2xhc3MiOjE6e3M6OToiX19kZWZhdWx0IjtPOjg6InN0ZENsYXNzIjo0OntzOjc6InNlc3Npb24iO086ODoic3RkQ2xhc3MiOjI6e3M6NzoiY291bnRlciI7aToxO3M6NToidGltZXIiO086ODoic3RkQ2xhc3MiOjM6e3M6NToic3RhcnQiO2k6MTY3NDkwMjU2MTtzOjQ6Imxhc3QiO2k6MTY3NDkwMjU2MTtzOjM6Im5vdyI7aToxNjc0OTAyNTYxO319czo4OiJyZWdpc3RyeSI7TzoyNDoiSm9vbWxhXFJlZ2lzdHJ5XFJlZ2lzdHJ5IjozOntzOjc6IgAqAGRhdGEiO086ODoic3RkQ2xhc3MiOjA6e31zOjE0OiIAKgBpbml0aWFsaXplZCI7YjowO3M6OToic2VwYXJhdG9yIjtzOjE6Ii4iO31zOjQ6InVzZXIiO086MjA6Ikpvb21sYVxDTVNcVXNlclxVc2VyIjoxOntzOjI6ImlkIjtpOjA7fXM6NjoiZmFicmlrIjtPOjg6InN0ZENsYXNzIjoxOntzOjI6ImpzIjtPOjg6InN0ZENsYXNzIjo2OntzOjc6InNjcmlwdHMiO047czo4OiJjYWNoZWlkcyI7TjtzOjQ6ImhlYWQiO086ODoic3RkQ2xhc3MiOjI6e3M6Nzoic2NyaXB0cyI7TjtzOjU6ImNhY2hlIjtPOjg6InN0ZENsYXNzIjoxOntzOjMyOiI3NDI0OTViMDc1YTc5NDZjMTViYzY0YjIzODgwNjlmYyI7czoxNzUxOiJ7IlwvbWVkaWFcL2p1aVwvanNcL2pxdWVyeS5taW4uanMiOnsidHlwZSI6InRleHRcL2phdmFzY3JpcHQiLCJvcHRpb25zIjp7InZlcnNpb24iOiJhdXRvIiwicmVsYXRpdmUiOnRydWUsImRldGVjdERlYnVnIjpmYWxzZSwiZnJhbWV3b3JrIjpmYWxzZSwicGF0aE9ubHkiOmZhbHNlLCJkZXRlY3RCcm93c2VyIjp0cnVlfX0sIlwvbWVkaWFcL2p1aVwvanNcL2pxdWVyeS1ub2NvbmZsaWN0LmpzIjp7InR5cGUiOiJ0ZXh0XC9qYXZhc2NyaXB0Iiwib3B0aW9ucyI6eyJ2ZXJzaW9uIjoiYXV0byIsInJlbGF0aXZlIjp0cnVlLCJmcmFtZXdvcmsiOmZhbHNlLCJwYXRoT25seSI6ZmFsc2UsImRldGVjdEJyb3dzZXIiOnRydWUsImRldGVjdERlYnVnIjp0cnVlfX0sIlwvbWVkaWFcL2p1aVwvanNcL2pxdWVyeS1taWdyYXRlLm1pbi5qcyI6eyJ0eXBlIjoidGV4dFwvamF2YXNjcmlwdCIsIm9wdGlvbnMiOnsidmVyc2lvbiI6ImF1dG8iLCJyZWxhdGl2ZSI6dHJ1ZSwiZGV0ZWN0RGVidWciOmZhbHNlLCJmcmFtZXdvcmsiOmZhbHNlLCJwYXRoT25seSI6ZmFsc2UsImRldGVjdEJyb3dzZXIiOnRydWV9fSwiXC9tZWRpYVwvc3lzdGVtXC9qc1wvY2FwdGlvbi5qcyI6eyJ0eXBlIjoidGV4dFwvamF2YXNjcmlwdCIsIm9wdGlvbnMiOnsidmVyc2lvbiI6ImF1dG8iLCJyZWxhdGl2ZSI6dHJ1ZSwiZnJhbWV3b3JrIjpmYWxzZSwicGF0aE9ubHkiOmZhbHNlLCJkZXRlY3RCcm93c2VyIjp0cnVlLCJkZXRlY3REZWJ1ZyI6dHJ1ZX19LCJcL21lZGlhXC9qdWlcL2pzXC9ib290c3RyYXAuanMiOnsidHlwZSI6InRleHRcL2phdmFzY3JpcHQiLCJvcHRpb25zIjpbXX0sIlwvdGVtcGxhdGVzXC90aGVtZTE0ODBcL2pzXC9qcXVlcnkuZWFzaW5nLjEuMy5qcyI6eyJ0eXBlIjoidGV4dFwvamF2YXNjcmlwdCIsIm9wdGlvbnMiOltdfSwiXC90ZW1wbGF0ZXNcL3RoZW1lMTQ4MFwvanNcL2pxdWVyeS5pc290b3BlLm1pbi5qcyI6eyJ0eXBlIjoidGV4dFwvamF2YXNjcmlwdCIsIm9wdGlvbnMiOltdfSwiXC90ZW1wbGF0ZXNcL3RoZW1lMTQ4MFwvanNcL3RvdWNoLmdhbGxlcnkuanMiOnsidHlwZSI6InRleHRcL2phdmFzY3JpcHQiLCJvcHRpb25zIjpbXX0sIlwvdGVtcGxhdGVzXC90aGVtZTE0ODBcL2pzXC9zY3JpcHRzLmpzIjp7InR5cGUiOiJ0ZXh0XC9qYXZhc2NyaXB0Iiwib3B0aW9ucyI6W119LCJodHRwOlwvXC9lLWFub2Rvcy5nclwvbW9kdWxlc1wvbW9kX3N1cGVyZmlzaF9tZW51XC9qc1wvc3VwZXJmaXNoLmpzIjp7InR5cGUiOiJ0ZXh0XC9qYXZhc2NyaXB0Iiwib3B0aW9ucyI6W119LCJodHRwOlwvXC9lLWFub2Rvcy5nclwvbW9kdWxlc1wvbW9kX3N1cGVyZmlzaF9tZW51XC9qc1wvanF1ZXJ5Lm1vYmlsZW1lbnUuanMiOnsidHlwZSI6InRleHRcL2phdmFzY3JpcHQiLCJvcHRpb25zIjpbXX0sImh0dHA6XC9cL2UtYW5vZG9zLmdyXC9tb2R1bGVzXC9tb2Rfc3VwZXJmaXNoX21lbnVcL2pzXC9qcXVlcnkuaG92ZXJJbnRlbnQuanMiOnsidHlwZSI6InRleHRcL2phdmFzY3JpcHQiLCJvcHRpb25zIjpbXX0sImh0dHA6XC9cL2UtYW5vZG9zLmdyXC9tb2R1bGVzXC9tb2Rfc3VwZXJmaXNoX21lbnVcL2pzXC9zdXBlcnN1YnMuanMiOnsidHlwZSI6InRleHRcL2phdmFzY3JpcHQiLCJvcHRpb25zIjpbXX0sImh0dHA6XC9cL2UtYW5vZG9zLmdyXC9tb2R1bGVzXC9tb2Rfc3VwZXJmaXNoX21lbnVcL2pzXC9zZnRvdWNoc2NyZWVuLmpzIjp7InR5cGUiOiJ0ZXh0XC9qYXZhc2NyaXB0Iiwib3B0aW9ucyI6W119fSI7fX1zOjY6ImNvbmZpZyI7TjtzOjQ6InNoaW0iO047czo4OiJqbGF5b3V0cyI7Tjt9fX19czoxNDoiACoAaW5pdGlhbGl6ZWQiO2I6MDtzOjk6InNlcGFyYXRvciI7czoxOiIuIjt9\";',0,''),('efd6b81c1927c3f500c31a409082b90a',0,1,1674936155,'joomla|s:7092:\"[encoded data, 7092 characters]\";',0,''),('f0c787559ee985c26b1ff9f6c691254d',0,1,1674894956,'joomla|s:3380:\"TzoyNDoiSm9vbWxhXFJlZ2lzdHJ5XFJlZ2lzdHJ5IjozOntzOjc6IgAqAGRhdGEiO086ODoic3RkQ2xhc3MiOjE6e3M6OToiX19kZWZhdWx0IjtPOjg6InN0ZENsYXNzIjo0OntzOjc6InNlc3Npb24iO086ODoic3RkQ2xhc3MiOjI6e3M6NzoiY291bnRlciI7aToxO3M6NToidGltZXIiO086ODoic3RkQ2xhc3MiOjM6e3M6NToic3RhcnQiO2k6MTY3NDg5NDk1NjtzOjQ6Imxhc3QiO2k6MTY3NDg5NDk1NjtzOjM6Im5vdyI7aToxNjc0ODk0OTU2O319czo4OiJyZWdpc3RyeSI7TzoyNDoiSm9vbWxhXFJlZ2lzdHJ5XFJlZ2lzdHJ5IjozOntzOjc6IgAqAGRhdGEiO086ODoic3RkQ2xhc3MiOjA6e31zOjE0OiIAKgBpbml0aWFsaXplZCI7YjowO3M6OToic2VwYXJhdG9yIjtzOjE6Ii4iO31zOjQ6InVzZXIiO086MjA6Ikpvb21sYVxDTVNcVXNlclxVc2VyIjoxOntzOjI6ImlkIjtpOjA7fXM6NjoiZmFicmlrIjtPOjg6InN0ZENsYXNzIjoxOntzOjI6ImpzIjtPOjg6InN0ZENsYXNzIjo2OntzOjc6InNjcmlwdHMiO047czo4OiJjYWNoZWlkcyI7TjtzOjQ6ImhlYWQiO086ODoic3RkQ2xhc3MiOjI6e3M6Nzoic2NyaXB0cyI7TjtzOjU6ImNhY2hlIjtPOjg6InN0ZENsYXNzIjoxOntzOjMyOiIwMTk4NjcwOWNlMjdhODYyOThmZTY1NzE2MDIwMDhmOCI7czoxNzcxOiJ7IlwvbWVkaWFcL2p1aVwvanNcL2pxdWVyeS5taW4uanMiOnsidHlwZSI6InRleHRcL2phdmFzY3JpcHQiLCJvcHRpb25zIjp7InZlcnNpb24iOiJhdXRvIiwicmVsYXRpdmUiOnRydWUsImRldGVjdERlYnVnIjpmYWxzZSwiZnJhbWV3b3JrIjpmYWxzZSwicGF0aE9ubHkiOmZhbHNlLCJkZXRlY3RCcm93c2VyIjp0cnVlfX0sIlwvbWVkaWFcL2p1aVwvanNcL2pxdWVyeS1ub2NvbmZsaWN0LmpzIjp7InR5cGUiOiJ0ZXh0XC9qYXZhc2NyaXB0Iiwib3B0aW9ucyI6eyJ2ZXJzaW9uIjoiYXV0byIsInJlbGF0aXZlIjp0cnVlLCJmcmFtZXdvcmsiOmZhbHNlLCJwYXRoT25seSI6ZmFsc2UsImRldGVjdEJyb3dzZXIiOnRydWUsImRldGVjdERlYnVnIjp0cnVlfX0sIlwvbWVkaWFcL2p1aVwvanNcL2pxdWVyeS1taWdyYXRlLm1pbi5qcyI6eyJ0eXBlIjoidGV4dFwvamF2YXNjcmlwdCIsIm9wdGlvbnMiOnsidmVyc2lvbiI6ImF1dG8iLCJyZWxhdGl2ZSI6dHJ1ZSwiZGV0ZWN0RGVidWciOmZhbHNlLCJmcmFtZXdvcmsiOmZhbHNlLCJwYXRoT25seSI6ZmFsc2UsImRldGVjdEJyb3dzZXIiOnRydWV9fSwiXC9tZWRpYVwvc3lzdGVtXC9qc1wvY2FwdGlvbi5qcyI6eyJ0eXBlIjoidGV4dFwvamF2YXNjcmlwdCIsIm9wdGlvbnMiOnsidmVyc2lvbiI6ImF1dG8iLCJyZWxhdGl2ZSI6dHJ1ZSwiZnJhbWV3b3JrIjpmYWxzZSwicGF0aE9ubHkiOmZhbHNlLCJkZXRlY3RCcm93c2VyIjp0cnVlLCJkZXRlY3REZWJ1ZyI6dHJ1ZX19LCJcL21lZGlhXC9qdWlcL2pzXC9ib290c3RyYXAuanMiOnsidHlwZSI6InRleHRcL2phdmFzY3JpcHQiLCJvcHRpb25zIjpbXX0sIlwvdGVtcGxhdGVzXC90aGVtZTE0ODBcL2pzXC9qcXVlcnkuZWFzaW5nLjEuMy5qcyI6eyJ0eXBlIjoidGV4dFwvamF2YXNjcmlwdCIsIm9wdGlvbnMiOltdfSwiXC90ZW1wbGF0ZXNcL3RoZW1lMTQ4MFwvanNcL2pxdWVyeS5pc290b3BlLm1pbi5qcyI6eyJ0eXBlIjoidGV4dFwvamF2YXNjcmlwdCIsIm9wdGlvbnMiOltdfSwiXC90ZW1wbGF0ZXNcL3RoZW1lMTQ4MFwvanNcL3RvdWNoLmdhbGxlcnkuanMiOnsidHlwZSI6InRleHRcL2phdmFzY3JpcHQiLCJvcHRpb25zIjpbXX0sIlwvdGVtcGxhdGVzXC90aGVtZTE0ODBcL2pzXC9zY3JpcHRzLmpzIjp7InR5cGUiOiJ0ZXh0XC9qYXZhc2NyaXB0Iiwib3B0aW9ucyI6W119LCJodHRwOlwvXC93d3cuZS1hbm9kb3MuZ3JcL21vZHVsZXNcL21vZF9zdXBlcmZpc2hfbWVudVwvanNcL3N1cGVyZmlzaC5qcyI6eyJ0eXBlIjoidGV4dFwvamF2YXNjcmlwdCIsIm9wdGlvbnMiOltdfSwiaHR0cDpcL1wvd3d3LmUtYW5vZG9zLmdyXC9tb2R1bGVzXC9tb2Rfc3VwZXJmaXNoX21lbnVcL2pzXC9qcXVlcnkubW9iaWxlbWVudS5qcyI6eyJ0eXBlIjoidGV4dFwvamF2YXNjcmlwdCIsIm9wdGlvbnMiOltdfSwiaHR0cDpcL1wvd3d3LmUtYW5vZG9zLmdyXC9tb2R1bGVzXC9tb2Rfc3VwZXJmaXNoX21lbnVcL2pzXC9qcXVlcnkuaG92ZXJJbnRlbnQuanMiOnsidHlwZSI6InRleHRcL2phdmFzY3JpcHQiLCJvcHRpb25zIjpbXX0sImh0dHA6XC9cL3d3dy5lLWFub2Rvcy5nclwvbW9kdWxlc1wvbW9kX3N1cGVyZmlzaF9tZW51XC9qc1wvc3VwZXJzdWJzLmpzIjp7InR5cGUiOiJ0ZXh0XC9qYXZhc2NyaXB0Iiwib3B0aW9ucyI6W119LCJodHRwOlwvXC93d3cuZS1hbm9kb3MuZ3JcL21vZHVsZXNcL21vZF9zdXBlcmZpc2hfbWVudVwvanNcL3NmdG91Y2hzY3JlZW4uanMiOnsidHlwZSI6InRleHRcL2phdmFzY3JpcHQiLCJvcHRpb25zIjpbXX19Ijt9fXM6NjoiY29uZmlnIjtOO3M6NDoic2hpbSI7TjtzOjg6ImpsYXlvdXRzIjtOO319fX1zOjE0OiIAKgBpbml0aWFsaXplZCI7YjowO3M6OToic2VwYXJhdG9yIjtzOjE6Ii4iO30=\";',0,''),('f0ddf90186cd147c03aea64d1c1b6dc2',0,1,1674904854,'joomla|s:14284:\"[encoded data, 14284 characters]\";',0,''),('f18bd91118ec2eb5bdb27f2072dc05f0',0,1,1674897320,'joomla|s:5080:\"[encoded data, 5080 characters]\";',0,''),('f4d43a701cf18c194cc2e63fdf833099',0,1,1674951250,'joomla|s:7308:\"[encoded data, 7308 characters]\";',0,''),('f67c9f8d8e4b5682ecbd777b9b7b1426',0,1,1674906814,'joomla|s:5044:\"[encoded data, 5044 characters]\";',0,''),('f86800d23caa0fc5a6883061140b44a8',0,1,1674916338,'joomla|s:7236:\"[encoded data, 7236 characters]\";',0,''),('f8e72c9b6859d09cdb0acdf07f9a9e85',0,1,1674911367,'joomla|s:5052:\"[encoded data, 5052 characters]\";',0,''),('fcfac46ef63a0d1528439c0af7c5dddf',0,1,1674940513,'joomla|s:664:\"TzoyNDoiSm9vbWxhXFJlZ2lzdHJ5XFJlZ2lzdHJ5IjozOntzOjc6IgAqAGRhdGEiO086ODoic3RkQ2xhc3MiOjE6e3M6OToiX19kZWZhdWx0IjtPOjg6InN0ZENsYXNzIjozOntzOjc6InNlc3Npb24iO086ODoic3RkQ2xhc3MiOjI6e3M6NzoiY291bnRlciI7aToxO3M6NToidGltZXIiO086ODoic3RkQ2xhc3MiOjM6e3M6NToic3RhcnQiO2k6MTY3NDk0MDUxMztzOjQ6Imxhc3QiO2k6MTY3NDk0MDUxMztzOjM6Im5vdyI7aToxNjc0OTQwNTEzO319czo4OiJyZWdpc3RyeSI7TzoyNDoiSm9vbWxhXFJlZ2lzdHJ5XFJlZ2lzdHJ5IjozOntzOjc6IgAqAGRhdGEiO086ODoic3RkQ2xhc3MiOjA6e31zOjE0OiIAKgBpbml0aWFsaXplZCI7YjowO3M6OToic2VwYXJhdG9yIjtzOjE6Ii4iO31zOjQ6InVzZXIiO086MjA6Ikpvb21sYVxDTVNcVXNlclxVc2VyIjoxOntzOjI6ImlkIjtpOjA7fX19czoxNDoiACoAaW5pdGlhbGl6ZWQiO2I6MDtzOjk6InNlcGFyYXRvciI7czoxOiIuIjt9\";',0,''),('fd3eb6fa7c8483413a261cc79aebda30',0,1,1674945190,'joomla|s:5044:\"[encoded data, 5044 characters]\";',0,'');

--
-- Table structure for table `ands_tabulizer_data_source`
--

CREATE TABLE `ands_tabulizer_data_source` (
  `id` int(11) NOT NULL AUTO_INCREMENT,
  `title` varchar(255) NOT NULL,
  `tag` varchar(255) NOT NULL,
  `source_type` varchar(24) NOT NULL,
  `source_params` text NOT NULL,
  `cache_type` int(11) NOT NULL DEFAULT 0,
  `cache_time` int(11) DEFAULT NULL,
  PRIMARY KEY (`id`),
  UNIQUE KEY `tag` (`tag`)
) ENGINE=InnoDB AUTO_INCREMENT=2 DEFAULT CHARSET=utf8;

--
-- Dumping data for table `ands_tabulizer_data_source`
--

INSERT INTO `ands_tabulizer_data_source` VALUES (1,'Companies','yItydmRBZ7zqkmf9obfMffKX','database','ruleset_archive=rs_mz53jc29.xml\nruleset_name=rs_mz53jc29\nquery=select Business_category, Profession, Company_Name , Persons_no, District, Specialty from companies order by id\n',0,NULL);

--
-- Table structure for table `ands_tabulizer_data_source_cache`
--

CREATE TABLE `ands_tabulizer_data_source_cache` (
  `cache_id` int(11) NOT NULL,
  `row_start` int(11) NOT NULL,
  `num_of_rows` int(11) NOT NULL,
  `num_of_columns` int(11) NOT NULL,
  `contents` mediumtext NOT NULL,
  PRIMARY KEY (`cache_id`,`row_start`)
) ENGINE=InnoDB DEFAULT CHARSET=utf8;

--
-- Dumping data for table `ands_tabulizer_data_source_cache`
--


--
-- Table structure for table `ands_tabulizer_data_source_cache_key_map`
--

CREATE TABLE `ands_tabulizer_data_source_cache_key_map` (
  `cache_key` varchar(255) NOT NULL,
  `cache_id` bigint(20) unsigned NOT NULL,
  `cache_properties` varchar(255) DEFAULT NULL,
  `cache_expiration` int(11) DEFAULT NULL,
  `tag` varchar(255) NOT NULL,
  PRIMARY KEY (`cache_key`)
) ENGINE=InnoDB DEFAULT CHARSET=utf8;

--
-- Dumping data for table `ands_tabulizer_data_source_cache_key_map`
--


--
-- Table structure for table `ands_tabulizer_data_source_cache_properties`
--

CREATE TABLE `ands_tabulizer_data_source_cache_properties` (
  `id` int(11) NOT NULL,
  `cache_id` int(11) NOT NULL,
  `part_id` int(11) NOT NULL,
  `part_contents` mediumtext NOT NULL,
  PRIMARY KEY (`id`)
) ENGINE=InnoDB DEFAULT CHARSET=utf8;

--
-- Dumping data for table `ands_tabulizer_data_source_cache_properties`
--


--
-- Table structure for table `ands_tabulizer_user_permissions`
--

CREATE TABLE `ands_tabulizer_user_permissions` (
  `action` varchar(255) NOT NULL,
  `roles` varchar(255) NOT NULL,
  PRIMARY KEY (`action`)
) ENGINE=InnoDB DEFAULT CHARSET=utf8;

--
-- Dumping data for table `ands_tabulizer_user_permissions`
--


--
-- Table structure for table `ands_tabulizer_user_preferences`
--

CREATE TABLE `ands_tabulizer_user_preferences` (
  `user_id` int(11) NOT NULL,
  `key` varchar(63) NOT NULL,
  `value` varchar(255) NOT NULL,
  PRIMARY KEY (`user_id`,`key`)
) ENGINE=InnoDB DEFAULT CHARSET=utf8;

--
-- Dumping data for table `ands_tabulizer_user_preferences`
--

INSERT INTO `ands_tabulizer_user_preferences` VALUES (0,'archive_help_display','html'),(0,'datasources_display_warning','1'),(0,'datatable_include','0'),(0,'email_cloaking_auto_disable','1'),(0,'excel_background_color','0'),(0,'excel_background_color_ignore','0'),(0,'excel_font_bold','1'),(0,'excel_font_color','1'),(0,'excel_font_color_ignore','0'),(0,'excel_font_italic','1'),(0,'excel_font_size','0'),(0,'excel_font_size_unit','0'),(0,'excel_font_strikethrough','0'),(0,'excel_font_subscript','0'),(0,'excel_font_superscript','0'),(0,'excel_font_underline','0'),(0,'jqplot_include','0'),(0,'jquery_include','0'),(0,'jquery_ui_include','0'),(0,'pagination_length_menu','10,25,50,100,200'),(0,'safe_mode_enabled','1'),(0,'scroll_library_enabled','0'),(0,'scroll_library_name','0'),(0,'scroll_library_options','{cursoropacitymin:1,touchbehavior:true}'),(0,'system_default','0'),(447,'column_consistency','0'),(447,'column_enclosure','dq'),(447,'column_separator','cm'),(447,'ruleset_archive','0'),(447,'ruleset_name','0');

--
-- Table structure for table `ands_tags`
--

CREATE TABLE `ands_tags` (
  `id` int(10) unsigned NOT NULL AUTO_INCREMENT,
  `parent_id` int(10) unsigned NOT NULL DEFAULT 0,
  `lft` int(11) NOT NULL DEFAULT 0,
  `rgt` int(11) NOT NULL DEFAULT 0,
  `level` int(10) unsigned NOT NULL DEFAULT 0,
  `path` varchar(400) COLLATE utf8mb4_unicode_ci NOT NULL DEFAULT '',
  `title` varchar(255) COLLATE utf8mb4_unicode_ci NOT NULL,
  `alias` varchar(400) CHARACTER SET utf8mb4 COLLATE utf8mb4_bin NOT NULL DEFAULT '',
  `note` varchar(255) COLLATE utf8mb4_unicode_ci NOT NULL DEFAULT '',
  `description` longtext COLLATE utf8mb4_unicode_ci NOT NULL,
  `published` tinyint(1) NOT NULL DEFAULT 0,
  `checked_out` int(11) unsigned NOT NULL DEFAULT 0,
  `checked_out_time` datetime NOT NULL DEFAULT '0000-00-00 00:00:00',
  `access` int(10) unsigned NOT NULL DEFAULT 0,
  `params` mediumtext COLLATE utf8mb4_unicode_ci NOT NULL,
  `metadesc` varchar(1024) COLLATE utf8mb4_unicode_ci NOT NULL COMMENT 'The meta description for the page.',
  `metakey` varchar(1024) COLLATE utf8mb4_unicode_ci NOT NULL COMMENT 'The meta keywords for the page.',
  `metadata` varchar(2048) COLLATE utf8mb4_unicode_ci NOT NULL COMMENT 'JSON encoded metadata properties.',
  `created_user_id` int(10) unsigned NOT NULL DEFAULT 0,
  `created_time` datetime NOT NULL DEFAULT '0000-00-00 00:00:00',
  `created_by_alias` varchar(255) COLLATE utf8mb4_unicode_ci NOT NULL DEFAULT '',
  `modified_user_id` int(10) unsigned NOT NULL DEFAULT 0,
  `modified_time` datetime NOT NULL DEFAULT '0000-00-00 00:00:00',
  `images` mediumtext COLLATE utf8mb4_unicode_ci NOT NULL,
  `urls` mediumtext COLLATE utf8mb4_unicode_ci NOT NULL,
  `hits` int(10) unsigned NOT NULL DEFAULT 0,
  `language` char(7) COLLATE utf8mb4_unicode_ci NOT NULL,
  `version` int(10) unsigned NOT NULL DEFAULT 1,
  `publish_up` datetime NOT NULL DEFAULT '0000-00-00 00:00:00',
  `publish_down` datetime NOT NULL DEFAULT '0000-00-00 00:00:00',
  PRIMARY KEY (`id`),
  KEY `tag_idx` (`published`,`access`),
  KEY `idx_access` (`access`),
  KEY `idx_checkout` (`checked_out`),
  KEY `idx_left_right` (`lft`,`rgt`),
  KEY `idx_language` (`language`),
  KEY `idx_path` (`path`(100)),
  KEY `idx_alias` (`alias`(100))
) ENGINE=InnoDB AUTO_INCREMENT=6 DEFAULT CHARSET=utf8mb4 COLLATE=utf8mb4_unicode_ci;

--
-- Dumping data for table `ands_tags`
--

INSERT INTO `ands_tags` VALUES (1,0,0,9,0,'','ROOT','root','','',1,0,'0000-00-00 00:00:00',1,'{}','','','',0,'2011-01-01 00:00:01','',0,'0000-00-00 00:00:00','','',0,'*',1,'0000-00-00 00:00:00','0000-00-00 00:00:00'),(2,1,1,2,1,'management','ΒΑΣΙΚΕΣ ΑΡΧΕΣ MANAGEMENT','management','','',1,0,'0000-00-00 00:00:00',1,'','','','',447,'2014-03-03 18:09:00','',0,'0000-00-00 00:00:00','','',0,'*',1,'0000-00-00 00:00:00','0000-00-00 00:00:00'),(3,1,3,4,1,'managment','managment','managment','','',1,0,'0000-00-00 00:00:00',1,'','','','',447,'2014-03-03 18:09:00','',0,'0000-00-00 00:00:00','','',0,'*',1,'0000-00-00 00:00:00','0000-00-00 00:00:00'),(4,1,5,6,1,'voucher-29-64','Voucher 29-64','voucher-29-64','','',1,0,'2016-01-11 15:01:08',1,'{}',' ',' ','{}',447,'2016-01-11 15:01:08','',0,'2016-01-11 15:01:08','{}','{}',0,'*',1,'2016-01-11 15:01:08','2016-01-11 15:01:08'),(5,1,7,8,1,'voucher-39-40','voucher-39-40','voucher-39-40','','',1,0,'2021-04-20 08:19:16',1,'{}','','','{}',447,'2021-04-20 08:19:16','',0,'2021-04-20 08:19:16','{}','{}',0,'*',1,'2021-04-20 08:19:16','2021-04-20 08:19:16');

--
-- Table structure for table `ands_template_styles`
--

CREATE TABLE `ands_template_styles` (
  `id` int(10) unsigned NOT NULL AUTO_INCREMENT,
  `template` varchar(50) COLLATE utf8mb4_unicode_ci NOT NULL DEFAULT '',
  `client_id` tinyint(1) unsigned NOT NULL DEFAULT 0,
  `home` char(7) COLLATE utf8mb4_unicode_ci NOT NULL DEFAULT '0',
  `title` varchar(255) COLLATE utf8mb4_unicode_ci NOT NULL DEFAULT '',
  `params` mediumtext COLLATE utf8mb4_unicode_ci NOT NULL,
  `inheritable` tinyint(4) NOT NULL DEFAULT 0,
  `parent` varchar(50) COLLATE utf8mb4_unicode_ci DEFAULT '',
  PRIMARY KEY (`id`),
  KEY `idx_template` (`template`),
  KEY `idx_client_id` (`client_id`),
  KEY `idx_client_id_home` (`client_id`,`home`)
) ENGINE=InnoDB AUTO_INCREMENT=14 DEFAULT CHARSET=utf8mb4 COLLATE=utf8mb4_unicode_ci;

--
-- Dumping data for table `ands_template_styles`
--

INSERT INTO `ands_template_styles` VALUES (4,'beez_20',0,'0','Beez2 - Default','{\"wrapperSmall\":\"53\",\"wrapperLarge\":\"72\",\"logo\":\"images\\/joomla_black.gif\",\"sitetitle\":\"Joomla!\",\"sitedescription\":\"Open Source Content Management\",\"navposition\":\"left\",\"templatecolor\":\"personal\",\"html5\":\"0\"}',0,''),(5,'hathor',1,'0','Hathor - Default','{\"showSiteName\":\"0\",\"colourChoice\":\"\",\"boldText\":\"0\"}',0,''),(6,'beez5',0,'0','Beez5 - Default','{\"wrapperSmall\":\"53\",\"wrapperLarge\":\"72\",\"logo\":\"images\\/sampledata\\/fruitshop\\/fruits.gif\",\"sitetitle\":\"Joomla!\",\"sitedescription\":\"Open Source Content Management\",\"navposition\":\"left\",\"html5\":\"0\"}',0,''),(7,'protostar',0,'0','protostar - Default','{\"templateColor\":\"#08C\",\"templateBackgroundColor\":\"#F4F6F7\",\"logoFile\":\"\",\"googleFont\":\"1\",\"googleFontName\":\"Open+Sans\",\"fluidContainer\":\"0\"}',0,''),(8,'isis',1,'1','isis - Default','{\"templateColor\":\"\",\"logoFile\":\"\"}',0,''),(12,'theme1480',0,'1','theme1480 - Default','{\"themeLayout\":\"0\",\"logoFile\":\"images\\/126.jpg\",\"logoBlockWidth\":\"3\",\"asideLeftWidth\":\"4\",\"asideRightWidth\":\"4\",\"featuredPageHeading\":\"h3\",\"featuredItemHeading\":\"h3\",\"categoryPageHeading\":\"h3\",\"categoryItemHeading\":\"h4\",\"blogPageHeading\":\"h3\",\"blogItemHeading\":\"h4\",\"itemItemHeading\":\"h3\",\"itemBlogItemHeading\":\"h4\",\"totop\":\"1\",\"totop_text\":\" \"}',0,''),(13,'theme1480',0,'0','theme1480 - About us','{\"themeLayout\":\"0\",\"logoFile\":\"images\\/126.jpg\",\"logoBlockWidth\":\"3\",\"asideLeftWidth\":\"4\",\"asideRightWidth\":\"7\",\"featuredPageHeading\":\"h1\",\"featuredItemHeading\":\"h3\",\"categoryPageHeading\":\"h2\",\"categoryItemHeading\":\"h4\",\"blogPageHeading\":\"h1\",\"blogItemHeading\":\"h3\",\"itemItemHeading\":\"h3\",\"itemBlogItemHeading\":\"h4\",\"totop\":\"1\",\"totop_text\":\" \"}',0,'');

--
-- Table structure for table `ands_ucm_base`
--

CREATE TABLE `ands_ucm_base` (
  `ucm_id` int(10) unsigned NOT NULL,
  `ucm_item_id` int(10) NOT NULL,
  `ucm_type_id` int(11) NOT NULL,
  `ucm_language_id` int(11) NOT NULL,
  PRIMARY KEY (`ucm_id`),
  KEY `idx_ucm_item_id` (`ucm_item_id`),
  KEY `idx_ucm_type_id` (`ucm_type_id`),
  KEY `idx_ucm_language_id` (`ucm_language_id`)
) ENGINE=InnoDB DEFAULT CHARSET=utf8mb4 COLLATE=utf8mb4_unicode_ci;

--
-- Dumping data for table `ands_ucm_base`
--

INSERT INTO `ands_ucm_base` VALUES (1,96,1,0),(2,143,1,0),(3,156,1,0),(4,157,1,0),(5,173,1,0);

--
-- Table structure for table `ands_ucm_content`
--

CREATE TABLE `ands_ucm_content` (
  `core_content_id` int(10) unsigned NOT NULL AUTO_INCREMENT,
  `core_type_alias` varchar(400) COLLATE utf8mb4_unicode_ci NOT NULL DEFAULT '' COMMENT 'FK to the content types table',
  `core_title` varchar(400) COLLATE utf8mb4_unicode_ci NOT NULL DEFAULT '',
  `core_alias` varchar(400) CHARACTER SET utf8mb4 COLLATE utf8mb4_bin NOT NULL DEFAULT '',
  `core_body` mediumtext COLLATE utf8mb4_unicode_ci DEFAULT NULL,
  `core_state` tinyint(1) NOT NULL DEFAULT 0,
  `core_checked_out_time` varchar(255) COLLATE utf8mb4_unicode_ci NOT NULL DEFAULT '',
  `core_checked_out_user_id` int(10) unsigned NOT NULL DEFAULT 0,
  `core_access` int(10) unsigned NOT NULL DEFAULT 0,
  `core_params` text COLLATE utf8mb4_unicode_ci DEFAULT NULL,
  `core_featured` tinyint(4) unsigned NOT NULL DEFAULT 0,
  `core_metadata` varchar(2048) COLLATE utf8mb4_unicode_ci NOT NULL COMMENT 'JSON encoded metadata properties.',
  `core_created_user_id` int(10) unsigned NOT NULL DEFAULT 0,
  `core_created_by_alias` varchar(255) COLLATE utf8mb4_unicode_ci NOT NULL DEFAULT '',
  `core_created_time` datetime NOT NULL DEFAULT '0000-00-00 00:00:00',
  `core_modified_user_id` int(10) unsigned NOT NULL DEFAULT 0 COMMENT 'Most recent user that modified',
  `core_modified_time` datetime NOT NULL DEFAULT '0000-00-00 00:00:00',
  `core_language` char(7) COLLATE utf8mb4_unicode_ci NOT NULL,
  `core_publish_up` datetime NOT NULL,
  `core_publish_down` datetime NOT NULL,
  `core_content_item_id` int(10) unsigned DEFAULT NULL COMMENT 'ID from the individual type table',
  `asset_id` int(10) unsigned DEFAULT NULL COMMENT 'FK to the #__assets table.',
  `core_images` text COLLATE utf8mb4_unicode_ci DEFAULT NULL,
  `core_urls` text COLLATE utf8mb4_unicode_ci DEFAULT NULL,
  `core_hits` int(10) unsigned NOT NULL DEFAULT 0,
  `core_version` int(10) unsigned NOT NULL DEFAULT 1,
  `core_ordering` int(11) NOT NULL DEFAULT 0,
  `core_metakey` text COLLATE utf8mb4_unicode_ci DEFAULT NULL,
  `core_metadesc` text COLLATE utf8mb4_unicode_ci DEFAULT NULL,
  `core_catid` int(10) unsigned NOT NULL DEFAULT 0,
  `core_xreference` varchar(50) COLLATE utf8mb4_unicode_ci NOT NULL COMMENT 'A reference to enable linkages to external data sets.',
  `core_type_id` int(10) unsigned DEFAULT NULL,
  PRIMARY KEY (`core_content_id`),
  KEY `tag_idx` (`core_state`,`core_access`),
  KEY `idx_access` (`core_access`),
  KEY `idx_language` (`core_language`),
  KEY `idx_modified_time` (`core_modified_time`),
  KEY `idx_created_time` (`core_created_time`),
  KEY `idx_core_modified_user_id` (`core_modified_user_id`),
  KEY `idx_core_checked_out_user_id` (`core_checked_out_user_id`),
  KEY `idx_core_created_user_id` (`core_created_user_id`),
  KEY `idx_core_type_id` (`core_type_id`),
  KEY `idx_alias` (`core_alias`(100)),
  KEY `idx_title` (`core_title`(100)),
  KEY `idx_content_type` (`core_type_alias`(100))
) ENGINE=InnoDB AUTO_INCREMENT=6 DEFAULT CHARSET=utf8mb4 COLLATE=utf8mb4_unicode_ci COMMENT='Contains core content data in name spaced fields';

--
-- Dumping data for table `ands_ucm_content`
--

INSERT INTO `ands_ucm_content` VALUES (1,'com_content.article','Βασικές Aρχές Managment','managementprinciples','<p class=\"Default\" style=\"margin-right: 50.1pt;\"><span style=\"font-size: 12pt; color: #003366;\"><span style=\"font-family: Tahoma, sans-serif;\"><img src=\"images/logos/arrow.jpg\" alt=\"arrow\" />Σκοπός</span></span></p>\r\n<p class=\"Default\" style=\"margin-right: 50.1pt;\"><span style=\"font-size: 12pt; color: #003366;\"><span style=\"font-family: Tahoma, sans-serif;\"></span></span><span style=\"font-size: 10pt; font-family: Tahoma, sans-serif;\">Εισαγωγή στη σύγχρονη διοίκηση και τις βασικές αρχές που διέπουν το Management</span></p>\r\n<p class=\"Default\" style=\"margin-right: 50.1pt;\"><span style=\"font-size: 12pt; color: #003366;\"><span style=\"font-family: Tahoma, sans-serif;\"><img style=\"color: #003366; font-family: Tahoma, sans-serif; font-size: 16px;\" src=\"images/logos/arrow.jpg\" alt=\"arrow\" />Διάρκεια</span></span></p>\r\n<p class=\"Default\" style=\"margin-right: 50.1pt;\"><span style=\"font-size: 12pt; color: #003366;\"><span style=\"font-family: Tahoma, sans-serif;\"><img style=\"font-family: Tahoma, sans-serif; font-size: 13px; line-height: 15.333333015441895px;\" src=\"images/logos/check.jpg\" alt=\"check\" /></span></span><span style=\"font-size: 10pt; font-family: Tahoma, sans-serif;\">24 ώρες</span>&nbsp;</p>\r\n<p class=\"Default\" style=\"margin: 0.3pt 50.1pt 0.0001pt 0cm; line-height: 115%;\"><span style=\"font-size: 12pt; color: #003366;\"><span style=\"line-height: 115%; font-family: Tahoma, sans-serif;\"><img style=\"color: #003366; font-family: Tahoma, sans-serif; font-size: 16px;\" src=\"images/logos/arrow.jpg\" alt=\"arrow\" />Συνοπτικό Πρόγραμμα</span></span></p>\r\n<p class=\"Default\" style=\"margin-top: 0.3pt; margin-right: 50.1pt; margin-bottom: 0.0001pt; line-height: 115%;\"><span style=\"font-size: 10pt;\"><span style=\"line-height: 115%; font-family: Tahoma, sans-serif;\"><img src=\"images/logos/check.jpg\" alt=\"check\" />Οι λειτουργίες του</span><span style=\"line-height: 115%; font-family: Tahoma, sans-serif;\">Management:</span></span></p>\r\n<div><span style=\"font-size: 10pt; line-height: 115%; font-family: Tahoma, sans-serif;\">&nbsp; &nbsp; &nbsp; &nbsp; &nbsp;Προγραμματισμός</span></div>\r\n<div><span style=\"font-size: 10pt; line-height: 115%; font-family: Tahoma, sans-serif;\">&nbsp; &nbsp; &nbsp; &nbsp; &nbsp;Οργάνωση</span></div>\r\n<div><span style=\"font-size: 10pt; line-height: 115%; font-family: Tahoma, sans-serif;\">&nbsp; &nbsp; &nbsp; &nbsp; &nbsp;Διεύθυνση</span></div>\r\n<div><span style=\"font-size: 10pt; line-height: 115%; font-family: Tahoma, sans-serif;\">&nbsp; &nbsp; &nbsp; &nbsp; &nbsp;Λήψη αποφάσεων</span></div>\r\n<div><span style=\"font-size: 10pt; line-height: 115%; font-family: Tahoma, sans-serif;\">&nbsp; &nbsp; &nbsp; &nbsp; &nbsp;Έλεγχος</span></div>\r\n<div><span style=\"font-size: 10pt; line-height: 115%; font-family: Tahoma, sans-serif;\"></span><span style=\"font-size: 10pt;\"><span style=\"line-height: 115%; font-family: Tahoma, sans-serif;\"><img src=\"images/logos/check.jpg\" alt=\"check\" />Management </span><span style=\"line-height: 115%; font-family: Tahoma, sans-serif;\">βάσει</span><span style=\"line-height: 115%; font-family: Tahoma, sans-serif;\">στόχων</span><span style=\"line-height: 115%; font-family: Tahoma, sans-serif;\"> (Management by Objectives)</span></span></div>\r\n<div><span style=\"font-size: 10pt; line-height: 115%; font-family: Tahoma, sans-serif;\"><img style=\"font-family: Tahoma, sans-serif; font-size: 13px; line-height: 15.333333015441895px;\" src=\"images/logos/check.jpg\" alt=\"check\" />Ανάθεση καθηκόντων και αρμοδιοτήτων</span></div>\r\n<div><span style=\"font-size: 10pt; line-height: 115%; font-family: Tahoma, sans-serif;\"><img style=\"font-family: Tahoma, sans-serif; font-size: 13px; line-height: 15.333333015441895px;\" src=\"images/logos/check.jpg\" alt=\"check\" />Κύκλοι ποιότητας για δημιουργική λύση προβλημάτων</span></div>\r\n<div><span style=\"font-size: 10pt; line-height: 115%; font-family: Tahoma, sans-serif;\"><img style=\"font-family: Tahoma, sans-serif; font-size: 13px; line-height: 15.333333015441895px;\" src=\"images/logos/check.jpg\" alt=\"check\" />Χειρισμός συγκρούσεων εντός επιχείρησης</span></div>\r\n<div><span style=\"font-size: 10pt; line-height: 115%; font-family: Tahoma, sans-serif;\"><img style=\"font-family: Tahoma, sans-serif; font-size: 13px; line-height: 15.333333015441895px;\" src=\"images/logos/check.jpg\" alt=\"check\" />Ηγεσία</span></div>\r\n<div><span style=\"font-size: 10pt; line-height: 115%; font-family: Tahoma, sans-serif;\"><img style=\"font-family: Tahoma, sans-serif; font-size: 13px; line-height: 15.333333015441895px;\" src=\"images/logos/check.jpg\" alt=\"check\" />Υποκίνηση των ατόμων της επιχείρησης</span></div>',1,'',0,1,'{\"show_title\":\"\",\"link_titles\":\"\",\"show_tags\":\"\",\"show_intro\":\"\",\"info_block_position\":\"\",\"show_category\":\"\",\"link_category\":\"\",\"show_parent_category\":\"\",\"link_parent_category\":\"\",\"show_author\":\"\",\"link_author\":\"\",\"show_create_date\":\"\",\"show_modify_date\":\"\",\"show_publish_date\":\"\",\"show_item_navigation\":\"\",\"show_icons\":\"\",\"show_print_icon\":\"\",\"show_email_icon\":\"\",\"show_vote\":\"\",\"show_hits\":\"\",\"show_noauth\":\"\",\"urls_position\":\"\",\"alternative_readmore\":\"\",\"article_layout\":\"\",\"show_publishing_options\":\"\",\"show_article_options\":\"\",\"show_urls_images_backend\":\"\",\"show_urls_images_frontend\":\"\"}',0,'{\"robots\":\"\",\"author\":\"\",\"rights\":\"\",\"xreference\":\"\"}',447,'','2014-03-03 18:09:00',447,'2014-04-10 23:57:50','*','2014-03-03 18:09:00','0000-00-00 00:00:00',96,201,'{\"image_intro\":\"\",\"float_intro\":\"\",\"image_intro_alt\":\"\",\"image_intro_caption\":\"\",\"image_fulltext\":\"images\\/articles\\/management\\/managementprinciples.png\",\"float_fulltext\":\"right\",\"image_fulltext_alt\":\"\",\"image_fulltext_caption\":\"\"}','{\"urla\":false,\"urlatext\":\"\",\"targeta\":\"\",\"urlb\":false,\"urlbtext\":\"\",\"targetb\":\"\",\"urlc\":false,\"urlctext\":\"\",\"targetc\":\"\"}',41,11,4,'','',46,'',1),(2,'com_content.article','Νέο πρόγραμμα voucher 2018 για Ανέργους ηλικίας 18-29 ετών','voucher-29-64','',1,'',0,1,'{\"article_layout\":\"theme1480:gallery\",\"show_title\":\"\",\"link_titles\":\"\",\"show_tags\":\"\",\"show_intro\":\"\",\"info_block_position\":\"\",\"info_block_show_title\":\"\",\"show_category\":\"\",\"link_category\":\"\",\"show_parent_category\":\"\",\"link_parent_category\":\"\",\"show_associations\":\"\",\"show_author\":\"\",\"link_author\":\"\",\"show_create_date\":\"\",\"show_modify_date\":\"\",\"show_publish_date\":\"\",\"show_item_navigation\":\"\",\"show_icons\":\"\",\"show_print_icon\":\"\",\"show_email_icon\":\"\",\"show_vote\":\"\",\"show_hits\":\"\",\"show_noauth\":\"\",\"urls_position\":\"\",\"alternative_readmore\":\"\\u03a0\\u0395\\u03a1\\u0399\\u03a3\\u03a3\\u039f\\u03a4\\u0395\\u03a1\\u0391\",\"article_page_title\":\"\",\"show_publishing_options\":\"\",\"show_article_options\":\"\",\"show_urls_images_backend\":\"\",\"show_urls_images_frontend\":\"\"}',0,'{\"robots\":\"\",\"author\":\"\",\"rights\":\"\",\"xreference\":\"\"}',447,'','2014-02-15 22:56:49',447,'2018-03-06 10:09:25','*','2014-02-15 22:56:49','0000-00-00 00:00:00',143,281,'{\"image_intro\":\"images\\/programmata\\/tourismou_thumb.jpg\",\"float_intro\":\"\",\"image_intro_alt\":\"\",\"image_intro_caption\":\"\",\"image_fulltext\":\"images\\/programmata\\/tourismou.jpg\",\"float_fulltext\":\"\",\"image_fulltext_alt\":\"\",\"image_fulltext_caption\":\"\"}','{\"urla\":false,\"urlatext\":\"\",\"targeta\":\"\",\"urlb\":false,\"urlbtext\":\"\",\"targetb\":\"\",\"urlc\":false,\"urlctext\":\"\",\"targetc\":\"\"}',2777,16,4,'','',50,'',1),(3,'com_content.article','Ο νέος Ευρωπαϊκός κανονισμός για την Προστασία Προσωπικών Δεδομένων (GDPR)','gdpr','',1,'',0,1,'{\"article_layout\":\"theme1480:gallery\",\"show_title\":\"\",\"link_titles\":\"\",\"show_tags\":\"\",\"show_intro\":\"\",\"info_block_position\":\"\",\"info_block_show_title\":\"\",\"show_category\":\"\",\"link_category\":\"\",\"show_parent_category\":\"\",\"link_parent_category\":\"\",\"show_associations\":\"\",\"show_author\":\"\",\"link_author\":\"\",\"show_create_date\":\"\",\"show_modify_date\":\"\",\"show_publish_date\":\"\",\"show_item_navigation\":\"\",\"show_icons\":\"\",\"show_print_icon\":\"\",\"show_email_icon\":\"\",\"show_vote\":\"\",\"show_hits\":\"\",\"show_noauth\":\"\",\"urls_position\":\"\",\"alternative_readmore\":\"\\u03a0\\u0395\\u03a1\\u0399\\u03a3\\u03a3\\u039f\\u03a4\\u0395\\u03a1\\u0391\",\"article_page_title\":\"\",\"show_publishing_options\":\"\",\"show_article_options\":\"\",\"show_urls_images_backend\":\"\",\"show_urls_images_frontend\":\"\"}',0,'{\"robots\":\"\",\"author\":\"\",\"rights\":\"\",\"xreference\":\"\"}',447,'','2014-02-15 22:56:49',447,'2018-03-22 13:35:22','*','2014-02-15 22:56:49','0000-00-00 00:00:00',156,300,'{\"image_intro\":\"images\\/programmata\\/Gdpr_key.jpg\",\"float_intro\":\"\",\"image_intro_alt\":\"\",\"image_intro_caption\":\"\",\"image_fulltext\":\"images\\/programmata\\/Gdpr_key.jpg\",\"float_fulltext\":\"\",\"image_fulltext_alt\":\"\",\"image_fulltext_caption\":\"\"}','{\"urla\":false,\"urlatext\":\"\",\"targeta\":\"\",\"urlb\":false,\"urlbtext\":\"\",\"targetb\":\"\",\"urlc\":false,\"urlctext\":\"\",\"targetc\":\"\"}',74,14,1,'','',50,'',1),(4,'com_content.article','Ο νέος Ευρωπαϊκός κανονισμός για την Προστασία Προσωπικών Δεδομένων (GDPR) - Συμβουλευτική','gdpr-kanonismos','',1,'',0,1,'{\"article_layout\":\"theme1480:gallery\",\"show_title\":\"\",\"link_titles\":\"\",\"show_tags\":\"\",\"show_intro\":\"\",\"info_block_position\":\"\",\"info_block_show_title\":\"\",\"show_category\":\"\",\"link_category\":\"\",\"show_parent_category\":\"\",\"link_parent_category\":\"\",\"show_associations\":\"\",\"show_author\":\"\",\"link_author\":\"\",\"show_create_date\":\"\",\"show_modify_date\":\"\",\"show_publish_date\":\"\",\"show_item_navigation\":\"\",\"show_icons\":\"\",\"show_print_icon\":\"\",\"show_email_icon\":\"\",\"show_vote\":\"\",\"show_hits\":\"\",\"show_noauth\":\"\",\"urls_position\":\"\",\"alternative_readmore\":\"\\u03a0\\u0395\\u03a1\\u0399\\u03a3\\u03a3\\u039f\\u03a4\\u0395\\u03a1\\u0391\",\"article_page_title\":\"\",\"show_publishing_options\":\"\",\"show_article_options\":\"\",\"show_urls_images_backend\":\"\",\"show_urls_images_frontend\":\"\"}',0,'{\"robots\":\"\",\"author\":\"\",\"rights\":\"\",\"xreference\":\"\"}',447,'','2014-02-15 22:56:49',447,'2018-03-09 07:14:10','*','2014-02-15 22:56:49','0000-00-00 00:00:00',157,302,'{\"image_intro\":\"images\\/programmata\\/Gdpr_key.jpg\",\"float_intro\":\"\",\"image_intro_alt\":\"\",\"image_intro_caption\":\"\",\"image_fulltext\":\"images\\/programmata\\/Gdpr_key.jpg\",\"float_fulltext\":\"\",\"image_fulltext_alt\":\"\",\"image_fulltext_caption\":\"\"}','{\"urla\":false,\"urlatext\":\"\",\"targeta\":\"\",\"urlb\":false,\"urlbtext\":\"\",\"targetb\":\"\",\"urlc\":false,\"urlctext\":\"\",\"targetc\":\"\"}',0,3,0,'','',50,'',1),(5,'com_content.article','Συμβουλευτική Υποστήριξη, Κατάρτιση, Πιστοποίηση και Προώθηση στην Απασχόληση Άνεργων Ηλικίας 30-49 ετών σε τεχνικές δεξιότητες κλάδων αιχμής','voucher-39-40','',1,'',0,1,'{\"article_layout\":\"theme1480:gallery\",\"show_title\":\"\",\"link_titles\":\"\",\"show_tags\":\"\",\"show_intro\":\"\",\"info_block_position\":\"\",\"info_block_show_title\":\"\",\"show_category\":\"\",\"link_category\":\"\",\"show_parent_category\":\"\",\"link_parent_category\":\"\",\"show_associations\":\"\",\"show_author\":\"\",\"link_author\":\"\",\"show_create_date\":\"\",\"show_modify_date\":\"\",\"show_publish_date\":\"\",\"show_item_navigation\":\"\",\"show_icons\":\"\",\"show_print_icon\":\"\",\"show_email_icon\":\"\",\"show_vote\":\"\",\"show_hits\":\"\",\"show_noauth\":\"\",\"urls_position\":\"\",\"alternative_readmore\":\"\\u03a0\\u0395\\u03a1\\u0399\\u03a3\\u03a3\\u039f\\u03a4\\u0395\\u03a1\\u0391\",\"article_page_title\":\"\",\"show_publishing_options\":\"\",\"show_article_options\":\"\",\"show_urls_images_backend\":\"\",\"show_urls_images_frontend\":\"\"}',0,'{\"robots\":\"\",\"author\":\"\",\"rights\":\"\",\"xreference\":\"\"}',447,'','2014-02-15 22:56:49',447,'2021-05-13 10:24:32','*','2014-02-15 22:56:49','0000-00-00 00:00:00',173,322,'{\"image_intro\":\"images\\/programmata\\/tourismou_thumb.jpg\",\"float_intro\":\"\",\"image_intro_alt\":\"\",\"image_intro_caption\":\"\",\"image_fulltext\":\"images\\/programmata\\/tourismou.jpg\",\"float_fulltext\":\"\",\"image_fulltext_alt\":\"\",\"image_fulltext_caption\":\"\"}','{\"urla\":false,\"urlatext\":\"\",\"targeta\":\"\",\"urlb\":false,\"urlbtext\":\"\",\"targetb\":\"\",\"urlc\":false,\"urlctext\":\"\",\"targetc\":\"\"}',62,5,0,'','',50,'',1);

--
-- Table structure for table `ands_ucm_history`
--

CREATE TABLE `ands_ucm_history` (
  `version_id` int(10) unsigned NOT NULL AUTO_INCREMENT,
  `ucm_item_id` int(10) unsigned NOT NULL,
  `ucm_type_id` int(10) unsigned NOT NULL,
  `version_note` varchar(255) COLLATE utf8mb4_unicode_ci NOT NULL DEFAULT '' COMMENT 'Optional version name',
  `save_date` datetime NOT NULL DEFAULT '0000-00-00 00:00:00',
  `editor_user_id` int(10) unsigned NOT NULL DEFAULT 0,
  `character_count` int(10) unsigned NOT NULL DEFAULT 0 COMMENT 'Number of characters in this version.',
  `sha1_hash` varchar(50) COLLATE utf8mb4_unicode_ci NOT NULL DEFAULT '' COMMENT 'SHA1 hash of the version_data column.',
  `version_data` longtext COLLATE utf8mb4_unicode_ci NOT NULL COMMENT 'json-encoded string of version data',
  `keep_forever` tinyint(4) NOT NULL DEFAULT 0 COMMENT '0=auto delete; 1=keep',
  PRIMARY KEY (`version_id`),
  KEY `idx_ucm_item_id` (`ucm_type_id`,`ucm_item_id`),
  KEY `idx_save_date` (`save_date`)
) ENGINE=InnoDB DEFAULT CHARSET=utf8mb4 COLLATE=utf8mb4_unicode_ci;

--
-- Dumping data for table `ands_ucm_history`
--


--
-- Table structure for table `ands_update_categories`
--

CREATE TABLE `ands_update_categories` (
  `categoryid` int(11) NOT NULL AUTO_INCREMENT,
  `name` varchar(20) DEFAULT '',
  `description` text NOT NULL,
  `parent` int(11) DEFAULT 0,
  `updatesite` int(11) DEFAULT 0,
  PRIMARY KEY (`categoryid`)
) ENGINE=InnoDB DEFAULT CHARSET=utf8 COMMENT='Update Categories';

--
-- Dumping data for table `ands_update_categories`
--


--
-- Table structure for table `ands_update_sites`
--

CREATE TABLE `ands_update_sites` (
  `update_site_id` int(11) NOT NULL AUTO_INCREMENT,
  `name` varchar(100) COLLATE utf8mb4_unicode_ci DEFAULT '',
  `type` varchar(20) COLLATE utf8mb4_unicode_ci DEFAULT '',
  `location` mediumtext COLLATE utf8mb4_unicode_ci NOT NULL,
  `enabled` int(11) DEFAULT 0,
  `last_check_timestamp` bigint(20) DEFAULT 0,
  `extra_query` varchar(1000) COLLATE utf8mb4_unicode_ci DEFAULT '',
  PRIMARY KEY (`update_site_id`)
) ENGINE=InnoDB AUTO_INCREMENT=42 DEFAULT CHARSET=utf8mb4 COLLATE=utf8mb4_unicode_ci COMMENT='Update Sites';

--
-- Dumping data for table `ands_update_sites`
--

INSERT INTO `ands_update_sites` VALUES (1,'Joomla! Core','collection','https://update.joomla.org/core/list.xml',1,1674950498,''),(3,'Accredited Joomla! Translations','collection','https://update.joomla.org/language/translationlist_3.xml',1,1648026692,''),(4,'Plugin Googlemap Update Site','extension','http://tech.reumer.net/update/plugin_googlemap2/extension.xml',1,1648026692,''),(6,'','collection','http://update.joomla.org/core/list.xml',1,1674950498,''),(7,'Greek Language Pack Update Site','extension','http://www.iota.gr/data/joomla/el-GR_joomla_lang_full-update.xml',1,1648026693,''),(8,'sbahjaoui news update','extension','http://www.sbahjaoui-info.com/telechargements/sbahjaouinews.xml',1,1648026693,''),(9,'JoomlaCK Editor Update Site','extension','http://www.joomlackeditor.com/upgrade/plg_jckeditor.xml',1,1648026699,''),(10,'Fabrik31','collection','http://fabrikar.com/update/fabrik31/package_list.xml',1,1648026699,''),(15,'Xmap Update Site','extension','https://raw.github.com/guilleva/Xmap/master/xmap-update.xml',1,1648026699,''),(16,'Article Placed Anywhere Module','extension','http://devkardia.com/downloads/updates/modules/article-placed-anywhere?format=xml',1,1648026701,''),(17,'Joomla! Update Component Update Site','extension','https://update.joomla.org/core/extensions/com_joomlaupdate.xml',1,1648026701,''),(18,'Weblinks Update Site','extension','https://raw.githubusercontent.com/joomla-extensions/weblinks/master/manifest.xml',1,1648026701,''),(19,'WebInstaller Update Site','extension','http://appscdn.joomla.org/webapps/jedapps/webinstaller.xml',1,1648026701,''),(20,'Accredited Joomla! Translations','collection','http://update.joomla.org/language/translationlist_3.xml',1,1648026701,''),(22,'WebInstaller Update Site','extension','https://appscdn.joomla.org/webapps/jedapps/webinstaller.xml',1,1648026701,''),(24,'Regular Labs - Modules Anywhere','extension','https://download.regularlabs.com/updates.xml?e=modulesanywhere&type=.xml',1,1648026701,''),(40,'JCE Editor Package','extension','https://cdn.joomlacontenteditor.net/updates/xml/editor/pkg_jce.xml',1,1648026702,''),(41,'Regular Labs - Modules Anywhere','extension','https://download.regularlabs.com/updates.xml?e=XXX&type=.xml',1,1648026702,'');

--
-- Table structure for table `ands_update_sites_extensions`
--

CREATE TABLE `ands_update_sites_extensions` (
  `update_site_id` int(11) NOT NULL DEFAULT 0,
  `extension_id` int(11) NOT NULL DEFAULT 0,
  PRIMARY KEY (`update_site_id`,`extension_id`)
) ENGINE=InnoDB DEFAULT CHARSET=utf8mb4 COLLATE=utf8mb4_unicode_ci COMMENT='Links extensions to update sites';

--
-- Dumping data for table `ands_update_sites_extensions`
--

INSERT INTO `ands_update_sites_extensions` VALUES (1,700),(3,802),(3,10053),(4,10011),(6,700),(7,10053),(8,10059),(9,10063),(10,10109),(10,10110),(15,10142),(16,10151),(17,28),(18,801),(19,10163),(20,10053),(22,10163),(24,10139),(40,10175),(41,10139);

--
-- Table structure for table `ands_updates`
--

CREATE TABLE `ands_updates` (
  `update_id` int(11) NOT NULL AUTO_INCREMENT,
  `update_site_id` int(11) DEFAULT 0,
  `extension_id` int(11) DEFAULT 0,
  `name` varchar(100) COLLATE utf8mb4_unicode_ci DEFAULT '',
  `description` mediumtext COLLATE utf8mb4_unicode_ci NOT NULL,
  `element` varchar(100) COLLATE utf8mb4_unicode_ci DEFAULT '',
  `type` varchar(20) COLLATE utf8mb4_unicode_ci DEFAULT '',
  `folder` varchar(20) COLLATE utf8mb4_unicode_ci DEFAULT '',
  `client_id` tinyint(3) DEFAULT 0,
  `version` varchar(32) COLLATE utf8mb4_unicode_ci DEFAULT '',
  `data` mediumtext COLLATE utf8mb4_unicode_ci NOT NULL,
  `detailsurl` mediumtext COLLATE utf8mb4_unicode_ci NOT NULL,
  `infourl` mediumtext COLLATE utf8mb4_unicode_ci NOT NULL,
  `extra_query` varchar(1000) COLLATE utf8mb4_unicode_ci DEFAULT '',
  PRIMARY KEY (`update_id`)
) ENGINE=InnoDB AUTO_INCREMENT=1365 DEFAULT CHARSET=utf8mb4 COLLATE=utf8mb4_unicode_ci COMMENT='Available Updates';

--
-- Dumping data for table `ands_updates`
--

INSERT INTO `ands_updates` VALUES (1,3,0,'Afrikaans','','pkg_af-ZA','package','',0,'3.9.16.1','','https://update.joomla.org/language/details3/af-ZA_details.xml','',''),(2,3,0,'Albanian','','pkg_sq-AL','package','',0,'3.1.1.2','','https://update.joomla.org/language/details3/sq-AL_details.xml','',''),(3,3,0,'Arabic Unitag','','pkg_ar-AA','package','',0,'3.9.27.1','','https://update.joomla.org/language/details3/ar-AA_details.xml','',''),(4,3,0,'Armenian','','pkg_hy-AM','package','',0,'3.4.4.1','','https://update.joomla.org/language/details3/hy-AM_details.xml','',''),(5,3,0,'Basque','','pkg_eu-ES','package','',0,'3.9.24.1','','https://update.joomla.org/language/details3/eu-ES_details.xml','',''),(6,3,0,'Belarusian','','pkg_be-BY','package','',0,'3.2.1.2','','https://update.joomla.org/language/details3/be-BY_details.xml','',''),(7,3,0,'Bengali, Bangladesh','','pkg_bn-BD','package','',0,'3.8.10.1','','https://update.joomla.org/language/details3/bn-BD_details.xml','',''),(8,3,0,'Bosnian','','pkg_bs-BA','package','',0,'3.9.24.1','','https://update.joomla.org/language/details3/bs-BA_details.xml','',''),(9,3,0,'Bulgarian','','pkg_bg-BG','package','',0,'3.6.5.2','','https://update.joomla.org/language/details3/bg-BG_details.xml','',''),(10,3,0,'Catalan','','pkg_ca-ES','package','',0,'3.9.23.1','','https://update.joomla.org/language/details3/ca-ES_details.xml','',''),(11,3,0,'Chinese, Simplified','','pkg_zh-CN','package','',0,'3.10.6.1','','https://update.joomla.org/language/details3/zh-CN_details.xml','',''),(12,3,0,'Chinese, Traditional','','pkg_zh-TW','package','',0,'3.8.0.1','','https://update.joomla.org/language/details3/zh-TW_details.xml','',''),(13,3,0,'Croatian','','pkg_hr-HR','package','',0,'3.10.6.1','','https://update.joomla.org/language/details3/hr-HR_details.xml','',''),(14,3,0,'Czech','','pkg_cs-CZ','package','',0,'3.10.6.1','','https://update.joomla.org/language/details3/cs-CZ_details.xml','',''),(15,3,0,'Danish','','pkg_da-DK','package','',0,'3.10.6.1','','https://update.joomla.org/language/details3/da-DK_details.xml','',''),(16,3,0,'Dari Persian','','pkg_prs-AF','package','',0,'3.4.4.3','','https://update.joomla.org/language/details3/prs-AF_details.xml','',''),(17,3,0,'Dutch','','pkg_nl-NL','package','',0,'3.10.6.1','','https://update.joomla.org/language/details3/nl-NL_details.xml','',''),(18,3,0,'Dzongkha','','pkg_dz-BT','package','',0,'3.6.2.1','','https://update.joomla.org/language/details3/dz-BT_details.xml','',''),(19,3,0,'English, Australia','','pkg_en-AU','package','',0,'3.9.28.1','','https://update.joomla.org/language/details3/en-AU_details.xml','',''),(20,3,0,'English, Canada','','pkg_en-CA','package','',0,'3.9.28.1','','https://update.joomla.org/language/details3/en-CA_details.xml','',''),(21,3,0,'English, New Zealand','','pkg_en-NZ','package','',0,'3.9.28.1','','https://update.joomla.org/language/details3/en-NZ_details.xml','',''),(22,3,0,'English, USA','','pkg_en-US','package','',0,'3.9.28.1','','https://update.joomla.org/language/details3/en-US_details.xml','',''),(23,3,0,'Esperanto','','pkg_eo-XX','package','',0,'3.8.11.1','','https://update.joomla.org/language/details3/eo-XX_details.xml','',''),(24,3,0,'Estonian','','pkg_et-EE','package','',0,'3.9.21.1','','https://update.joomla.org/language/details3/et-EE_details.xml','',''),(25,3,0,'Finnish','','pkg_fi-FI','package','',0,'3.9.16.1','','https://update.joomla.org/language/details3/fi-FI_details.xml','',''),(26,3,0,'Flemish','','pkg_nl-BE','package','',0,'3.10.6.1','','https://update.joomla.org/language/details3/nl-BE_details.xml','',''),(27,3,0,'French','','pkg_fr-FR','package','',0,'3.10.6.1','','https://update.joomla.org/language/details3/fr-FR_details.xml','',''),(28,3,0,'French, Canada','','pkg_fr-CA','package','',0,'3.6.5.1','','https://update.joomla.org/language/details3/fr-CA_details.xml','',''),(29,3,0,'Galician','','pkg_gl-ES','package','',0,'3.3.1.2','','https://update.joomla.org/language/details3/gl-ES_details.xml','',''),(30,3,0,'Georgian','','pkg_ka-GE','package','',0,'3.10.6.1','','https://update.joomla.org/language/details3/ka-GE_details.xml','',''),(31,3,0,'German','','pkg_de-DE','package','',0,'3.10.6.1','','https://update.joomla.org/language/details3/de-DE_details.xml','',''),(32,3,0,'German, Austria','','pkg_de-AT','package','',0,'3.10.6.1','','https://update.joomla.org/language/details3/de-AT_details.xml','',''),(33,3,0,'German, Liechtenstein','','pkg_de-LI','package','',0,'3.10.6.1','','https://update.joomla.org/language/details3/de-LI_details.xml','',''),(34,3,0,'German, Luxembourg','','pkg_de-LU','package','',0,'3.10.6.1','','https://update.joomla.org/language/details3/de-LU_details.xml','',''),(35,3,0,'German, Switzerland','','pkg_de-CH','package','',0,'3.10.6.1','','https://update.joomla.org/language/details3/de-CH_details.xml','',''),(36,3,0,'Hebrew','','pkg_he-IL','package','',0,'3.1.1.2','','https://update.joomla.org/language/details3/he-IL_details.xml','',''),(37,3,0,'Hindi, India','','pkg_hi-IN','package','',0,'3.3.6.2','','https://update.joomla.org/language/details3/hi-IN_details.xml','',''),(38,3,0,'Hungarian','','pkg_hu-HU','package','',0,'3.10.6.1','','https://update.joomla.org/language/details3/hu-HU_details.xml','',''),(39,3,0,'Indonesian, Bahasa Indonesia','','pkg_id-ID','package','',0,'3.6.2.1','','https://update.joomla.org/language/details3/id-ID_details.xml','',''),(40,3,0,'Irish','','pkg_ga-IE','package','',0,'3.8.13.1','','https://update.joomla.org/language/details3/ga-IE_details.xml','',''),(41,3,0,'Italian','','pkg_it-IT','package','',0,'3.10.6.1','','https://update.joomla.org/language/details3/it-IT_details.xml','',''),(42,3,0,'Japanese','','pkg_ja-JP','package','',0,'3.10.6.1','','https://update.joomla.org/language/details3/ja-JP_details.xml','',''),(43,3,0,'Kazakh','','pkg_kk-KZ','package','',0,'3.9.23.1','','https://update.joomla.org/language/details3/kk-KZ_details.xml','',''),(44,3,0,'Khmer','','pkg_km-KH','package','',0,'3.4.5.1','','https://update.joomla.org/language/details3/km-KH_details.xml','',''),(45,3,0,'Korean','','pkg_ko-KR','package','',0,'3.8.9.1','','https://update.joomla.org/language/details3/ko-KR_details.xml','',''),(46,3,0,'Latvian','','pkg_lv-LV','package','',0,'3.9.25.2','','https://update.joomla.org/language/details3/lv-LV_details.xml','',''),(47,3,0,'Lithuanian','','pkg_lt-LT','package','',0,'3.9.16.1','','https://update.joomla.org/language/details3/lt-LT_details.xml','',''),(48,3,0,'Macedonian','','pkg_mk-MK','package','',0,'3.6.5.1','','https://update.joomla.org/language/details3/mk-MK_details.xml','',''),(49,3,0,'Malay','','pkg_ms-MY','package','',0,'3.4.1.2','','https://update.joomla.org/language/details3/ms-MY_details.xml','',''),(50,3,0,'Montenegrin','','pkg_srp-ME','package','',0,'3.3.1.2','','https://update.joomla.org/language/details3/srp-ME_details.xml','',''),(51,3,0,'Norwegian Bokmål','','pkg_nb-NO','package','',0,'3.10.0.1','','https://update.joomla.org/language/details3/nb-NO_details.xml','',''),(52,3,0,'Norwegian Nynorsk','','pkg_nn-NO','package','',0,'3.4.2.1','','https://update.joomla.org/language/details3/nn-NO_details.xml','',''),(53,3,0,'Persian Farsi','','pkg_fa-IR','package','',0,'3.10.5.1','','https://update.joomla.org/language/details3/fa-IR_details.xml','',''),(54,3,0,'Polish','','pkg_pl-PL','package','',0,'3.10.6.3','','https://update.joomla.org/language/details3/pl-PL_details.xml','',''),(55,3,0,'Portuguese, Brazil','','pkg_pt-BR','package','',0,'3.9.21.1','','https://update.joomla.org/language/details3/pt-BR_details.xml','',''),(56,3,0,'Portuguese, Portugal','','pkg_pt-PT','package','',0,'3.9.29.2','','https://update.joomla.org/language/details3/pt-PT_details.xml','',''),(57,3,0,'Romanian','','pkg_ro-RO','package','',0,'3.10.6.1','','https://update.joomla.org/language/details3/ro-RO_details.xml','',''),(58,3,0,'Russian','','pkg_ru-RU','package','',0,'3.10.4.1','','https://update.joomla.org/language/details3/ru-RU_details.xml','',''),(59,3,0,'Serbian, Cyrillic','','pkg_sr-RS','package','',0,'3.10.2.1','','https://update.joomla.org/language/details3/sr-RS_details.xml','',''),(60,3,0,'Serbian, Latin','','pkg_sr-YU','package','',0,'3.10.2.1','','https://update.joomla.org/language/details3/sr-YU_details.xml','',''),(61,3,0,'Sinhala','','pkg_si-LK','package','',0,'3.3.1.2','','https://update.joomla.org/language/details3/si-LK_details.xml','',''),(62,3,0,'Slovak','','pkg_sk-SK','package','',0,'3.10.5.1','','https://update.joomla.org/language/details3/sk-SK_details.xml','',''),(63,3,0,'Slovenian','','pkg_sl-SI','package','',0,'3.10.6.1','','https://update.joomla.org/language/details3/sl-SI_details.xml','',''),(64,3,0,'Spanish','','pkg_es-ES','package','',0,'3.10.4.1','','https://update.joomla.org/language/details3/es-ES_details.xml','',''),(65,3,0,'Spanish, Colombia','','pkg_es-CO','package','',0,'3.9.15.1','','https://update.joomla.org/language/details3/es-CO_details.xml','',''),(66,3,0,'Swahili','','pkg_sw-KE','package','',0,'3.10.6.1','','https://update.joomla.org/language/details3/sw-KE_details.xml','',''),(67,3,0,'Swedish','','pkg_sv-SE','package','',0,'3.10.6.1','','https://update.joomla.org/language/details3/sv-SE_details.xml','',''),(68,3,0,'Syriac, East','','pkg_sy-IQ','package','',0,'3.4.5.1','','https://update.joomla.org/language/details3/sy-IQ_details.xml','',''),(69,3,0,'Tamil, India','','pkg_ta-IN','package','',0,'3.10.6.1','','https://update.joomla.org/language/details3/ta-IN_details.xml','',''),(70,3,0,'Thai','','pkg_th-TH','package','',0,'3.10.6.1','','https://update.joomla.org/language/details3/th-TH_details.xml','',''),(71,3,0,'Turkish','','pkg_tr-TR','package','',0,'3.9.28.1','','https://update.joomla.org/language/details3/tr-TR_details.xml','',''),(72,3,0,'Turkmen','','pkg_tk-TM','package','',0,'3.5.0.2','','https://update.joomla.org/language/details3/tk-TM_details.xml','',''),(73,3,0,'Ukrainian','','pkg_uk-UA','package','',0,'3.10.2.1','','https://update.joomla.org/language/details3/uk-UA_details.xml','',''),(74,3,0,'Uyghur','','pkg_ug-CN','package','',0,'3.7.5.2','','https://update.joomla.org/language/details3/ug-CN_details.xml','',''),(75,3,0,'Vietnamese','','pkg_vi-VN','package','',0,'3.2.1.2','','https://update.joomla.org/language/details3/vi-VN_details.xml','',''),(76,3,0,'Welsh','','pkg_cy-GB','package','',0,'3.10.6.1','','https://update.joomla.org/language/details3/cy-GB_details.xml','',''),(77,10,0,'Fabrik Cron Plugin','','fabrikcron','plugin','system',0,'3.10','','http://fabrikar.com/update/fabrik31/plg_system_fabrikcron.xml','',''),(78,10,0,'JSocial: Fabrik User Plugin','','fabrik','plugin','community',0,'3.10','','http://fabrikar.com/update/fabrik31/plg_jsocial_fabrik.xml','',''),(79,10,0,'Fabrik Search Plugin','','fabrik','plugin','search',0,'3.10','','http://fabrikar.com/update/fabrik31/plg_fabrik_search.xml','',''),(80,10,0,'Fabrik element: access','','access','plugin','fabrik_element',0,'3.10','','http://fabrikar.com/update/fabrik31/plg_element_access.xml','',''),(81,10,0,'Fabrik element: attending','','attending','plugin','fabrik_element',0,'3.10','','http://fabrikar.com/update/fabrik31/plg_element_attending.xml','',''),(82,10,0,'Fabrik element: birthday','','birthday','plugin','fabrik_element',0,'3.10','','http://fabrikar.com/update/fabrik31/plg_element_birthday.xml','',''),(83,10,0,'Fabrik element: calc','','calc','plugin','fabrik_element',0,'3.10','','http://fabrikar.com/update/fabrik31/plg_element_calc.xml','',''),(84,10,0,'Fabrik element: captcha','','captcha','plugin','fabrik_element',0,'3.10','','http://fabrikar.com/update/fabrik31/plg_element_captcha.xml','',''),(85,10,0,'Fabrik element: cascadingdropdown','','cascadingdropdown','plugin','fabrik_element',0,'3.10','','http://fabrikar.com/update/fabrik31/plg_element_cascadingdropdown.xml','',''),(86,10,0,'Fabrik element: colourpicker','','colourpicker','plugin','fabrik_element',0,'3.10','','http://fabrikar.com/update/fabrik31/plg_element_colourpicker.xml','',''),(87,10,0,'Fabrik element: count','','count','plugin','fabrik_element',0,'3.10','','http://fabrikar.com/update/fabrik31/plg_element_count.xml','',''),(88,10,0,'Fabrik element: digsig','','digsig','plugin','fabrik_element',0,'3.10','','http://fabrikar.com/update/fabrik31/plg_element_digsig.xml','',''),(89,10,0,'Fabrik element: fbcomment','','fbcomment','plugin','fabrik_element',0,'3.10','','http://fabrikar.com/update/fabrik31/plg_element_fbcomment.xml','',''),(90,10,0,'Fabrik element: fblike','','fblike','plugin','fabrik_element',0,'3.10','','http://fabrikar.com/update/fabrik31/plg_element_fblike.xml','',''),(91,10,0,'Fabrik element: folder','','folder','plugin','fabrik_element',0,'3.10','','http://fabrikar.com/update/fabrik31/plg_element_folder.xml','',''),(92,10,0,'Fabrik element: googleometer','','googleometer','plugin','fabrik_element',0,'3.10','','http://fabrikar.com/update/fabrik31/plg_element_googleometer.xml','',''),(93,10,0,'Fabrik element: ip','','ip','plugin','fabrik_element',0,'3.10','','http://fabrikar.com/update/fabrik31/plg_element_ip.xml','',''),(94,10,0,'Fabrik element: jdate','','jdate','plugin','fabrik_element',0,'3.10','','http://fabrikar.com/update/fabrik31/plg_element_jdate.xml','',''),(95,10,0,'Fabrik element: jsperiodical','','jsperiodical','plugin','fabrik_element',0,'3.10','','http://fabrikar.com/update/fabrik31/plg_element_jsperiodical.xml','',''),(96,10,0,'Fabrik element: lockrow','','lockrow','plugin','fabrik_element',0,'3.10','','http://fabrikar.com/update/fabrik31/plg_element_lockrow.xml','',''),(97,10,0,'Fabrik element: notes','','notes','plugin','fabrik_element',0,'3.10','','http://fabrikar.com/update/fabrik31/plg_element_notes.xml','',''),(98,10,0,'Fabrik element: password','','password','plugin','fabrik_element',0,'3.10','','http://fabrikar.com/update/fabrik31/plg_element_password.xml','',''),(99,10,0,'Fabrik element: picklist','','picklist','plugin','fabrik_element',0,'3.10','','http://fabrikar.com/update/fabrik31/plg_element_picklist.xml','',''),(100,10,0,'Fabrik element: rating','','rating','plugin','fabrik_element',0,'3.10','','http://fabrikar.com/update/fabrik31/plg_element_rating.xml','',''),(101,10,0,'Fabrik element: sequence','','sequence','plugin','fabrik_element',0,'3.10','','http://fabrikar.com/update/fabrik31/plg_element_sequence.xml','',''),(102,10,0,'Fabrik element: slider','','slider','plugin','fabrik_element',0,'3.10','','http://fabrikar.com/update/fabrik31/plg_element_slider.xml','',''),(103,10,0,'Fabrik element: spotify','','spotify','plugin','fabrik_element',0,'3.10','','http://fabrikar.com/update/fabrik31/plg_element_spotify.xml','',''),(104,10,0,'Fabrik element: tags','','tags','plugin','fabrik_element',0,'3.10','','http://fabrikar.com/update/fabrik31/plg_element_tags.xml','',''),(105,10,0,'Fabrik element: thumbs','','thumbs','plugin','fabrik_element',0,'3.10','','http://fabrikar.com/update/fabrik31/plg_element_thumbs.xml','',''),(106,10,0,'Fabrik element: time','','time','plugin','fabrik_element',0,'3.10','','http://fabrikar.com/update/fabrik31/plg_element_time.xml','',''),(107,10,0,'Fabrik element: timer','','timer','plugin','fabrik_element',0,'3.10','','http://fabrikar.com/update/fabrik31/plg_element_timer.xml','',''),(108,10,0,'Fabrik element: timestamp','','timestamp','plugin','fabrik_element',0,'3.10','','http://fabrikar.com/update/fabrik31/plg_element_timestamp.xml','',''),(109,10,0,'Fabrik element: total','','total','plugin','fabrik_element',0,'3.10','','http://fabrikar.com/update/fabrik31/plg_element_total.xml','',''),(110,10,0,'Fabrik element: usergroup','','usergroup','plugin','fabrik_element',0,'3.10','','http://fabrikar.com/update/fabrik31/plg_element_usergroup.xml','',''),(111,10,0,'Fabrik element: viewlevel','','viewlevel','plugin','fabrik_element',0,'3.10','','http://fabrikar.com/update/fabrik31/plg_element_viewlevel.xml','',''),(112,10,0,'Fabrik element: yesno','','yesno','plugin','fabrik_element',0,'3.10','','http://fabrikar.com/update/fabrik31/plg_element_yesno.xml','',''),(113,10,0,'Fabrik element: youtube','','youtube','plugin','fabrik_element',0,'3.10','','http://fabrikar.com/update/fabrik31/plg_element_youtube.xml','',''),(114,10,0,'Fabrik cron: gcalsync','','gcalsync','plugin','fabrik_cron',0,'3.10','','http://fabrikar.com/update/fabrik31/plg_cron_gcalsync.xml','',''),(115,10,0,'Fabrik cron: geocode','','geocode','plugin','fabrik_cron',0,'3.10','','http://fabrikar.com/update/fabrik31/plg_cron_geocode.xml','',''),(116,10,0,'Fabrik cron: gmail','','gmail','plugin','fabrik_cron',0,'3.10','','http://fabrikar.com/update/fabrik31/plg_cron_gmail.xml','',''),(117,10,0,'Fabrik cron: importcsv','','importcsv','plugin','fabrik_cron',0,'3.10','','http://fabrikar.com/update/fabrik31/plg_cron_importcsv.xml','',''),(118,10,0,'Fabrik cron: notification','','notification','plugin','fabrik_cron',0,'3.10','','http://fabrikar.com/update/fabrik31/plg_cron_notification.xml','',''),(119,10,0,'Fabrik form: alphauserpoints','','alphauserpoints','plugin','fabrik_form',0,'3.10','','http://fabrikar.com/update/fabrik31/plg_form_alphauserpoints.xml','',''),(120,10,0,'Fabrik form: article','','article','plugin','fabrik_form',0,'3.10','','http://fabrikar.com/update/fabrik31/plg_form_article.xml','',''),(121,10,0,'Fabrik form: autofill','','autofill','plugin','fabrik_form',0,'3.10','','http://fabrikar.com/update/fabrik31/plg_form_autofill.xml','',''),(122,10,0,'Fabrik form: clone','','clone','plugin','fabrik_form',0,'3.10','','http://fabrikar.com/update/fabrik31/plg_form_clone.xml','',''),(123,10,0,'Fabrik form: comment','','comment','plugin','fabrik_form',0,'3.10','','http://fabrikar.com/update/fabrik31/plg_form_comment.xml','',''),(124,10,0,'Fabrik form: confirmation','','confirmation','plugin','fabrik_form',0,'3.10','','http://fabrikar.com/update/fabrik31/plg_form_confirmation.xml','',''),(125,10,0,'Fabrik form: consent','','consent','plugin','fabrik_form',0,'3.10','','http://fabrikar.com/update/fabrik31/plg_form_consent.xml','',''),(126,10,0,'Fabrik form: exif','','exif','plugin','fabrik_form',0,'3.10','','http://fabrikar.com/update/fabrik31/plg_form_exif.xml','',''),(127,10,0,'Fabrik form: ftp','','ftp','plugin','fabrik_form',0,'3.10','','http://fabrikar.com/update/fabrik31/plg_form_ftp.xml','',''),(128,10,0,'Fabrik form: j2store','','j2store','plugin','fabrik_form',0,'3.10','','http://fabrikar.com/update/fabrik31/plg_form_j2store.xml','',''),(129,10,0,'Fabrik form: joompush','','joompush','plugin','fabrik_form',0,'3.10','','http://fabrikar.com/update/fabrik31/plg_form_joompush.xml','',''),(130,10,0,'Fabrik form: juser','','juser','plugin','fabrik_form',0,'3.10','','http://fabrikar.com/update/fabrik31/plg_form_juser.xml','',''),(131,10,0,'Fabrik form: kunena','','kunena','plugin','fabrik_form',0,'3.10','','http://fabrikar.com/update/fabrik31/plg_form_kunena.xml','',''),(132,10,0,'Fabrik form: limit','','limit','plugin','fabrik_form',0,'3.10','','http://fabrikar.com/update/fabrik31/plg_form_limit.xml','',''),(133,10,0,'Fabrik form: log','','log','plugin','fabrik_form',0,'3.10','','http://fabrikar.com/update/fabrik31/plg_form_log.xml','',''),(134,10,0,'Fabrik form: logs','','logs','plugin','fabrik_form',0,'3.10','','http://fabrikar.com/update/fabrik31/plg_form_logs.xml','',''),(135,10,0,'Fabrik form: mailchimp','','mailchimp','plugin','fabrik_form',0,'3.10','','http://fabrikar.com/update/fabrik31/plg_form_mailchimp.xml','',''),(136,10,0,'Fabrik form: mailgun','','mailgun','plugin','fabrik_form',0,'3.10','','http://fabrikar.com/update/fabrik31/plg_form_mailgun.xml','',''),(137,10,0,'Fabrik form: notification','','notification','plugin','fabrik_form',0,'3.10','','http://fabrikar.com/update/fabrik31/plg_form_notification.xml','',''),(138,10,0,'Fabrik form: paginate','','paginate','plugin','fabrik_form',0,'3.10','','http://fabrikar.com/update/fabrik31/plg_form_paginate.xml','',''),(139,10,0,'Fabrik form: paypal','','paypal','plugin','fabrik_form',0,'3.10','','http://fabrikar.com/update/fabrik31/plg_form_paypal.xml','',''),(140,10,0,'Fabrik form: rest','','rest','plugin','fabrik_form',0,'3.10','','http://fabrikar.com/update/fabrik31/plg_form_rest.xml','',''),(141,10,0,'Fabrik form: salesforce','','salesforce','plugin','fabrik_form',0,'3.10','','http://fabrikar.com/update/fabrik31/plg_form_salesforce.xml','',''),(142,10,0,'Fabrik form: sms','','sms','plugin','fabrik_form',0,'3.10','','http://fabrikar.com/update/fabrik31/plg_form_sms.xml','',''),(143,10,0,'Fabrik form: stripe','','stripe','plugin','fabrik_form',0,'3.10','','http://fabrikar.com/update/fabrik31/plg_form_stripe.xml','',''),(144,10,0,'Fabrik form: subscriptions','','subscriptions','plugin','fabrik_form',0,'3.10','','http://fabrikar.com/update/fabrik31/plg_form_subscriptions.xml','',''),(145,10,0,'Fabrik form: twitter','','twitter','plugin','fabrik_form',0,'3.10','','http://fabrikar.com/update/fabrik31/plg_form_twitter.xml','',''),(146,10,0,'Fabrik form: upsert','','upsert','plugin','fabrik_form',0,'3.10','','http://fabrikar.com/update/fabrik31/plg_form_upsert.xml','',''),(147,10,0,'Fabrik form: zoom','','zoom','plugin','fabrik_form',0,'3.10','','http://fabrikar.com/update/fabrik31/plg_form_zoom.xml','',''),(148,10,0,'Fabrik list: article','','article','plugin','fabrik_list',0,'3.10','','http://fabrikar.com/update/fabrik31/plg_list_article.xml','',''),(149,10,0,'Fabrik list: candeleterow','','candeleterow','plugin','fabrik_list',0,'3.10','','http://fabrikar.com/update/fabrik31/plg_list_candeleterow.xml','',''),(150,10,0,'Fabrik list: caneditrow','','caneditrow','plugin','fabrik_list',0,'3.10','','http://fabrikar.com/update/fabrik31/plg_list_caneditrow.xml','',''),(151,10,0,'Fabrik list: canviewrow','','canviewrow','plugin','fabrik_list',0,'3.10','','http://fabrikar.com/update/fabrik31/plg_list_canviewrow.xml','',''),(152,10,0,'Fabrik list: download','','download','plugin','fabrik_list',0,'3.10','','http://fabrikar.com/update/fabrik31/plg_list_download.xml','',''),(153,10,0,'Fabrik list: email','','email','plugin','fabrik_list',0,'3.10','','http://fabrikar.com/update/fabrik31/plg_list_email.xml','',''),(154,10,0,'Fabrik list: inlineedit','','inlineedit','plugin','fabrik_list',0,'3.10','','http://fabrikar.com/update/fabrik31/plg_list_inlineedit.xml','',''),(155,10,0,'Fabrik list: js','','js','plugin','fabrik_list',0,'3.10','','http://fabrikar.com/update/fabrik31/plg_list_js.xml','',''),(156,10,0,'Fabrik list: link','','link','plugin','fabrik_list',0,'3.10','','http://fabrikar.com/update/fabrik31/plg_list_link.xml','',''),(157,10,0,'Fabrik list: listcsv','','listcsv','plugin','fabrik_list',0,'3.10','','http://fabrikar.com/update/fabrik31/plg_list_listcsv.xml','',''),(158,10,0,'Fabrik list: lockrow','','lockrow','plugin','fabrik_list',0,'3.10','','http://fabrikar.com/update/fabrik31/plg_list_lockrow.xml','',''),(159,10,0,'Fabrik list: order','','order','plugin','fabrik_list',0,'3.10','','http://fabrikar.com/update/fabrik31/plg_list_order.xml','',''),(160,10,0,'Fabrik list: php_events','','php_events','plugin','fabrik_list',0,'3.10','','http://fabrikar.com/update/fabrik31/plg_list_php_events.xml','',''),(161,10,0,'Fabrik list: pivot','','pivot','plugin','fabrik_list',0,'3.10','','http://fabrikar.com/update/fabrik31/plg_list_pivot.xml','',''),(162,10,0,'Fabrik list: radius_lookup','','radius_lookup','plugin','fabrik_list',0,'3.10','','http://fabrikar.com/update/fabrik31/plg_list_radius_lookup.xml','',''),(163,10,0,'Fabrik list: radius_search','','radius_search','plugin','fabrik_list',0,'3.10','','http://fabrikar.com/update/fabrik31/plg_list_radius_search.xml','',''),(164,10,0,'Fabrik list: update_col','','update_col','plugin','fabrik_list',0,'3.10','','http://fabrikar.com/update/fabrik31/plg_list_update_col.xml','',''),(165,10,0,'Fabrik list: webservice','','webservice','plugin','fabrik_list',0,'3.10','','http://fabrikar.com/update/fabrik31/plg_list_webservice.xml','',''),(166,10,0,'Fabrik validationrule: akismet','','akismet','plugin','fabrik_validationrul',0,'3.10','','http://fabrikar.com/update/fabrik31/plg_validationrule_akismet.xml','',''),(167,10,0,'Fabrik validationrule: areuniquevalues','','areuniquevalues','plugin','fabrik_validationrul',0,'3.10','','http://fabrikar.com/update/fabrik31/plg_validationrule_areuniquevalues.xml','',''),(168,10,0,'Fabrik validationrule: emailexists','','emailexists','plugin','fabrik_validationrul',0,'3.10','','http://fabrikar.com/update/fabrik31/plg_validationrule_emailexists.xml','',''),(169,10,0,'Fabrik validationrule: isalphanumeric','','isalphanumeric','plugin','fabrik_validationrul',0,'3.10','','http://fabrikar.com/update/fabrik31/plg_validationrule_isalphanumeric.xml','',''),(170,10,0,'Fabrik validationrule: isiban','','isiban','plugin','fabrik_validationrul',0,'3.10','','http://fabrikar.com/update/fabrik31/plg_validationrule_isiban.xml','',''),(171,10,0,'Fabrik validationrule: isnot','','isnot','plugin','fabrik_validationrul',0,'3.10','','http://fabrikar.com/update/fabrik31/plg_validationrule_isnot.xml','',''),(172,10,0,'Fabrik validationrule: isnumeric','','isnumeric','plugin','fabrik_validationrul',0,'3.10','','http://fabrikar.com/update/fabrik31/plg_validationrule_isnumeric.xml','',''),(173,10,0,'Fabrik validationrule: isuniquevalue','','isuniquevalue','plugin','fabrik_validationrul',0,'3.10','','http://fabrikar.com/update/fabrik31/plg_validationrule_isuniquevalue.xml','',''),(174,10,0,'Fabrik validationrule: openprovider','','openprovider','plugin','fabrik_validationrul',0,'3.10','','http://fabrikar.com/update/fabrik31/plg_validationrule_openprovider.xml','',''),(175,10,0,'Fabrik validationrule: specialchars','','specialchars','plugin','fabrik_validationrul',0,'3.10','','http://fabrikar.com/update/fabrik31/plg_validationrule_specialchars.xml','',''),(176,10,0,'Fabrik validationrule: userexists','','userexists','plugin','fabrik_validationrul',0,'3.10','','http://fabrikar.com/update/fabrik31/plg_validationrule_userexists.xml','',''),(177,10,0,'Fabrik visualization: approvals','','approvals','plugin','fabrik_visualization',0,'3.10','','http://fabrikar.com/update/fabrik31/plg_visualization_approvals.xml','',''),(178,10,0,'Fabrik visualization: coverflow','','coverflow','plugin','fabrik_visualization',0,'3.10','','http://fabrikar.com/update/fabrik31/plg_visualization_coverflow.xml','',''),(179,10,0,'Fabrik visualization: fullcalendar','','fullcalendar','plugin','fabrik_visualization',0,'3.10','','http://fabrikar.com/update/fabrik31/plg_visualization_fullcalendar.xml','',''),(180,10,0,'Fabrik visualization: fusionchart','','fusionchart','plugin','fabrik_visualization',0,'3.10','','http://fabrikar.com/update/fabrik31/plg_visualization_fusionchart.xml','',''),(181,10,0,'Fabrik visualization: fusion_gantt_chart','','fusion_gantt_chart','plugin','fabrik_visualization',0,'3.10','','http://fabrikar.com/update/fabrik31/plg_visualization_fusion_gantt_chart.xml','',''),(182,10,0,'Fabrik visualization: nvd3_chart','','nvd3_chart','plugin','fabrik_visualization',0,'3.10','','http://fabrikar.com/update/fabrik31/plg_visualization_nvd3_chart.xml','',''),(183,10,0,'Fabrik visualization: timeline','','timeline','plugin','fabrik_visualization',0,'3.10','','http://fabrikar.com/update/fabrik31/plg_visualization_timeline.xml','',''),(184,10,0,'Fabrik Admin Form Module','','mod_fabrik_form','module','',1,'3.10','','http://fabrikar.com/update/fabrik31/mod_fabrik_admin_form.xml','',''),(185,10,0,'Fabrik Admin List Module','','mod_fabrik_list','module','',1,'3.10','','http://fabrikar.com/update/fabrik31/mod_fabrik_admin_list.xml','',''),(186,10,0,'Fabrik Admin QuickIcon Module','','mod_fabrik_quickicon','module','',1,'3.10','','http://fabrikar.com/update/fabrik31/mod_fabrik_admin_quickicon.xml','',''),(187,10,0,'Fabrik Admin Visualization Module','','mod_fabrik_visualization','module','',1,'3.10','','http://fabrikar.com/update/fabrik31/mod_fabrik_admin_visualization.xml','',''),(188,10,0,'fabrik','','lib_fabrik','library','',0,'3.10','','http://fabrikar.com/update/fabrik31/lib_fabrik.xml','',''),(1364,1,700,'Joomla','','joomla','file','',0,'3.10.11','','https://update.joomla.org/core/extension.xml','','');

--
